/*
 Navicat Premium Data Transfer

 Source Server         : aoyimei
 Source Server Type    : MySQL
 Source Server Version : 50731
 Source Host           : localhost:3306
 Source Schema         : aym

 Target Server Type    : MySQL
 Target Server Version : 50731
 File Encoding         : 65001

 Date: 23/05/2023 11:12:50
*/


-- ----------------------------
-- Table structure for admin_group
-- ----------------------------
CREATE TABLE `admin_group`  (
  `id` int(11) NOT NULL AUTO_INCREMENT COMMENT '组别id',
  `name` varchar(255) CHARACTER SET utf8 COLLATE utf8_general_ci NOT NULL COMMENT '组别名',
  `permission` varchar(255) CHARACTER SET utf8 COLLATE utf8_general_ci NULL DEFAULT NULL COMMENT '组别权限',
  PRIMARY KEY (`id`) USING BTREE
) ENGINE = InnoDB AUTO_INCREMENT = 4 CHARACTER SET = utf8 COLLATE = utf8_general_ci ROW_FORMAT = Dynamic;

-- ----------------------------
-- Records of admin_group
-- ----------------------------
INSERT INTO `admin_group` VALUES (1, '管理员', '69,23,24,25,26,35,36,30,31,21,22,33,34,37,38,39,40,41,43,46,47,48,50,51,54,55,57,58,62,76,64,65,67,68,60,72,71,74,75');
INSERT INTO `admin_group` VALUES (2, '客服', '69,23,25,35,30,21,33,34,38,40,43,62,67');
INSERT INTO `admin_group` VALUES (3, '财务', '69,25,35,21,33,34,38,40,46,47,48,50,51,62');

-- ----------------------------
-- Table structure for advice_week
-- ----------------------------
CREATE TABLE `advice_week`  (
  `id` int(11) NOT NULL AUTO_INCREMENT,
  `advice_product` longtext CHARACTER SET utf8 COLLATE utf8_unicode_ci NULL,
  `username` varchar(255) CHARACTER SET utf8 COLLATE utf8_unicode_ci NULL DEFAULT NULL,
  `time` varchar(255) CHARACTER SET utf8 COLLATE utf8_unicode_ci NULL DEFAULT NULL,
  `bindid` varchar(255) CHARACTER SET utf8 COLLATE utf8_unicode_ci NOT NULL,
  PRIMARY KEY (`id`) USING BTREE
) ENGINE = MyISAM AUTO_INCREMENT = 43 CHARACTER SET = utf8 COLLATE = utf8_unicode_ci ROW_FORMAT = DYNAMIC;

-- ----------------------------
-- Records of advice_week
-- ----------------------------

-- ----------------------------
-- Table structure for agent
-- ----------------------------
CREATE TABLE `agent`  (
  `id` int(11) NOT NULL AUTO_INCREMENT,
  `name` varchar(255) CHARACTER SET utf8 COLLATE utf8_unicode_ci NULL DEFAULT NULL COMMENT '企业名称',
  `creditcode` varchar(255) CHARACTER SET utf8 COLLATE utf8_unicode_ci NULL DEFAULT NULL COMMENT '信用代码',
  `legalperson` varchar(255) CHARACTER SET utf8 COLLATE utf8_unicode_ci NULL DEFAULT NULL COMMENT '法人',
  `contactperson` varchar(255) CHARACTER SET utf8 COLLATE utf8_unicode_ci NULL DEFAULT NULL COMMENT '联系人',
  `mobile` varchar(255) CHARACTER SET utf8 COLLATE utf8_unicode_ci NULL DEFAULT NULL COMMENT '收货手机号',
  `phone` varchar(255) CHARACTER SET utf8 COLLATE utf8_unicode_ci NULL DEFAULT NULL COMMENT '座机',
  `deliveryaddress` varchar(255) CHARACTER SET utf8 COLLATE utf8_unicode_ci NULL DEFAULT NULL COMMENT '收货地址',
  `bank` varchar(255) CHARACTER SET utf8 COLLATE utf8_unicode_ci NULL DEFAULT NULL COMMENT '开户银行',
  `bankaccount` varchar(255) CHARACTER SET utf8 COLLATE utf8_unicode_ci NULL DEFAULT NULL COMMENT '银行账户',
  `wxaccount` varchar(255) CHARACTER SET utf8 COLLATE utf8_unicode_ci NULL DEFAULT NULL COMMENT '微信结算账户',
  `superior` varchar(255) CHARACTER SET utf8 COLLATE utf8_unicode_ci NULL DEFAULT NULL,
  `time` timestamp NULL DEFAULT NULL COMMENT '创建时间',
  `creator` int(11) NULL DEFAULT NULL COMMENT '创建者id：admin表id',
  `namecoding` varchar(255) CHARACTER SET utf8 COLLATE utf8_unicode_ci NULL DEFAULT NULL COMMENT '编码',
  `level` int(11) NULL DEFAULT NULL,
  `attribute` int(11) NULL DEFAULT NULL,
  `record` int(1) UNSIGNED ZEROFILL NULL DEFAULT NULL COMMENT '是否开启操作记录',
  PRIMARY KEY (`id`) USING BTREE,
  UNIQUE INDEX `name`(`name`) USING BTREE COMMENT '代理商名唯一'
) ENGINE = MyISAM AUTO_INCREMENT = 11 CHARACTER SET = utf8 COLLATE = utf8_unicode_ci ROW_FORMAT = DYNAMIC;

-- ----------------------------
-- Records of agent
-- ----------------------------
INSERT INTO `agent` VALUES (2, '澳伊美1', '166', '张三', '张三', '345', '085-999888', '成都市新都区新泰东路71号7.1国际广场B1层', '中国工商银行成都分行', '611198222', 'wx_usersdss', '直属', '2023-03-22 16:09:37', NULL, 'DL000', 1, 4, 0);
INSERT INTO `agent` VALUES (6, '测试代理商', 'DL001', '', '', '', '', '', '', '', '', '直属', '2023-03-27 16:09:37', 1, 'DL001', 1, 4, 0);
INSERT INTO `agent` VALUES (10, '测试代理002', '', '', '', '22200010001', '', '', '', '', '', '直属', '2023-05-10 17:37:47', 1, 'DL002', 1, 4, 1);

-- ----------------------------
-- Table structure for appointment
-- ----------------------------
CREATE TABLE `appointment`  (
  `id` int(11) NOT NULL AUTO_INCREMENT,
  `shop_archives_id` int(11) NULL DEFAULT NULL COMMENT '对应视力档案表的id',
  `set_id` int(11) NULL DEFAULT NULL COMMENT '选择当前人绑定的套餐id',
  `set_name` varchar(255) CHARACTER SET utf8 COLLATE utf8_general_ci NULL DEFAULT NULL COMMENT '选择当前人绑定的套餐名称',
  `type` int(11) NULL DEFAULT NULL COMMENT '复查预约（1）、视功能预约（2）',
  `booktime` datetime NULL DEFAULT NULL COMMENT '预约时间',
  `shopname` varchar(255) CHARACTER SET utf8 COLLATE utf8_general_ci NULL DEFAULT NULL COMMENT '门店名',
  `status` int(11) NULL DEFAULT NULL COMMENT '未确认（0）  已确认（1）  已到店（2）   已取消（3）到店前都能取消',
  `note` varchar(255) CHARACTER SET utf8 COLLATE utf8_general_ci NULL DEFAULT NULL COMMENT '备注，placeholder提醒是客户取消还是门店取消 + reason ',
  `user_id` int(11) NULL DEFAULT NULL COMMENT '预约用户的id',
  `time` datetime NULL DEFAULT NULL COMMENT '创建时间',
  PRIMARY KEY (`id`) USING BTREE
) ENGINE = InnoDB AUTO_INCREMENT = 13 CHARACTER SET = utf8 COLLATE = utf8_general_ci ROW_FORMAT = Dynamic;

-- ----------------------------
-- Records of appointment
-- ----------------------------

-- ----------------------------
-- Table structure for bind_goods
-- ----------------------------
CREATE TABLE `bind_goods`  (
  `id` int(11) NOT NULL AUTO_INCREMENT,
  `username` varchar(255) CHARACTER SET utf8 COLLATE utf8_unicode_ci NULL DEFAULT NULL COMMENT '手机号或者unionid（标识唯一用户）',
  `name` varchar(255) CHARACTER SET utf8 COLLATE utf8_unicode_ci NULL DEFAULT NULL,
  `practice_cnt` int(11) NULL DEFAULT 0,
  `practice_time` time NULL DEFAULT '00:00:00' COMMENT '总训练时长',
  `practice_week_time` time NULL DEFAULT '00:00:00' COMMENT '本周总训练时长',
  `practice_month_time` time NULL DEFAULT '00:00:00' COMMENT '本月总训练时长',
  `practice_day_time` time NULL DEFAULT '00:00:00' COMMENT '当天总训练时长',
  `type` varchar(255) CHARACTER SET utf8 COLLATE utf8_unicode_ci NULL DEFAULT NULL,
  `practice_info` longtext CHARACTER SET utf8 COLLATE utf8_unicode_ci NULL,
  `time` varchar(255) CHARACTER SET utf8 COLLATE utf8_unicode_ci NULL DEFAULT NULL COMMENT '时间判断时间戳',
  `search_captcha` varchar(255) CHARACTER SET utf8 COLLATE utf8_unicode_ci NULL DEFAULT NULL,
  `datetime` datetime NULL DEFAULT NULL COMMENT '绑定时间',
  `customerinfo` varchar(255) CHARACTER SET utf8 COLLATE utf8_unicode_ci NULL DEFAULT NULL,
  `detailinfo` longtext CHARACTER SET utf8 COLLATE utf8_unicode_ci NULL COMMENT '绑定套餐的详情',
  PRIMARY KEY (`id`) USING BTREE
) ENGINE = MyISAM AUTO_INCREMENT = 66 CHARACTER SET = utf8 COLLATE = utf8_unicode_ci ROW_FORMAT = DYNAMIC;

-- ----------------------------
-- Records of bind_goods
-- ----------------------------

-- ----------------------------
-- Table structure for business_account
-- ----------------------------
CREATE TABLE `business_account`  (
  `id` int(11) NOT NULL AUTO_INCREMENT,
  `payee` varchar(255) CHARACTER SET utf8 COLLATE utf8_general_ci NULL DEFAULT NULL COMMENT '收款方',
  `account` varchar(255) CHARACTER SET utf8 COLLATE utf8_general_ci NULL DEFAULT NULL COMMENT '账户',
  `bank` varchar(255) CHARACTER SET utf8 COLLATE utf8_general_ci NULL DEFAULT NULL COMMENT '开户行',
  PRIMARY KEY (`id`) USING BTREE
) ENGINE = InnoDB AUTO_INCREMENT = 4 CHARACTER SET = utf8 COLLATE = utf8_general_ci ROW_FORMAT = Dynamic;

-- ----------------------------
-- Records of business_account
-- ----------------------------
INSERT INTO `business_account` VALUES (1, 'aaa', '123455', '成都银行');
INSERT INTO `business_account` VALUES (3, 'fagdsg', '4546575743434', 'b54545454');

-- ----------------------------
-- Table structure for charge_balance
-- ----------------------------
CREATE TABLE `charge_balance`  (
  `id` int(11) NOT NULL AUTO_INCREMENT,
  `level` int(11) NULL DEFAULT NULL COMMENT '充值门店等级',
  `shop_id` int(11) NULL DEFAULT NULL COMMENT '充值门店id',
  `charge_id` int(11) NULL DEFAULT NULL COMMENT '充值类型id',
  `total` int(11) NULL DEFAULT NULL COMMENT '剩余总数',
  `assigned` int(11) NULL DEFAULT NULL COMMENT '已分配',
  `balance` float NULL DEFAULT NULL COMMENT '金额余额',
  PRIMARY KEY (`id`) USING BTREE
) ENGINE = InnoDB AUTO_INCREMENT = 27 CHARACTER SET = utf8 COLLATE = utf8_general_ci ROW_FORMAT = Dynamic;

-- ----------------------------
-- Records of charge_balance
-- ----------------------------
INSERT INTO `charge_balance` VALUES (18, 1, 2, 41, 38, 0, 3040);
INSERT INTO `charge_balance` VALUES (19, 1, 2, 37, 30, 0, 3000);
INSERT INTO `charge_balance` VALUES (20, 1, 2, 33, 29, 0, 2900);
INSERT INTO `charge_balance` VALUES (21, 1, 6, 33, 10, 10, 1000);
INSERT INTO `charge_balance` VALUES (22, 1, 6, 37, 10, 10, 1000);
INSERT INTO `charge_balance` VALUES (23, 1, 6, 41, 10, 10, 800);
INSERT INTO `charge_balance` VALUES (24, 2, 44, 34, 10, 0, 1100);
INSERT INTO `charge_balance` VALUES (25, 2, 44, 42, 10, 0, 900);
INSERT INTO `charge_balance` VALUES (26, 2, 44, 38, 10, 0, 1100);

-- ----------------------------
-- Table structure for charge_type
-- ----------------------------
CREATE TABLE `charge_type`  (
  `id` int(11) NOT NULL AUTO_INCREMENT,
  `code` varchar(255) CHARACTER SET utf8 COLLATE utf8_general_ci NULL DEFAULT NULL COMMENT '类别编号',
  `name` varchar(255) CHARACTER SET utf8 COLLATE utf8_general_ci NULL DEFAULT NULL COMMENT '类别名',
  `price` varchar(255) CHARACTER SET utf8 COLLATE utf8_general_ci NULL DEFAULT NULL COMMENT '该类型的充值价格',
  `min` varchar(255) CHARACTER SET utf8 COLLATE utf8_general_ci NULL DEFAULT NULL COMMENT '该类型的最小充值数',
  `creator` int(11) NULL DEFAULT NULL COMMENT '添加者id',
  `time` timestamp NULL DEFAULT NULL COMMENT '添加时间',
  `creator_role` varchar(50) CHARACTER SET utf8 COLLATE utf8_general_ci NULL DEFAULT NULL COMMENT '添加者角色：admin, agent',
  `intro` varchar(255) CHARACTER SET utf8 COLLATE utf8_general_ci NULL DEFAULT NULL COMMENT '类别说明',
  `attribute_id` int(11) NULL DEFAULT NULL COMMENT '门店属性id',
  `custom` varchar(255) CHARACTER SET utf8 COLLATE utf8_general_ci NULL DEFAULT NULL COMMENT '自定义价格及最小充值数',
  PRIMARY KEY (`id`) USING BTREE
) ENGINE = InnoDB AUTO_INCREMENT = 45 CHARACTER SET = utf8 COLLATE = utf8_general_ci ROW_FORMAT = Dynamic;

-- ----------------------------
-- Records of charge_type
-- ----------------------------
INSERT INTO `charge_type` VALUES (33, 'code001', '高级', '100', '10', 1, '2023-05-23 10:39:39', 'admin', '', 4, '');
INSERT INTO `charge_type` VALUES (34, 'code001', '高级', '110', '10', 1, '2023-05-23 10:39:39', 'admin', '', 5, '');
INSERT INTO `charge_type` VALUES (35, 'code001', '高级', '120', '10', 1, '2023-05-23 10:39:39', 'admin', '', 6, '');
INSERT INTO `charge_type` VALUES (36, 'code001', '高级', '120', '10', 1, '2023-05-23 10:39:39', 'admin', '', 7, '');
INSERT INTO `charge_type` VALUES (37, 'code002', '中级', '100', '10', 1, '2023-05-23 10:39:59', 'admin', '', 4, '');
INSERT INTO `charge_type` VALUES (38, 'code002', '中级', '110', '10', 1, '2023-05-23 10:39:59', 'admin', '', 5, '');
INSERT INTO `charge_type` VALUES (39, 'code002', '中级', '120', '10', 1, '2023-05-23 10:39:59', 'admin', '', 6, '');
INSERT INTO `charge_type` VALUES (40, 'code002', '中级', '120', '10', 1, '2023-05-23 10:39:59', 'admin', '', 7, '');
INSERT INTO `charge_type` VALUES (41, 'code003', '低级', '80', '10', 1, '2023-05-23 10:40:22', 'admin', '', 4, '');
INSERT INTO `charge_type` VALUES (42, 'code003', '低级', '90', '10', 1, '2023-05-23 10:40:22', 'admin', '', 5, '');
INSERT INTO `charge_type` VALUES (43, 'code003', '低级', '100', '10', 1, '2023-05-23 10:40:22', 'admin', '', 6, '');
INSERT INTO `charge_type` VALUES (44, 'code003', '低级', '100', '10', 1, '2023-05-23 10:40:22', 'admin', '', 7, '');

-- ----------------------------
-- Table structure for chat
-- ----------------------------
CREATE TABLE `chat`  (
  `id` int(11) NOT NULL AUTO_INCREMENT,
  `send_id` int(11) NOT NULL COMMENT '发消息者的id，用户为user表id，门店或代理商为各自表中id',
  `send_level` varchar(255) CHARACTER SET utf8 COLLATE utf8_general_ci NOT NULL COMMENT '发消息者等级',
  `send_name` varchar(255) CHARACTER SET utf8 COLLATE utf8_unicode_ci NULL DEFAULT NULL COMMENT '发消息者的名称 （总部==\'company_info.name\', 门店或代理商为门店或代理商名）',
  `recv_id` int(11) NULL DEFAULT NULL COMMENT '收消息者的id，用户为user表id，门店或代理商为各自表中id',
  `recv_level` varchar(255) CHARACTER SET utf8 COLLATE utf8_general_ci NULL DEFAULT NULL COMMENT '收消息者等级',
  `recv_name` varchar(255) CHARACTER SET utf8 COLLATE utf8_general_ci NULL DEFAULT NULL COMMENT '收消息者的名称 （总部==\'company_info.name\', 门店或代理商为门店或代理商名）',
  `content` varchar(255) CHARACTER SET utf8 COLLATE utf8_unicode_ci NULL DEFAULT NULL COMMENT '消息内容',
  `time` timestamp NULL DEFAULT NULL COMMENT '消息时间',
  PRIMARY KEY (`id`) USING BTREE
) ENGINE = InnoDB AUTO_INCREMENT = 26 CHARACTER SET = utf8 COLLATE = utf8_general_ci ROW_FORMAT = Dynamic;

-- ----------------------------
-- Records of chat
-- ----------------------------
INSERT INTO `chat` VALUES (25, 0, 'admin', '澳伊美', 2, '1', '澳伊美1', '你好', '2023-05-23 10:38:19');

-- ----------------------------
-- Table structure for collect
-- ----------------------------
CREATE TABLE `collect`  (
  `id` int(11) NOT NULL AUTO_INCREMENT,
  `type` varchar(255) CHARACTER SET utf8 COLLATE utf8_general_ci NULL DEFAULT NULL COMMENT '收藏类型：shop、news',
  `collect_id` int(11) NULL DEFAULT NULL COMMENT '收藏id',
  `unionid` varchar(255) CHARACTER SET utf8 COLLATE utf8_general_ci NULL DEFAULT NULL COMMENT '收藏者的unionid',
  `time` datetime NULL DEFAULT NULL COMMENT '收藏时间',
  PRIMARY KEY (`id`) USING BTREE
) ENGINE = InnoDB AUTO_INCREMENT = 19 CHARACTER SET = utf8 COLLATE = utf8_general_ci ROW_FORMAT = Dynamic;

-- ----------------------------
-- Records of collect
-- ----------------------------

-- ----------------------------
-- Table structure for company
-- ----------------------------
CREATE TABLE `company`  (
  `id` int(11) NOT NULL AUTO_INCREMENT,
  `namecoding` varchar(255) CHARACTER SET utf8 COLLATE utf8_unicode_ci NULL DEFAULT NULL,
  `name` varchar(255) CHARACTER SET utf8 COLLATE utf8_unicode_ci NULL DEFAULT NULL COMMENT '公司名字',
  `address` varchar(255) CHARACTER SET utf8 COLLATE utf8_unicode_ci NOT NULL COMMENT '公司地址',
  `phone` varchar(255) CHARACTER SET utf8 COLLATE utf8_unicode_ci NULL DEFAULT NULL COMMENT '电话号码/座机',
  `lng` varchar(255) CHARACTER SET utf8 COLLATE utf8_unicode_ci NULL DEFAULT NULL COMMENT '经度',
  `lat` varchar(255) CHARACTER SET utf8 COLLATE utf8_unicode_ci NULL DEFAULT NULL COMMENT '纬度',
  `payaccount` varchar(255) CHARACTER SET utf8 COLLATE utf8_unicode_ci NULL DEFAULT NULL,
  `superior` varchar(255) CHARACTER SET utf8 COLLATE utf8_unicode_ci NULL DEFAULT NULL,
  `enterprisename` varchar(255) CHARACTER SET utf8 COLLATE utf8_unicode_ci NULL DEFAULT NULL COMMENT '营业执照名称',
  `creditcode` varchar(255) CHARACTER SET utf8 COLLATE utf8_unicode_ci NULL DEFAULT NULL COMMENT '统一社会信用代码',
  `legalperson` varchar(255) CHARACTER SET utf8 COLLATE utf8_unicode_ci NULL DEFAULT NULL COMMENT '法人',
  `contactperson` varchar(255) CHARACTER SET utf8 COLLATE utf8_unicode_ci NULL DEFAULT NULL COMMENT '收货联系人',
  `mobile` varchar(255) CHARACTER SET utf8 COLLATE utf8_unicode_ci NULL DEFAULT NULL COMMENT '收货手机号',
  `deliveryaddress` varchar(255) CHARACTER SET utf8 COLLATE utf8_unicode_ci NULL DEFAULT NULL COMMENT '收货地址',
  `bank` varchar(255) CHARACTER SET utf8 COLLATE utf8_unicode_ci NULL DEFAULT NULL COMMENT '开户银行',
  `bankaccount` varchar(255) CHARACTER SET utf8 COLLATE utf8_unicode_ci NULL DEFAULT NULL COMMENT '银行账户',
  `wxaccount` varchar(255) CHARACTER SET utf8 COLLATE utf8_unicode_ci NULL DEFAULT NULL COMMENT '微信收款账户',
  `type` int(11) NULL DEFAULT NULL COMMENT '门店属性',
  `tag` varchar(255) CHARACTER SET utf8 COLLATE utf8_unicode_ci NULL DEFAULT NULL COMMENT '标签',
  `sendauth` int(2) NULL DEFAULT NULL COMMENT '是否有直接发送订单权限',
  `creator` int(11) NULL DEFAULT NULL COMMENT '创建者id',
  `creator_role` varchar(10) CHARACTER SET utf8 COLLATE utf8_unicode_ci NULL DEFAULT NULL COMMENT '创建者角色',
  `time` timestamp NULL DEFAULT NULL COMMENT '创建时间',
  `picture` varchar(255) CHARACTER SET utf8 COLLATE utf8_unicode_ci NULL DEFAULT NULL COMMENT '门店图片，项目中全路径',
  `business_start` time NULL DEFAULT NULL COMMENT '门店营业开始时间',
  `business_end` time NULL DEFAULT NULL COMMENT '门店营业结束时间',
  `level` int(11) NULL DEFAULT NULL COMMENT '门店等级：company_config表中level类型的id',
  `attribute` int(11) NULL DEFAULT NULL COMMENT '门店属性：company_config表中attribute类型的id',
  `record` int(1) UNSIGNED ZEROFILL NULL DEFAULT 0 COMMENT '是否记录操作',
  PRIMARY KEY (`id`) USING BTREE,
  UNIQUE INDEX `name`(`name`) USING BTREE COMMENT '公司名唯一'
) ENGINE = MyISAM AUTO_INCREMENT = 61 CHARACTER SET = utf8 COLLATE = utf8_unicode_ci ROW_FORMAT = DYNAMIC;

-- ----------------------------
-- Records of company
-- ----------------------------
INSERT INTO `company` VALUES (1, 'FD0022', '精视力眼镜-东城根南街店', '四川省成都市青羊区东城根南街25号', '', '104.066906132314', '30.66389725379589', '精视力眼镜总店', '澳伊美1', '精视力眼镜', 'XYDM_JSLYJ', '', '', '', '', '', '', '', 4, '2,5', 1, NULL, NULL, '2023-04-04 16:08:20', 'http://192.168.101.218/static/wxsource/wxImg/headimg/ebfe9a9e9062d94287a5d2a5e2ab84a8.png', '09:00:00', '21:00:00', 3, 6, 0);
INSERT INTO `company` VALUES (2, NULL, '精视力眼镜-太升店', '四川省成都市青羊区太升北路22号附7号', '028-86916486', '104.08750176240237', '30.67579666690283', '精视力眼镜总店', '澳伊美1', NULL, NULL, NULL, NULL, NULL, NULL, NULL, NULL, NULL, 4, NULL, NULL, NULL, NULL, '2023-04-04 16:08:17', NULL, NULL, NULL, 3, 6, 0);
INSERT INTO `company` VALUES (4, NULL, '浙文眼镜-新城市店', '四川省成都市青羊区宁夏街224号', '028-87373892', '104.06448367184525', '30.67958900979514', '独立账户', '澳伊美1', NULL, NULL, NULL, NULL, NULL, NULL, NULL, NULL, NULL, 3, NULL, NULL, NULL, NULL, '2023-04-04 16:08:10', NULL, NULL, NULL, 2, 6, 0);
INSERT INTO `company` VALUES (5, NULL, '爱尔眼科-一环路西一段', '四川省成都市一环路西一段115号大石路口', '028-87010909', '104.04778737180169', '30.653399056394336', NULL, '澳伊美1', NULL, NULL, NULL, NULL, NULL, NULL, NULL, NULL, NULL, 3, NULL, NULL, NULL, NULL, '2023-04-04 16:08:08', NULL, NULL, NULL, 2, 6, 0);
INSERT INTO `company` VALUES (23, NULL, '浙文眼镜-抚琴店', '四川省成都市青羊区抚琴西路115号', '028-87716620', '104.03088857289', '30.683433301177', '独立账户', '澳伊美1', NULL, NULL, NULL, NULL, NULL, NULL, NULL, NULL, NULL, 3, NULL, NULL, NULL, NULL, '2023-04-04 16:08:07', NULL, NULL, NULL, 2, 6, 0);
INSERT INTO `company` VALUES (40, '111111111111', '阿萨', '四川省成都市青羊区宁夏街223号', '', '104.06478496351', '30.679140365771', '独立账户', '澳伊美1', '', '', '', '', '12312323423432', '', '', '', '', 3, '2,3,4', NULL, NULL, NULL, '2023-04-04 16:08:05', 'http://192.168.101.218/static/wxsource/wxImg/headimg/5157c239c4a37bc3a7bf0637c0d4f8c4.png', '09:00:00', '21:00:00', 2, 6, 1);
INSERT INTO `company` VALUES (41, '111', '精视力眼镜总店', '成都', '', '104.07274727406', '30.57899372403', '独立账户', '澳伊美1', '', 'DMJSLYJ', '', '', '', '', '', '', '', 3, '1,2', 1, NULL, NULL, '2023-04-04 16:08:03', NULL, NULL, NULL, 2, 6, 0);
INSERT INTO `company` VALUES (54, 'ZD001', '测试总店01', '成都环球中心', NULL, '104.07073444091', '30.575041234923', '独立账户', '测试代理商', '眼镜店', NULL, NULL, NULL, NULL, NULL, NULL, NULL, NULL, 3, NULL, 1, 1, 'admin', '2023-04-06 16:58:28', NULL, NULL, NULL, 2, 6, 0);
INSERT INTO `company` VALUES (45, 'FD001', '测试分店001', '成都环球中心', '', '104.07073444091', '30.575041234923', '测试总店01', '测试代理商', '眼镜店', 'FDDM001', '测试法人', '张三', '1234', '', '', '', '', 4, '1,2,3,4', 1, 1, 'admin', '2023-04-06 16:58:28', NULL, '09:00:00', '18:00:00', 3, 6, 0);
INSERT INTO `company` VALUES (44, 'YY001', '测试医院', '成都环球中心', '', '104.07073444091', '30.575041234923', '独立账户', '测试代理商', '配镜医院', 'YYDM001', '张三', '李四', '', '', '', '', '', 2, '1,2,3,4,5', 1, 1, 'admin', '2023-04-06 16:58:53', NULL, NULL, NULL, 2, 5, 0);
INSERT INTO `company` VALUES (48, 'ZD003', '测试总店3', '成都环球中心', '', '104.07073444091', '30.575041234923', '独立账户', '测试代理商', '眼镜店2', 'ZD002-1', '', '', '', '', '', '', '', 3, '1,2,4,5', 1, 102, 'agent', '2023-04-06 16:58:32', NULL, NULL, NULL, 2, 6, 0);
INSERT INTO `company` VALUES (50, 'eeeeeeeee', '测试直属总店', '成都', '', '104.07274727406', '30.57899372403', '独立账户', '直属', 'test', '2222222222222', '', '', '', '', '', '', '', 3, '1,4,5', 1, 1, 'admin', '2023-04-06 16:58:43', NULL, NULL, NULL, 2, 6, 0);
INSERT INTO `company` VALUES (51, 'FD00000', '分店123', '成都', '', '104.07274727406', '30.57899372403', '测试直属总店', '直属', '企业', '111111', '', '', '', '', '', '', '', 4, '1,2,3,5', 1, 1, 'admin', '2023-04-06 16:58:38', 'http://192.168.101.218/static/wxsource/wxImg/headimg/b6d5f0cb67cdbedd4a3668f6b2bb491b.png', '09:00:00', '21:00:00', 3, 6, 0);
INSERT INTO `company` VALUES (52, 'YY002', '直属测试医院', '成都环球中心', '', '104.07073444091', '30.575041234923', '独立账户', '直属', '配镜医院', 'YYZS002', '', '', '', '', '', '', '', 2, '1,2,4,5', 1, 1, 'admin', '2023-04-06 16:57:17', NULL, NULL, NULL, 2, 5, 0);
INSERT INTO `company` VALUES (53, 'YY003', '测试医院003', '成都环球中心', '', '104.07073444091', '30.575041234923', '独立账户', '测试代理002', '配镜医院', 'DMCSYY', '', '', '22200010003', '', '', '', '', 2, '2,5', 1, 96, 'agent', '2023-04-22 15:12:01', 'http://192.168.101.218/static/wxsource/wxImg/headimg/05da2a5a8ec98c9ee39456dec3d7c191.png', '09:00:00', '21:00:00', 2, 5, 0);
INSERT INTO `company` VALUES (55, 'FD001-2', '测试分店002', '成都环球中心', '', '104.07073444091', '30.575041234923', '测试医院003', '测试代理002', '眼镜店', 'DMCSZD', '', '', '44400010002', '', '', '', '', 4, '2,3,4,5', 1, 103, 'company', '2023-04-23 14:59:28', 'http://192.168.101.218/static/wxsource/wxImg/headimg/606eeebfb474f7817f039ea230b0dc57.png', '09:00:00', '21:00:00', 3, 5, 0);
INSERT INTO `company` VALUES (56, 'ZD0510', '测试总店0510', '环球中心', '', '116.46563085236', '39.924442733365', '独立账户', '直属', NULL, '', '', '', '33300010510', '', '', '', '', NULL, '', 1, 1, 'admin', '2023-05-10 17:48:14', '', '09:00:00', '21:00:00', 2, 6, 0);
INSERT INTO `company` VALUES (58, 'ZD002', '测试总店002', '天府新谷', '', '103.80135202186', '30.693224904554', '独立账户', '测试代理002', NULL, '', '', '', '11100000001', '', '', '', '', NULL, '1,2,3,4,5', 1, 96, 'agent', '2023-05-15 16:35:36', 'http://192.168.101.218/static/wxsource/wxImg/headimg/a06ea831a88ec20356ac7f61284bf758.png', '09:00:00', '21:00:00', 2, 6, 1);
INSERT INTO `company` VALUES (60, 'ZD004', '连锁总店004', '天府新谷', '', '103.80135202186', '30.693224904554', '独立账户', '直属', NULL, '', '', '', '22200010006', '', '', '', '', NULL, '', 1, 1, 'admin', '2023-05-19 15:14:35', '', '09:00:00', '21:00:00', 2, 7, 0);

-- ----------------------------
-- Table structure for company_config
-- ----------------------------
CREATE TABLE `company_config`  (
  `id` int(11) NOT NULL AUTO_INCREMENT,
  `type` varchar(10) CHARACTER SET utf8 COLLATE utf8_general_ci NULL DEFAULT NULL COMMENT '参数类型：level 等级，attribute 属性 ',
  `name` varchar(255) CHARACTER SET utf8 COLLATE utf8_general_ci NULL DEFAULT NULL COMMENT '参数名',
  PRIMARY KEY (`id`) USING BTREE
) ENGINE = InnoDB AUTO_INCREMENT = 8 CHARACTER SET = utf8 COLLATE = utf8_general_ci ROW_FORMAT = Dynamic;

-- ----------------------------
-- Records of company_config
-- ----------------------------
INSERT INTO `company_config` VALUES (1, 'level', '代理');
INSERT INTO `company_config` VALUES (2, 'level', '总店');
INSERT INTO `company_config` VALUES (3, 'level', '分店');
INSERT INTO `company_config` VALUES (4, 'attribute', '代理商');
INSERT INTO `company_config` VALUES (5, 'attribute', '医院');
INSERT INTO `company_config` VALUES (6, 'attribute', '视光中心');
INSERT INTO `company_config` VALUES (7, 'attribute', '连锁');

-- ----------------------------
-- Table structure for company_info
-- ----------------------------
CREATE TABLE `company_info`  (
  `id` int(11) NOT NULL AUTO_INCREMENT,
  `name` varchar(255) CHARACTER SET utf8 COLLATE utf8_general_ci NULL DEFAULT NULL COMMENT '公司名称',
  `head` varchar(255) CHARACTER SET utf8 COLLATE utf8_general_ci NULL DEFAULT NULL COMMENT '负责人',
  `address` varchar(255) CHARACTER SET utf8 COLLATE utf8_general_ci NULL DEFAULT NULL COMMENT '地址',
  `cellphone` varchar(255) CHARACTER SET utf8 COLLATE utf8_general_ci NULL DEFAULT NULL COMMENT '手机',
  `phone` varchar(255) CHARACTER SET utf8 COLLATE utf8_general_ci NULL DEFAULT NULL COMMENT '电话',
  `bank` varchar(255) CHARACTER SET utf8 COLLATE utf8_general_ci NULL DEFAULT NULL COMMENT '开户银行',
  `account` varchar(255) CHARACTER SET utf8 COLLATE utf8_general_ci NULL DEFAULT NULL COMMENT '账户',
  PRIMARY KEY (`id`) USING BTREE
) ENGINE = InnoDB AUTO_INCREMENT = 2 CHARACTER SET = utf8 COLLATE = utf8_general_ci ROW_FORMAT = Dynamic;

-- ----------------------------
-- Records of company_info
-- ----------------------------
INSERT INTO `company_info` VALUES (1, '澳伊美', '某某', '成都市', '18200000003', '028-88888888', '成都市建设银行', '51001880836051500000');

-- ----------------------------
-- Table structure for company_type
-- ----------------------------
CREATE TABLE `company_type`  (
  `id` int(11) NOT NULL AUTO_INCREMENT,
  `name` varchar(100) CHARACTER SET utf8 COLLATE utf8_general_ci NULL DEFAULT NULL,
  PRIMARY KEY (`id`) USING BTREE
) ENGINE = InnoDB AUTO_INCREMENT = 5 CHARACTER SET = utf8 COLLATE = utf8_general_ci ROW_FORMAT = Dynamic;

-- ----------------------------
-- Records of company_type
-- ----------------------------
INSERT INTO `company_type` VALUES (1, '代理商');
INSERT INTO `company_type` VALUES (2, '医院');
INSERT INTO `company_type` VALUES (3, '总店');
INSERT INTO `company_type` VALUES (4, '分店');

-- ----------------------------
-- Table structure for employee
-- ----------------------------
CREATE TABLE `employee`  (
  `id` int(11) NOT NULL AUTO_INCREMENT,
  `user_id` int(11) NOT NULL COMMENT '员工在user表中的id',
  `work_code` varchar(255) CHARACTER SET utf8 COLLATE utf8_unicode_ci NOT NULL COMMENT '工号',
  `name` varchar(255) CHARACTER SET utf8 COLLATE utf8_unicode_ci NULL DEFAULT NULL COMMENT '员工真实姓名',
  `phone` varchar(50) CHARACTER SET utf8 COLLATE utf8_unicode_ci NULL DEFAULT NULL COMMENT '员工电话（默认使用user表中微信用户的mobile）',
  `sex` int(2) NULL DEFAULT NULL COMMENT '性别（1:男, 2:女）',
  `birthday` varchar(255) CHARACTER SET utf8 COLLATE utf8_unicode_ci NULL DEFAULT NULL COMMENT '生日',
  `address` varchar(255) CHARACTER SET utf8 COLLATE utf8_unicode_ci NULL DEFAULT NULL COMMENT '住址',
  `department` varchar(255) CHARACTER SET utf8 COLLATE utf8_unicode_ci NULL DEFAULT NULL COMMENT '部门',
  `post` varchar(255) CHARACTER SET utf8 COLLATE utf8_unicode_ci NULL DEFAULT NULL COMMENT '职位',
  `time` timestamp NULL DEFAULT NULL COMMENT '创建时间',
  `enable` int(2) NOT NULL DEFAULT 0 COMMENT '是否在使用中，解绑微信，对应置为0',
  `unionid` varchar(255) CHARACTER SET utf8 COLLATE utf8_unicode_ci NULL DEFAULT NULL COMMENT '员工微信unionid号',
  PRIMARY KEY (`id`) USING BTREE
) ENGINE = InnoDB AUTO_INCREMENT = 5 CHARACTER SET = utf8 COLLATE = utf8_general_ci ROW_FORMAT = Dynamic;

-- ----------------------------
-- Records of employee
-- ----------------------------
INSERT INTO `employee` VALUES (3, 88, 'GL001', NULL, '18200010009', 1, '', NULL, NULL, NULL, '2023-04-25 18:08:48', 0, 'omeTL54oWcX7WPzhYFbveUZ7Fv6A');
INSERT INTO `employee` VALUES (4, 119, 'GH001', '秋秋', 'omeTL54oWcX7WPzhYFbveUZ7Fv6A', 2, NULL, 'cd', 'aaa', 'b22', '2023-04-25 18:35:18', 0, 'omeTL54oWcX7WPzhYFbveUZ7Fv6A');

-- ----------------------------
-- Table structure for goods
-- ----------------------------
CREATE TABLE `goods`  (
  `id` int(11) NOT NULL AUTO_INCREMENT,
  `search_captcha` varchar(255) CHARACTER SET utf8 COLLATE utf8_unicode_ci NULL DEFAULT NULL,
  `chargeName` varchar(255) CHARACTER SET utf8 COLLATE utf8_unicode_ci NULL DEFAULT NULL COMMENT '充值类型名称',
  `name` varchar(255) CHARACTER SET utf8 COLLATE utf8_unicode_ci NULL DEFAULT NULL,
  `date` datetime NULL DEFAULT NULL,
  `shopname` varchar(255) CHARACTER SET utf8 COLLATE utf8_unicode_ci NULL DEFAULT NULL,
  `information` varchar(255) CHARACTER SET utf8 COLLATE utf8_unicode_ci NULL DEFAULT NULL,
  `type` varchar(255) CHARACTER SET utf8 COLLATE utf8_unicode_ci NULL DEFAULT NULL,
  `duration` datetime NULL DEFAULT NULL,
  `number` int(11) NULL DEFAULT 0,
  `productnum` varchar(255) CHARACTER SET utf8 COLLATE utf8_unicode_ci NULL DEFAULT NULL COMMENT '产品单号',
  `ordernum` varchar(255) CHARACTER SET utf8 COLLATE utf8_unicode_ci NULL DEFAULT NULL COMMENT '订单号',
  `customerinfo` varchar(255) CHARACTER SET utf8 COLLATE utf8_unicode_ci NULL DEFAULT NULL,
  `detailinfo` longtext CHARACTER SET utf8 COLLATE utf8_unicode_ci NULL COMMENT '所有的套餐详情',
  `qrcode_path` varchar(255) CHARACTER SET utf8 COLLATE utf8_unicode_ci NULL DEFAULT NULL COMMENT '二维码路径',
  PRIMARY KEY (`id`) USING BTREE
) ENGINE = MyISAM AUTO_INCREMENT = 46 CHARACTER SET = utf8 COLLATE = utf8_unicode_ci ROW_FORMAT = DYNAMIC;

-- ----------------------------
-- Records of goods
-- ----------------------------

-- ----------------------------
-- Table structure for neworder
-- ----------------------------
CREATE TABLE `neworder`  (
  `id` int(11) NOT NULL AUTO_INCREMENT,
  `ordernum` varchar(255) CHARACTER SET utf8 COLLATE utf8_unicode_ci NULL DEFAULT NULL COMMENT '单号',
  `time` datetime NULL DEFAULT NULL COMMENT '下单时间',
  `shopname` varchar(255) CHARACTER SET utf8 COLLATE utf8_unicode_ci NULL DEFAULT NULL COMMENT '店名',
  `investnum` double NULL DEFAULT NULL COMMENT '充值总金额',
  `productAddList` longtext CHARACTER SET utf8 COLLATE utf8_unicode_ci NULL COMMENT '充值详情，序列化（name、type_id、price、number）',
  `note` varchar(255) CHARACTER SET utf8 COLLATE utf8_unicode_ci NULL DEFAULT NULL COMMENT '充值验证码（备注）',
  `isVerified` int(11) NULL DEFAULT NULL COMMENT '确认是否完成充值（0：未完成，1：完成，2：已取消）',
  `productConsumeList` longtext CHARACTER SET utf8 COLLATE utf8_unicode_ci NULL COMMENT '下单详情，序列化（setId、setName、setType、chargeId、chargeName、price、number、useDetailSum、useDetailInfo、productnumber、captcha）',
  `isConsumeVerified` varchar(255) CHARACTER SET utf8 COLLATE utf8_unicode_ci NULL DEFAULT NULL COMMENT '确认是否允许消费（0：代理商未确认，1：总部未确认，2：总店未确认，3：确认（待生产），4：待发货，5：已发货，6：已完成，7：已取消, 8：已撤回）',
  `customerinfo` longtext CHARACTER SET utf8 COLLATE utf8_unicode_ci NULL COMMENT '顾客信息',
  `marks` longtext CHARACTER SET utf8 COLLATE utf8_unicode_ci NULL COMMENT '下单备注',
  `type` int(11) NULL DEFAULT NULL COMMENT '账单类别：0充值，1消费',
  `creator` int(11) NULL DEFAULT NULL COMMENT '充值者id/下单者id',
  `expressnum` varchar(255) CHARACTER SET utf8 COLLATE utf8_unicode_ci NULL DEFAULT NULL COMMENT '快递单号',
  `expresscompany` varchar(255) CHARACTER SET utf8 COLLATE utf8_unicode_ci NULL DEFAULT NULL COMMENT '快递公司（STO：申通，YTO：圆通，HTKY：百世）',
  `express_time` datetime NULL DEFAULT NULL COMMENT '发货时间',
  `pay_way` int(2) NULL DEFAULT NULL COMMENT '付款方式（1：转账，2：微信）',
  `creator_name` varchar(255) CHARACTER SET utf8 COLLATE utf8_unicode_ci NULL DEFAULT NULL COMMENT '创建者名称：总部名、代理商名、门店名',
  `pay_remark` varchar(255) CHARACTER SET utf8 COLLATE utf8_unicode_ci NULL DEFAULT NULL COMMENT '转账备注',
  `pay_ordernum` varchar(255) CHARACTER SET utf8 COLLATE utf8_unicode_ci NULL DEFAULT NULL COMMENT '支付流水号',
  PRIMARY KEY (`id`) USING BTREE
) ENGINE = MyISAM AUTO_INCREMENT = 166 CHARACTER SET = utf8 COLLATE = utf8_unicode_ci ROW_FORMAT = DYNAMIC;

-- ----------------------------
-- Records of neworder
-- ----------------------------
INSERT INTO `neworder` VALUES (160, '202305231118343', '2023-05-23 11:18:32', '澳伊美1', 2800, 'a:3:{i:0;a:5:{s:4:\"code\";s:7:\"code003\";s:4:\"name\";s:6:\"低级\";s:7:\"type_id\";s:2:\"41\";s:5:\"price\";d:80;s:6:\"number\";i:10;}i:1;a:5:{s:4:\"code\";s:7:\"code002\";s:4:\"name\";s:6:\"中级\";s:7:\"type_id\";s:2:\"37\";s:5:\"price\";d:100;s:6:\"number\";i:10;}i:2;a:5:{s:4:\"code\";s:7:\"code001\";s:4:\"name\";s:6:\"高级\";s:7:\"type_id\";s:2:\"33\";s:5:\"price\";d:100;s:6:\"number\";i:10;}}', '', 1, NULL, NULL, NULL, NULL, 0, 1, NULL, NULL, NULL, NULL, '澳伊美', NULL, NULL);
INSERT INTO `neworder` VALUES (161, '202305231118836', '2023-05-23 11:19:01', '测试代理商', 2800, 'a:3:{i:0;a:5:{s:4:\"code\";s:7:\"code001\";s:4:\"name\";s:6:\"高级\";s:7:\"type_id\";s:2:\"33\";s:5:\"price\";d:100;s:6:\"number\";i:10;}i:1;a:5:{s:4:\"code\";s:7:\"code002\";s:4:\"name\";s:6:\"中级\";s:7:\"type_id\";s:2:\"37\";s:5:\"price\";d:100;s:6:\"number\";i:10;}i:2;a:5:{s:4:\"code\";s:7:\"code003\";s:4:\"name\";s:6:\"低级\";s:7:\"type_id\";s:2:\"41\";s:5:\"price\";d:80;s:6:\"number\";i:10;}}', '', 1, NULL, NULL, NULL, NULL, 0, 1, NULL, NULL, NULL, NULL, '澳伊美', NULL, NULL);
INSERT INTO `neworder` VALUES (162, '202305231119509', '2023-05-23 11:19:27', '测试医院', 3100, 'a:3:{i:0;a:5:{s:4:\"code\";s:7:\"code001\";s:4:\"name\";s:6:\"高级\";s:7:\"type_id\";s:2:\"34\";s:5:\"price\";d:110;s:6:\"number\";i:10;}i:1;a:5:{s:4:\"code\";s:7:\"code003\";s:4:\"name\";s:6:\"低级\";s:7:\"type_id\";s:2:\"42\";s:5:\"price\";d:90;s:6:\"number\";i:10;}i:2;a:5:{s:4:\"code\";s:7:\"code002\";s:4:\"name\";s:6:\"中级\";s:7:\"type_id\";s:2:\"38\";s:5:\"price\";d:110;s:6:\"number\";i:10;}}', '', 1, NULL, NULL, NULL, NULL, 0, 1, NULL, NULL, NULL, NULL, '澳伊美', NULL, NULL);
INSERT INTO `neworder` VALUES (163, '202305231120878', '2023-05-23 11:20:36', '澳伊美1', 6400, 'a:3:{i:0;a:5:{s:4:\"code\";s:7:\"code001\";s:4:\"name\";s:6:\"高级\";s:7:\"type_id\";s:2:\"33\";s:5:\"price\";d:100;s:6:\"number\";i:20;}i:1;a:5:{s:4:\"code\";s:7:\"code002\";s:4:\"name\";s:6:\"中级\";s:7:\"type_id\";s:2:\"37\";s:5:\"price\";d:100;s:6:\"number\";i:20;}i:2;a:5:{s:4:\"code\";s:7:\"code003\";s:4:\"name\";s:6:\"低级\";s:7:\"type_id\";s:2:\"41\";s:5:\"price\";d:80;s:6:\"number\";i:30;}}', '', 1, NULL, NULL, NULL, NULL, 0, 1, NULL, NULL, NULL, NULL, '澳伊美', NULL, NULL);
INSERT INTO `neworder` VALUES (164, '202305231121823', '2023-05-23 11:22:03', '澳伊美1', NULL, NULL, NULL, NULL, 'a:2:{i:0;a:28:{s:8:\"combo_id\";i:9;s:7:\"symptom\";s:12:\"高度近视\";s:10:\"model_code\";s:5:\"js002\";s:11:\"charge_type\";s:6:\"高级\";s:9:\"charge_id\";i:33;s:5:\"price\";s:3:\"100\";s:6:\"number\";s:1:\"1\";s:7:\"user_id\";i:65;s:4:\"name\";s:3:\"aaa\";s:13:\"right_degrees\";s:6:\"0.00/*\";s:12:\"left_degrees\";s:6:\"0.00/*\";s:19:\"rightPupillaryHight\";s:1:\"1\";s:18:\"leftPupillaryHight\";s:1:\"1\";s:21:\"leftPupillaryDistance\";s:2:\"53\";s:22:\"rightPupillaryDistance\";s:2:\"53\";s:10:\"frameWidth\";s:2:\"14\";s:11:\"frameHeight\";s:2:\"23\";s:4:\"nose\";s:2:\"45\";s:14:\"bevelDimension\";s:2:\"34\";s:11:\"product_arr\";s:111:\"眼镜: 近视眼镜,近视眼镜黑色<br>药品: 眼药水,人造泪<br>辅助器材: 视力表,眼底镜<br>\";s:4:\"code\";s:13:\"1684811385153\";s:12:\"useDetailSum\";d:100;s:13:\"useDetailInfo\";a:1:{i:0;a:2:{s:6:\"number\";s:1:\"1\";s:5:\"price\";d:100;}}s:10:\"productnum\";s:18:\"845769303610952527\";s:7:\"captcha\";s:0:\"\";s:10:\"detailinfo\";a:3:{s:3:\"set\";a:12:{s:2:\"id\";i:9;s:11:\"category_id\";i:14;s:7:\"symptom\";s:12:\"高度近视\";s:10:\"model_code\";s:5:\"js002\";s:4:\"type\";s:6:\"高级\";s:7:\"picture\";N;s:5:\"intro\";s:0:\"\";s:5:\"video\";N;s:9:\"trainplan\";s:0:\"\";s:7:\"creator\";s:1:\"1\";s:4:\"time\";s:19:\"2023-05-23 11:17:39\";s:6:\"expire\";i:1095;}s:11:\"product_arr\";a:6:{i:0;a:11:{s:2:\"id\";i:12;s:4:\"name\";s:12:\"近视眼镜\";s:8:\"category\";s:1:\"9\";s:5:\"other\";s:52:\"{\"框架颜色\":\"白色\",\"框架材质\":\"钛合金\"}\";s:5:\"video\";N;s:5:\"intro\";s:0:\"\";s:7:\"creator\";i:1;s:4:\"time\";s:19:\"2023-05-23 10:45:01\";s:9:\"totaltime\";i:10;s:7:\"picture\";N;s:9:\"trainplan\";s:0:\"\";}i:1;a:11:{s:2:\"id\";i:13;s:4:\"name\";s:18:\"近视眼镜黑色\";s:8:\"category\";s:1:\"9\";s:5:\"other\";s:52:\"{\"框架颜色\":\"黑色\",\"框架材质\":\"钛合金\"}\";s:5:\"video\";N;s:5:\"intro\";s:0:\"\";s:7:\"creator\";i:1;s:4:\"time\";s:19:\"2023-05-23 10:54:55\";s:9:\"totaltime\";i:10;s:7:\"picture\";N;s:9:\"trainplan\";s:0:\"\";}i:2;a:11:{s:2:\"id\";i:14;s:4:\"name\";s:9:\"眼药水\";s:8:\"category\";s:2:\"10\";s:5:\"other\";s:88:\"{\"名称\":\"博士伦眼药水\",\"价格\":\"10\",\"剂量\":\"10ml\",\"主治\":\"\",\"保质期\":\"\"}\";s:5:\"video\";N;s:5:\"intro\";s:0:\"\";s:7:\"creator\";i:1;s:4:\"time\";s:19:\"2023-05-23 10:56:58\";s:9:\"totaltime\";i:10;s:7:\"picture\";N;s:9:\"trainplan\";s:0:\"\";}i:3;a:11:{s:2:\"id\";i:15;s:4:\"name\";s:9:\"人造泪\";s:8:\"category\";s:2:\"10\";s:5:\"other\";s:64:\"{\"名称\":\"\",\"价格\":\"\",\"剂量\":\"\",\"主治\":\"\",\"保质期\":\"\"}\";s:5:\"video\";N;s:5:\"intro\";s:0:\"\";s:7:\"creator\";i:1;s:4:\"time\";s:19:\"2023-05-23 10:58:11\";s:9:\"totaltime\";i:10;s:7:\"picture\";N;s:9:\"trainplan\";s:0:\"\";}i:4;a:11:{s:2:\"id\";i:16;s:4:\"name\";s:9:\"视力表\";s:8:\"category\";s:2:\"11\";s:5:\"other\";s:37:\"{\"名称\":\"\",\"作用\":\"检测视力\"}\";s:5:\"video\";N;s:5:\"intro\";s:0:\"\";s:7:\"creator\";i:1;s:4:\"time\";s:19:\"2023-05-23 10:58:36\";s:9:\"totaltime\";i:10;s:7:\"picture\";N;s:9:\"trainplan\";s:0:\"\";}i:5;a:11:{s:2:\"id\";i:17;s:4:\"name\";s:9:\"眼底镜\";s:8:\"category\";s:2:\"11\";s:5:\"other\";s:49:\"{\"名称\":\"\",\"作用\":\"检查眼底病变情况\"}\";s:5:\"video\";N;s:5:\"intro\";s:0:\"\";s:7:\"creator\";i:1;s:4:\"time\";s:19:\"2023-05-23 10:59:00\";s:9:\"totaltime\";i:10;s:7:\"picture\";N;s:9:\"trainplan\";s:0:\"\";}}s:11:\"charge_type\";a:11:{s:2:\"id\";i:33;s:4:\"code\";s:7:\"code001\";s:4:\"name\";s:6:\"高级\";s:5:\"price\";s:3:\"100\";s:3:\"min\";s:2:\"10\";s:7:\"creator\";i:1;s:4:\"time\";s:19:\"2023-05-23 10:39:39\";s:12:\"creator_role\";s:5:\"admin\";s:5:\"intro\";s:0:\"\";s:12:\"attribute_id\";i:4;s:6:\"custom\";s:0:\"\";}}s:5:\"marks\";s:0:\"\";s:5:\"state\";i:0;}i:1;a:28:{s:8:\"combo_id\";i:4;s:7:\"symptom\";s:9:\"干眼症\";s:10:\"model_code\";s:5:\"zl001\";s:11:\"charge_type\";s:6:\"低级\";s:9:\"charge_id\";i:41;s:5:\"price\";s:2:\"80\";s:6:\"number\";s:1:\"2\";s:7:\"user_id\";i:65;s:4:\"name\";s:3:\"aaa\";s:13:\"right_degrees\";s:6:\"0.00/*\";s:12:\"left_degrees\";s:6:\"0.00/*\";s:19:\"rightPupillaryHight\";s:1:\"2\";s:18:\"leftPupillaryHight\";s:1:\"2\";s:21:\"leftPupillaryDistance\";s:2:\"53\";s:22:\"rightPupillaryDistance\";s:2:\"53\";s:10:\"frameWidth\";s:2:\"12\";s:11:\"frameHeight\";s:1:\"2\";s:4:\"nose\";s:1:\"3\";s:14:\"bevelDimension\";s:1:\"4\";s:11:\"product_arr\";s:48:\"药品: 人造泪<br>辅助器材: 测试纸<br>\";s:4:\"code\";s:13:\"1684811407649\";s:12:\"useDetailSum\";d:160;s:13:\"useDetailInfo\";a:1:{i:0;a:2:{s:6:\"number\";s:1:\"2\";s:5:\"price\";d:80;}}s:10:\"productnum\";s:18:\"414783599856860697\";s:7:\"captcha\";s:0:\"\";s:10:\"detailinfo\";a:3:{s:3:\"set\";a:12:{s:2:\"id\";i:4;s:11:\"category_id\";i:12;s:7:\"symptom\";s:9:\"干眼症\";s:10:\"model_code\";s:5:\"zl001\";s:4:\"type\";s:6:\"低级\";s:7:\"picture\";N;s:5:\"intro\";s:0:\"\";s:5:\"video\";N;s:9:\"trainplan\";s:0:\"\";s:7:\"creator\";s:1:\"1\";s:4:\"time\";s:19:\"2023-05-23 11:16:45\";s:6:\"expire\";i:1095;}s:11:\"product_arr\";a:2:{i:0;a:11:{s:2:\"id\";i:15;s:4:\"name\";s:9:\"人造泪\";s:8:\"category\";s:2:\"10\";s:5:\"other\";s:64:\"{\"名称\":\"\",\"价格\":\"\",\"剂量\":\"\",\"主治\":\"\",\"保质期\":\"\"}\";s:5:\"video\";N;s:5:\"intro\";s:0:\"\";s:7:\"creator\";i:1;s:4:\"time\";s:19:\"2023-05-23 10:58:11\";s:9:\"totaltime\";i:10;s:7:\"picture\";N;s:9:\"trainplan\";s:0:\"\";}i:1;a:11:{s:2:\"id\";i:18;s:4:\"name\";s:9:\"测试纸\";s:8:\"category\";s:2:\"11\";s:5:\"other\";s:61:\"{\"名称\":\"泪腺测试纸\",\"作用\":\"测试泪腺分泌值\"}\";s:5:\"video\";N;s:5:\"intro\";s:0:\"\";s:7:\"creator\";i:1;s:4:\"time\";s:19:\"2023-05-23 10:59:32\";s:9:\"totaltime\";i:10;s:7:\"picture\";N;s:9:\"trainplan\";s:0:\"\";}}s:11:\"charge_type\";a:11:{s:2:\"id\";i:41;s:4:\"code\";s:7:\"code003\";s:4:\"name\";s:6:\"低级\";s:5:\"price\";s:2:\"80\";s:3:\"min\";s:2:\"10\";s:7:\"creator\";i:1;s:4:\"time\";s:19:\"2023-05-23 10:40:22\";s:12:\"creator_role\";s:5:\"admin\";s:5:\"intro\";s:0:\"\";s:12:\"attribute_id\";i:4;s:6:\"custom\";s:0:\"\";}}s:5:\"marks\";s:0:\"\";s:5:\"state\";i:0;}}', '1', NULL, '', 1, 96, NULL, NULL, NULL, NULL, NULL, NULL, NULL);
INSERT INTO `neworder` VALUES (165, '202305231122207', '2023-05-23 11:22:29', '阿萨', 1200, 'a:1:{i:0;a:5:{s:4:\"code\";s:7:\"code001\";s:4:\"name\";s:6:\"高级\";s:7:\"type_id\";s:2:\"35\";s:5:\"price\";d:120;s:6:\"number\";i:10;}}', '', 0, NULL, NULL, NULL, NULL, 0, 134, NULL, NULL, NULL, 1, '阿萨', '库存货款111111111111', NULL);

-- ----------------------------
-- Table structure for news
-- ----------------------------
CREATE TABLE `news`  (
  `id` int(11) NOT NULL AUTO_INCREMENT,
  `logo` varchar(255) CHARACTER SET utf8 COLLATE utf8_unicode_ci NULL DEFAULT NULL,
  `title` varchar(255) CHARACTER SET utf8 COLLATE utf8_unicode_ci NULL DEFAULT NULL,
  `intro` varchar(255) CHARACTER SET utf8 COLLATE utf8_unicode_ci NULL DEFAULT NULL COMMENT '新闻简介',
  `content` longtext CHARACTER SET utf8 COLLATE utf8_unicode_ci NULL,
  `pic_footer` varchar(255) CHARACTER SET utf8 COLLATE utf8_unicode_ci NULL DEFAULT NULL,
  `position` varchar(255) CHARACTER SET utf8 COLLATE utf8_unicode_ci NULL DEFAULT NULL,
  `category` varchar(255) CHARACTER SET utf8 COLLATE utf8_unicode_ci NULL DEFAULT NULL COMMENT '新闻类别，当postion为web时才进行选择。（recruit:人才招聘、glasses:镜片介绍、plan:方案介绍、train:视功能训练、about:关于我们、product:产品介绍、appointment:门店预约、recruit:复查提醒）',
  `time` datetime NULL DEFAULT NULL COMMENT '最后更改时间（添加或编辑）',
  PRIMARY KEY (`id`) USING BTREE
) ENGINE = MyISAM AUTO_INCREMENT = 47 CHARACTER SET = utf8 COLLATE = utf8_unicode_ci ROW_FORMAT = DYNAMIC;

-- ----------------------------
-- Records of news
-- ----------------------------
INSERT INTO `news` VALUES (1, 'http://www.aymvision.com/static/index/img/news/孩子近视度数疯涨.jpg', '孩子近视度数疯涨？可能是这四个原因', NULL, '一、饮食不均衡\r\n像维生素A、叶黄素等这些物质，都是促进视力发育的关键营养素。如果孩子体内缺乏这些营养，对视力也有很大影响。想要孩子眼睛更加明亮，家长一定要确保饮食营养均衡。当然，平常也可以给孩子吃一些促进视力发育的营养品，同时督促孩子少吃甜食，少喝碳酸饮料，养成良好饮食习惯。\r\n\r\n二、用眼过度\r\n现在很多学龄孩子，学业繁重，除了白天上课外，放学后还要完成好几科的作业，眼睛长时间看书，从而导致用眼过度，这样一来就会使孩子近视度数增加。还有的孩子空闲时间经常玩手机、ipad，这些电子产品产生的蓝光透过视网膜，也会损伤他们的视力。所以，想要更好地保护孩子的视力，家长一定要让孩子合理用眼，多注意休息。\r\n\r\n三、看书姿势不对\r\n有的孩子平时看书、写作业，都爱趴在课桌上，但是长时间近距离用眼会增大眼睛的压力，眼轴变长，从而让近视度数增加。\r\n\r\n不想孩子近视越来越厉害，家长平时一定要规范和监督他们的坐姿，这样才能更好地保护他们的眼睛。此外，建议家长给孩子准备一个儿童专用的护眼台灯，这类台灯光线均匀、柔和，也没有辐射、紫外线等，对孩子们的眼睛有一定的保护作用。\r\n\r\n四、户外运动少\r\n研究表明，经常参加户外活动的孩子比那些经常宅在家里的孩子，近视的发病率要低很多。这是因为户外有一定的强光照射，它会让人的瞳孔缩小，景深加深，眼睛的模糊程度减轻，从而更好地抑制近视的发生。\r\n而且，户外光照也能刺激孩子的视网膜释放更多的多巴胺，让光线更好地集中在视网膜上。所以，平时家长可要多鼓励孩子外出活动，能预防和控制近视。\r\n\r\n\r\n发现孩子近视了该怎么做？·\r\n\r\n孩子一旦近视，是没有办法治愈好的，真性近视可防、可控、不可治。目前市面上所有关于近视康复的这些手段，只能起到缓解眼睛疲劳的效果，起不到降低度数的作用，更起不到治愈近视的作用。\r\n\r\n发现孩子视力异常时，要及时带他们检查，选择科学的近视防控方案。\r\n', 'http://www.aymvision.com/static/index/img/news/孩子近视度数疯涨.jpg', 'top', NULL, '2023-03-05 16:29:37');
INSERT INTO `news` VALUES (2, 'http://www.aymvision.com/static/index/img/news/你家孩子弱视为什么久治不愈.jpg', '你家孩子弱视为什么久治不愈', NULL, '弱视早发现、早治疗，能恢复；3~6岁是治疗的黄金时间，9岁后恢复相对较差，12岁后很可能难以恢复。很多家长因为自己的孩子弱视很苦恼，下面，我们来看看弱视久治不愈的原因。\r\n\r\n1、只戴眼镜，不进行其他治疗\r\n为患儿戴眼镜只是应急措施，而不能彻底解决问题，要想彻底解决问题还必须在此基础上，配合其他方法进行治疗，如使用遮盖疗法、康复训练等。\r\n\r\n2、不能坚持使用遮盖疗法\r\n弱视的遮盖疗法主要是通过对健康眼或优势眼的遮盖，强迫患儿使用弱视眼看东西，从而消除其优视眼对弱视眼的抑制，达到增强弱视眼视力的目的。但由于遮盖眼睛影响了患儿的外观，会引起其他孩子的讥笑，因此，不少弱视儿童不愿接受遮盖疗法。有些家长出于对孩子的怜爱，也就听之任之。如果不能坚持使用遮盖疗法，当然也就达不到治疗弱视的目的。\r\n\r\n3、忽略对两眼视觉功能的训练\r\n儿童时期正是一个人双眼的视觉功能(同时视、融合视、立体视)建立、发育、完善的时期。如果孩子在6岁前患上了弱视而不尽快治疗，就会影响其视觉的发育，严重的会丧失双眼的视觉功能，成为立体视觉盲。但是，很多弱视儿童的家长对此却认识不清。他们往往只重视对患儿弱视眼的视力训练，而忽视了对其视觉功能的训练。结果不仅使弱视的治疗效果大大降低，还会影响患儿高级视觉功能的发育和完善。\r\n\r\n4、见好就收\r\n儿童的弱视只要治疗及时，方法得当，就会收到明显效果，但容易复发。如果见效后就立即停止治疗，而不进行巩固治疗，孩子弱视眼的视力可能又会下降。\r\n\r\n5、弱视复发因素\r\n（1）患儿视力在近期内明显上升时，忽略了继续巩固治疗阶段，因视力还不稳定，使患者停止训练甚至不戴眼镜；\r\n（2）家长要求脱眼镜心切，不再严格要求后阶段治疗；\r\n（3）患儿自以为裸眼视力看得清楚而不\r\n', 'http://www.aymvision.com/static/index/img/news/你家孩子弱视为什么久治不愈.jpg', 'top', NULL, '2023-03-05 16:29:43');
INSERT INTO `news` VALUES (3, 'http://www.aymvision.com/static/index/img/news/你家孩子弱视为什么久治不愈.jpg', '眼镜戴上就取不下来了！你知道还有后半句是什么吗？', NULL, '我们很多成年人认为：眼镜戴上就取不下来了。\r\n所以自己看不清也坚持不戴眼镜，并且孩子看不清了也不准戴眼镜。\r\n这个问题，每个眼科医生都被问过千百遍。虽然觉得是个显而易见，甚至有点好笑的问题，但始终没有找到更好的回答方式。这篇文章试图能有一个满意的解答。\r\n\r\n\r\n其实，只要确认近视之后就再也回不去没近视的状态了，但并不是戴眼镜造成度数增加，而是因为儿童和青少年正处于生长发育当中以及近距离用眼强度高，所以，近视度数就会一直加深，对眼镜就会更加依赖。\r\n有些家长不让小孩配戴近视眼镜，是因为听说一戴眼镜就要戴一辈子，而错以为戴上眼镜反而让度数增加了。\r\n\r\n戴眼镜的意义：\r\n（1）看得更远更清楚（学习、生活、工作需要）\r\n（2）睫状肌可以处于最放松的状态（缓解持续看近处引起的视觉疲劳）\r\n（3）预防、改善、纠正斜视和弱视（远视易合并内斜和弱视；近视后调节力下降、集合不足，易出现外斜视）\r\n\r\n值得注意的是，儿童一旦近视后，如果不加以控制，度数每年会增加100度左右（青少年是每年50度左右），今年100度，过了一年变成200度，这时如果不戴眼镜，看中远距离就会很吃力，所以经常会眯着眼才看得清楚。而长期眯眼的结果，度数可能增加得更快，最后不配眼镜已经看不到黑板的字，也影响到了日常生活。\r\n\r\n等配了眼镜后再经一年，度数又增加了100度，就像这样，度数一年比一年深，必须更依赖眼镜来看清楚东西，眼镜更拿不下来了。\r\n\r\n所以，眼镜需要的时候还是要佩戴，重点是一定要控制好度数增加的速度。这样做，最显而易见的好处是可以省下每年换镜片的费用，让你有考虑帮孩子换功能多一点的镜片（如角膜塑形镜），延缓近视增长速度。而更长远的好处，则是降低孩子日后成为高度近视的概率。\r\n\r\n同时，随近视度数的增加，眼轴变长，导致眼球前突的可能性越大，这就是我们前面所说的戴镜会让眼睛变形的错误说法，所以，合理控制近视度数的增长，控制眼轴过长才是最有现实意义的，建议每3-6个月去专业的眼科机构测量眼轴角膜曲率等。\r\n\r\n总结：\r\n孩子近视了，眼镜戴上就取不下来了！是的，没错很多家长只知道前半句，不知道还有后半句后半句是：眼镜不戴，不但取不下来，度数涨的\r\n', 'http://www.aymvision.com/static/index/img/news/你家孩子弱视为什么久治不愈.jpg', 'glasses', NULL, '2023-03-05 16:30:18');
INSERT INTO `news` VALUES (4, 'http://www.aymvision.com/static/index/img/news/你家孩子弱视为什么久治不愈.jpg', '孩子近视度数疯涨？可能是这四个原因', NULL, '一、饮食不均衡\r\n像维生素A、叶黄素等这些物质，都是促进视力发育的关键营养素。如果孩子体内缺乏这些营养，对视力也有很大影响。想要孩子眼睛更加明亮，家长一定要确保饮食营养均衡。当然，平常也可以给孩子吃一些促进视力发育的营养品，同时督促孩子少吃甜食，少喝碳酸饮料，养成良好饮食习惯。\r\n\r\n二、用眼过度\r\n现在很多学龄孩子，学业繁重，除了白天上课外，放学后还要完成好几科的作业，眼睛长时间看书，从而导致用眼过度，这样一来就会使孩子近视度数增加。还有的孩子空闲时间经常玩手机、ipad，这些电子产品产生的蓝光透过视网膜，也会损伤他们的视力。所以，想要更好地保护孩子的视力，家长一定要让孩子合理用眼，多注意休息。\r\n\r\n三、看书姿势不对\r\n有的孩子平时看书、写作业，都爱趴在课桌上，但是长时间近距离用眼会增大眼睛的压力，眼轴变长，从而让近视度数增加。\r\n\r\n不想孩子近视越来越厉害，家长平时一定要规范和监督他们的坐姿，这样才能更好地保护他们的眼睛。此外，建议家长给孩子准备一个儿童专用的护眼台灯，这类台灯光线均匀、柔和，也没有辐射、紫外线等，对孩子们的眼睛有一定的保护作用。\r\n\r\n四、户外运动少\r\n研究表明，经常参加户外活动的孩子比那些经常宅在家里的孩子，近视的发病率要低很多。这是因为户外有一定的强光照射，它会让人的瞳孔缩小，景深加深，眼睛的模糊程度减轻，从而更好地抑制近视的发生。\r\n而且，户外光照也能刺激孩子的视网膜释放更多的多巴胺，让光线更好地集中在视网膜上。所以，平时家长可要多鼓励孩子外出活动，能预防和控制近视。\r\n\r\n\r\n发现孩子近视了该怎么做？·\r\n\r\n孩子一旦近视，是没有办法治愈好的，真性近视可防、可控、不可治。目前市面上所有关于近视康复的这些手段，只能起到缓解眼睛疲劳的效果，起不到降低度数的作用，更起不到治愈近视的作用。\r\n\r\n发现孩子视力异常时，要及时带他们检查，选择科学的近视防控方案。\r\n', 'http://www.aymvision.com/static/index/img/news/孩子近视度数疯涨.jpg', 'bottom', NULL, '2023-03-05 16:29:51');
INSERT INTO `news` VALUES (5, 'http://www.aymvision.com/static/index/img/news/你家孩子弱视为什么久治不愈.jpg', '你家孩子弱视为什么久治不愈', NULL, '弱视早发现、早治疗，能恢复；3~6岁是治疗的黄金时间，9岁后恢复相对较差，12岁后很可能难以恢复。很多家长因为自己的孩子弱视很苦恼，下面，我们来看看弱视久治不愈的原因。\r\n\r\n1、只戴眼镜，不进行其他治疗\r\n为患儿戴眼镜只是应急措施，而不能彻底解决问题，要想彻底解决问题还必须在此基础上，配合其他方法进行治疗，如使用遮盖疗法、康复训练等。\r\n\r\n2、不能坚持使用遮盖疗法\r\n弱视的遮盖疗法主要是通过对健康眼或优势眼的遮盖，强迫患儿使用弱视眼看东西，从而消除其优视眼对弱视眼的抑制，达到增强弱视眼视力的目的。但由于遮盖眼睛影响了患儿的外观，会引起其他孩子的讥笑，因此，不少弱视儿童不愿接受遮盖疗法。有些家长出于对孩子的怜爱，也就听之任之。如果不能坚持使用遮盖疗法，当然也就达不到治疗弱视的目的。\r\n\r\n3、忽略对两眼视觉功能的训练\r\n儿童时期正是一个人双眼的视觉功能(同时视、融合视、立体视)建立、发育、完善的时期。如果孩子在6岁前患上了弱视而不尽快治疗，就会影响其视觉的发育，严重的会丧失双眼的视觉功能，成为立体视觉盲。但是，很多弱视儿童的家长对此却认识不清。他们往往只重视对患儿弱视眼的视力训练，而忽视了对其视觉功能的训练。结果不仅使弱视的治疗效果大大降低，还会影响患儿高级视觉功能的发育和完善。\r\n\r\n4、见好就收\r\n儿童的弱视只要治疗及时，方法得当，就会收到明显效果，但容易复发。如果见效后就立即停止治疗，而不进行巩固治疗，孩子弱视眼的视力可能又会下降。\r\n\r\n5、弱视复发因素\r\n（1）患儿视力在近期内明显上升时，忽略了继续巩固治疗阶段，因视力还不稳定，使患者停止训练甚至不戴眼镜；\r\n（2）家长要求脱眼镜心切，不再严格要求后阶段治疗；\r\n（3）患儿自以为裸眼视力看得清楚而不\r\n', 'http://www.aymvision.com/static/index/img/news/你家孩子弱视为什么久治不愈.jpg', 'science', NULL, '2023-03-05 16:30:02');
INSERT INTO `news` VALUES (6, 'http://www.aymvision.com/static/index/img/news/孩子近视度数疯涨.jpg', '眼镜戴上就取不下来了！你知道还有后半句是什么吗？', NULL, '我们很多成年人认为：眼镜戴上就取不下来了。\r\n所以自己看不清也坚持不戴眼镜，并且孩子看不清了也不准戴眼镜。\r\n这个问题，每个眼科医生都被问过千百遍。虽然觉得是个显而易见，甚至有点好笑的问题，但始终没有找到更好的回答方式。这篇文章试图能有一个满意的解答。\r\n\r\n\r\n其实，只要确认近视之后就再也回不去没近视的状态了，但并不是戴眼镜造成度数增加，而是因为儿童和青少年正处于生长发育当中以及近距离用眼强度高，所以，近视度数就会一直加深，对眼镜就会更加依赖。\r\n有些家长不让小孩配戴近视眼镜，是因为听说一戴眼镜就要戴一辈子，而错以为戴上眼镜反而让度数增加了。\r\n\r\n戴眼镜的意义：\r\n（1）看得更远更清楚（学习、生活、工作需要）\r\n（2）睫状肌可以处于最放松的状态（缓解持续看近处引起的视觉疲劳）\r\n（3）预防、改善、纠正斜视和弱视（远视易合并内斜和弱视；近视后调节力下降、集合不足，易出现外斜视）\r\n\r\n值得注意的是，儿童一旦近视后，如果不加以控制，度数每年会增加100度左右（青少年是每年50度左右），今年100度，过了一年变成200度，这时如果不戴眼镜，看中远距离就会很吃力，所以经常会眯着眼才看得清楚。而长期眯眼的结果，度数可能增加得更快，最后不配眼镜已经看不到黑板的字，也影响到了日常生活。\r\n\r\n等配了眼镜后再经一年，度数又增加了100度，就像这样，度数一年比一年深，必须更依赖眼镜来看清楚东西，眼镜更拿不下来了。\r\n\r\n所以，眼镜需要的时候还是要佩戴，重点是一定要控制好度数增加的速度。这样做，最显而易见的好处是可以省下每年换镜片的费用，让你有考虑帮孩子换功能多一点的镜片（如角膜塑形镜），延缓近视增长速度。而更长远的好处，则是降低孩子日后成为高度近视的概率。\r\n\r\n同时，随近视度数的增加，眼轴变长，导致眼球前突的可能性越大，这就是我们前面所说的戴镜会让眼睛变形的错误说法，所以，合理控制近视度数的增长，控制眼轴过长才是最有现实意义的，建议每3-6个月去专业的眼科机构测量眼轴角膜曲率等。\r\n\r\n总结：\r\n孩子近视了，眼镜戴上就取不下来了！是的，没错很多家长只知道前半句，不知道还有后半句后半句是：眼镜不戴，不但取不下来，度数涨的\r\n', 'http://www.aymvision.com/static/index/img/news/你家孩子弱视为什么久治不愈.jpg', 'bottom', NULL, '2023-03-05 16:29:57');
INSERT INTO `news` VALUES (7, 'http://www.aymvision.com/static/index/img/news/孩子近视度数疯涨.jpg', '孩子近视度数疯涨？可能是这四个原因', NULL, '一、饮食不均衡\r\n像维生素A、叶黄素等这些物质，都是促进视力发育的关键营养素。如果孩子体内缺乏这些营养，对视力也有很大影响。想要孩子眼睛更加明亮，家长一定要确保饮食营养均衡。当然，平常也可以给孩子吃一些促进视力发育的营养品，同时督促孩子少吃甜食，少喝碳酸饮料，养成良好饮食习惯。\r\n\r\n二、用眼过度\r\n现在很多学龄孩子，学业繁重，除了白天上课外，放学后还要完成好几科的作业，眼睛长时间看书，从而导致用眼过度，这样一来就会使孩子近视度数增加。还有的孩子空闲时间经常玩手机、ipad，这些电子产品产生的蓝光透过视网膜，也会损伤他们的视力。所以，想要更好地保护孩子的视力，家长一定要让孩子合理用眼，多注意休息。\r\n\r\n三、看书姿势不对\r\n有的孩子平时看书、写作业，都爱趴在课桌上，但是长时间近距离用眼会增大眼睛的压力，眼轴变长，从而让近视度数增加。\r\n\r\n不想孩子近视越来越厉害，家长平时一定要规范和监督他们的坐姿，这样才能更好地保护他们的眼睛。此外，建议家长给孩子准备一个儿童专用的护眼台灯，这类台灯光线均匀、柔和，也没有辐射、紫外线等，对孩子们的眼睛有一定的保护作用。\r\n\r\n四、户外运动少\r\n研究表明，经常参加户外活动的孩子比那些经常宅在家里的孩子，近视的发病率要低很多。这是因为户外有一定的强光照射，它会让人的瞳孔缩小，景深加深，眼睛的模糊程度减轻，从而更好地抑制近视的发生。\r\n而且，户外光照也能刺激孩子的视网膜释放更多的多巴胺，让光线更好地集中在视网膜上。所以，平时家长可要多鼓励孩子外出活动，能预防和控制近视。\r\n\r\n\r\n发现孩子近视了该怎么做？·\r\n\r\n孩子一旦近视，是没有办法治愈好的，真性近视可防、可控、不可治。目前市面上所有关于近视康复的这些手段，只能起到缓解眼睛疲劳的效果，起不到降低度数的作用，更起不到治愈近视的作用。\r\n\r\n发现孩子视力异常时，要及时带他们检查，选择科学的近视防控方案。\r\n', 'http://www.aymvision.com/static/index/img/news/孩子近视度数疯涨.jpg', 'service', NULL, '2023-03-05 16:29:30');
INSERT INTO `news` VALUES (10, 'http://www.aymvision,com/static/wxsource/wxImg/headimg/cde75e2537e816800f27420914fbc291.jpg', '111', NULL, '211213312123132', 'http://www.aymvision.com/static/wxsource/wxImg/headimg/ecd34e8c0a215cb2c95464528d549e8a.jpg', 'product', NULL, '2023-03-05 16:29:25');
INSERT INTO `news` VALUES (11, 'http://www.aymvision,com/static/wxsource/wxImg/headimg/ead73ec7f650e1f1e47cacdd3fc31d6d.jpg', '233', NULL, '1111111111', 'http://www.aymvision.com/static/wxsource/wxImg/headimg/728bcca210d875f7d8f88da2e32b0ebf.jpg', 'product', NULL, '2023-03-05 16:29:19');
INSERT INTO `news` VALUES (12, '', '澳伊美产品保障细则', NULL, '时间：2023年2月22日至2023年12月31日\r\n权益有效期：自购买日起365天\r\n保障内容：任一单眼近视度数增长超过75度（含75度）的（不包含含散光度数）\r\n换新地点：原购买门店。\r\n参与无忧换新保障资格：\r\n消费者于活动期内购买的产品，自购买日起365天内享受此权益，超期失效。\r\n儿童青少年年龄4- 16岁 ，未成年人应在其监护人陪同下参与此活动；\r\n配戴者为真性近视，近视度数不高于600度，散光度数不高于400度，且未患有过或正在患有任何类型的眼疾，未患有斜弱视；\r\n【消费者需承诺和保证：每天保持配戴时间大于12小时且提供的信息真实准确】\r\n*活动期内，同一配戴者仅限享受一次换新权益，已申请换新的配戴者不可再参与保障。（未申请过换新的同一配戴者，可在参与活动的门店再次购买镜片后加入无忧换新保障）。\r\n无忧换新条件：\r\n配戴者需每天保持配戴时间大于12小时，并且配合家庭训练或专业训练室训练；\r\n自购买日365天内，任一单眼近视度数增长超过75度（含75度）的；\r\n超过75度（含75度），是指购买日365天内的近视度数复查与原购镜日验配单记录的度数进行比较，测量需在同一矫正前提下（包括但不限于两次矫正均为1.0，或均为散瞳验光等），且需在同一门店测量以减少不同设备的测量误差。\r\n在保障期间，如因意外（包括但不限于车祸、地震、暴力事件、暴乱、军事冲突等）导致视力变化及在活动期间发生病理性原因引起的视力变化，如糖尿病等，将无法享受无忧换新权益。\r\n用户须知：\r\n购买日以销售发票为准；\r\n度数指近视度数，不包含散光；\r\n换新限于镜片，不包含镜架以及训练产品；\r\n换新的镜片为原购买产品相同类型、相同折射率和相同膜层镜片，原镜片将由购镜门店回收后退还我司；\r\n换新的镜片不可折现，也不可与门店其它优惠活动共享；\r\n换新的镜片不可再次参与无忧换新保障活动，且如无质量问题，不退不换；如经我司检验确有质量问题的，可更换；\r\n需注意，错误或不实的信息可能会影响无忧换新权益。\r\n \r\n详询我司在线客服，或电话联系：400-166-5895\r\n', '', 'ensure', NULL, '2023-03-06 15:15:17');
INSERT INTO `news` VALUES (15, 'http://www.aymvision.com/static/index/img/news/ABUIABAEGAAgvKiz3wUoyvCtzQEw3wE4wQE!160x160.png', '了解澳伊美光学镜片的优势', NULL, '澳伊美光学镜片设计-全新非球面设计，有效扩大优质光学区域，多种高清膜层技术，色彩更均匀，视觉更持久，提供高端双非设计产品，镜片更轻，更薄，更清晰，产品都具有更高的水平佩戴效果，多层膜的缓冲効果、实现了更耐用的效果，优质的耐磨性能，视野清晰，透过率99%的高级清晰镜片最大限度的抑制反射，实现自然的视野。\n<br/>更好的镜片能够帮助降低视力，更看得清楚物品，带着更加舒服，轻松，让你在阅读，驾驶，玩电脑的时候，带来更大的帮助。', 'http://www.aymvision.com/static/index/img/news/ABUIABAEGAAg-qiz3wUoyIvZvAUw9QM4mAI.png', 'web', NULL, NULL);
INSERT INTO `news` VALUES (16, 'http://www.aymvision.com/static/index/img/news/ABUIABAEGAAgvKiz3wUoyvCtzQEw3wE4wQE!160x160.png', '什么是近视', NULL, '什么是近视<br/><br/>概述：<br/>近视是屈光不正的一种。当眼在调节放松的状态下，平行光线经眼球屈光系统后聚焦在视网膜之前，这导致视网膜上不能形成清晰像，称为近视眼。此时检查验光会提示近视度数，例如通常称近视50度，记录为“-0.50 D”。<br/>当眼调节放松的状态下，外界的平行光进入眼内，其焦点正好落在视网膜上，则形成清晰像，若焦点无法落在视网膜上，则称为非正视，也就是屈光不正。<br/>流行病学：<br/>近年来，我国近视发生率呈明显上升趋势，近视已成为影响我国国民尤其是青少年眼健康的重大公共问题。这类最常见的眼科疾病被列为世界三大疾病之一，我国人口近视发生率约为33%，是世界平均水平（占总人口的22%）的1.5倍。<br/>类型：<br/>近视常见的分类方法有三类，分别依据近视度数、屈光成分和病程进展进行分类。<br/>（一）轻度近视、中度近视和高度近视<br/>轻度近视：≤300度（≤-3.00 D）；<br/>中度近视： 300度~600度（-3.00 D~-6.00 D）；<br/>高度近视：＞600度（＞-6.00 D）；<br/>（二）轴性近视和屈光性近视<br/>轴性近视：最常见，眼球前后径过长（即眼轴长度超出正常范围），而屈光力（即角膜和晶状体等眼其他屈光成分的屈光性能）基本在正常范围。<br/>屈光性近视：主要由于角膜或晶状体曲率过大，或各屈光成分之间组合异常，导致屈光力超出正常范围，而眼轴长度基本在正常范围。<br/>（三）单纯性近视和病理性近视<br/>单纯性近视：近视度数一般在-6.00 D以内，大部分患者的眼底无病理变化，进展缓慢，用适当的镜片即可将视力矫正至正常，其他视功能指标多属正常。<br/>病理性近视：一般近视度数较高，且伴有不同程度的眼底改变。患者除了远视力差之外，常伴有夜间视力差、飞蚊症、漂浮物、闪光感等，发生视网膜脱落、撕裂、裂孔、黄斑出血、新生血管和开角型青光眼的危险性要大得多。<br/>', 'http://www.aymvision.com/static/index/img/news/什么是近视.png', 'web', NULL, NULL);
INSERT INTO `news` VALUES (17, 'http://www.aymvision.com/static/index/img/news/ABUIABAEGAAgvKiz3wUoyvCtzQEw3wE4wQE!160x160.png', '近视的发病原因', NULL, '	近视的发病原因<br/>关于近视形成的原因，目前还不完全清楚，大多数学者认为近视与多种因素有关，包括遗传因素、环境因素、不良用眼习惯等。<br/>（一）遗产因素<br/>遗传：大量调查表明，近视具有一定的遗传倾向，常可见家族聚集性，父母双方或 一方近视，孩子发生近视的可能性会增大。其中比较明确的是，高度近视的发生为常染色体隐性遗传。<br/>发育：婴儿因眼球较小，故均为远视，但随着年龄的增长，眼轴也逐渐加长，至6岁后方发育正常。如发育过度，则形成近视，此种近视称为单纯性近视，多在学龄期开始，一般都低于600度。至20岁左右即停止发展。如幼年时进展很快，至15～20岁时进展更迅速，以后即减慢，这类近视常高于600度，可到2000～2500或3000度。这种近视称为高度近视或进行性近视或病理性近视。此种近视到晚年可发生退行性变，因此视力可逐渐减退，配镜不能矫正视力。但有极少数为先天性的，在出生时就有近视眼。<br/>（二）环境因素<br/>长期近距离用眼者的近视发生率较高，这也是我国青少年近视高发的主要原因。如果再叠加上环境照明不佳，阅读字迹过小或模糊不清、持续时间过长、缺乏户外活动等因素，更加促进近视的发生与发展。<br/>（三）诱发因素<br/>有研究提示，微量元素缺乏、营养成分失调以及大气污染，可能都是近视的诱发因素；<br/>随着近年来电子产品的普及，长期近距离看电子屏幕也可能会促使近视发生发展。<br/>', 'http://www.aymvision.com/static/index/img/news/近视的发病原因.png', 'web', NULL, NULL);
INSERT INTO `news` VALUES (18, 'http://www.aymvision.com/static/index/img/news/ABUIABAEGAAgvKiz3wUoyvCtzQEw3wE4wQE!160x160.png', '近视的临床表现', NULL, '近视最为熟知的症状就是看近处基本正常，看远处视物模糊。随着近视度数增加，还会伴随一些其他视觉症状。\n（一）典型症状\n	视力\n近视最突出的症状是远视力降低，但近视力可正常。看远处目标时常不自觉眯起眼睛。虽然，近视的度数愈高远视力愈差，但没有严格的比例。一般说，300度以上的近视眼，远视力不会超过0.1；200度者在0.2～0.3之间；1.00D者可达0.5，有时可能更好些。\n	视力疲劳\n过度用眼后出现重影、畏光、眼干、眼痒、眼异物感、眼部酸胀、头痛等。\n	眼位\n由于近视眼视近时不需要调节，所以集合功能相对减弱，待到肌力平衡不能维持时，双眼视觉功能就被破坏，只靠一眼视物，另一只眼偏向外侧，成为暂时性交替性斜视。若偏斜眼的视功能极差，且发生偏斜较早，可使偏斜眼丧失固视能力，成为单眼外斜视。\n	眼球\n高度近视眼，多属于轴性近视，眼球前后轴伸长，其伸长几乎限于后极部。故常表现眼球较突出，前房较深，瞳孔大而反射较迟钝。由于不存在调节的刺激，睫状肌尤其是环状部分变为萎缩状态，在极高度近视眼可使晶体完全不能支持虹膜，因而发生轻度虹膜震颤。\n	眼底\n低度近视眼眼底变化不明显，高度近视眼，因眼轴的过度伸长，可引起眼底的退行性改变。\n（二）伴随症状\n当近视度数较高，尤其是病理性近视或当合并眼底损害时，可出现以下表现：\n	视物遮挡\n视野改变，引起视物遮挡感。尤其当并发视网膜脱离时，看东西可出现大片遮幕感。\n	视物变形\n当病理性近视并发黄斑变性，黄斑出血或黄斑裂孔时，可出现视物变形。\n	视物重影，眼球转动受限\n高度近视眼可发生固定性内斜视，场表现为极度的内下斜视，眼球转动受限。\n	色觉异常\n病理性近视可出现继发性色觉异常。常见有蓝色觉及黄色觉异常，当病变累及黄斑部时，可出现红色觉异常。\n	光觉异常\n病理性近视的光敏感性可能降低，且比矫正视力更敏感。暗适应功能异常，也就是从强光环境进入暗处，眼睛很长时间不能看清物体，甚至出现不同程度的夜盲。\n	对比敏感度下降\n患者可能视力下降没有那么严重，但是眼睛对平均亮度的区域辨别差别的能力严重下降。\n	飞蚊症\n眼前黑影飘动的感觉，似有蚊虫在眼前飞动，可随年龄增长而增多。\n近视的临床表现<br/>近视最为熟知的症状就是看近处基本正常，看远处视物模糊。随着近视度数增加，还会伴随一些其他视觉症状。<br/>（一）典型症状<br/>视力<br/>近视最突出的症状是远视力降低，但近视力可正常。看远处目标时常不自觉眯起眼睛。虽然，近视的度数愈高远视力愈差，但没有严格的比例。一般说，300度以上的近视眼，远视力不会超过0.1；200度者在0.2～0.3之间；1.00D者可达0.5，有时可能更好些。<br/>视力疲劳<br/>过度用眼后出现重影、畏光、眼干、眼痒、眼异物感、眼部酸胀、头痛等。<br/>眼位<br/>由于近视眼视近时不需要调节，所以集合功能相对减弱，待到肌力平衡不能维持时，双眼视觉功能就被破坏，只靠一眼视物，另一只眼偏向外侧，成为暂时性交替性斜视。若偏斜眼的视功能极差，且发生偏斜较早，可使偏斜眼丧失固视能力，成为单眼外斜视。<br/>眼球<br/>高度近视眼，多属于轴性近视，眼球前后轴伸长，其伸长几乎限于后极部。故常表现眼球较突出，前房较深，瞳孔大而反射较迟钝。由于不存在调节的刺激，睫状肌尤其是环状部分变为萎缩状态，在极高度近视眼可使晶体完全不能支持虹膜，因而发生轻度虹膜震颤。<br/>眼底<br/>低度近视眼眼底变化不明显，高度近视眼，因眼轴的过度伸长，可引起眼底的退行性改变。<br/>（二）伴随症状<br/>当近视度数较高，尤其是病理性近视或当合并眼底损害时，可出现以下表现：<br/>视物遮挡<br/>视野改变，引起视物遮挡感。尤其当并发视网膜脱离时，看东西可出现大片遮幕感。<br/>视物变形<br/>当病理性近视并发黄斑变性，黄斑出血或黄斑裂孔时，可出现视物变形。<br/>视物重影，眼球转动受限<br/>高度近视眼可发生固定性内斜视，场表现为极度的内下斜视，眼球转动受限。<br/>色觉异常<br/>病理性近视可出现继发性色觉异常。常见有蓝色觉及黄色觉异常，当病变累及黄斑部时，可出现红色觉异常。<br/>光觉异常<br/>病理性近视的光敏感性可能降低，且比矫正视力更敏感。暗适应功能异常，也就是从强光环境进入暗处，眼睛很长时间不能看清物体，甚至出现不同程度的夜盲。<br/>对比敏感度下降<br/>患者可能视力下降没有那么严重，但是眼睛对平均亮度的区域辨别差别的能力严重下降。<br/>飞蚊症<br/>眼前黑影飘动的感觉，似有蚊虫在眼前飞动，可随年龄增长而增多。<br/><br/><br/><br/><br/>', 'ABUIABAEGAAg-qiz3wUoyIvZvAUw9QM4mAI.png', 'web', NULL, NULL);
INSERT INTO `news` VALUES (19, 'http://www.aymvision.com/static/index/img/news/ABUIABAEGAAgvKiz3wUoyvCtzQEw3wE4wQE!160x160.png', '近视的检查与诊断', NULL, '眼部检查包括裸眼视力、矫正视力、眼压测定、眼底检查等，并用电脑验光、散瞳检影。还采用角膜地图仪、角膜测厚仪、裂隙灯等检查角膜、屈光间质、眼底、角膜厚度和曲率半径等。通过散瞳、验光可明确诊断近视。\n对于高度近视或病理性近视者，一旦发生视物遮挡、视物变形、光学异常的时候，应该警惕视网膜或眼底病变，尽快就医，做进一步检查。\n（一）相关检查\n	视力检查\n视力检查是发现近视的第一步，通过规范的视力检查，可以简便迅速地可近视与正常人区别开。\n学龄前儿童视力检查界值必须考虑年龄因素，中华医学会眼科学分会斜视弱视视学组提出，将不同年龄组儿童的正常视力参考值下限定为：3~5岁0.5，6岁以上0.7。6岁以上的学龄期儿童，裸眼视力如果低于小数视力0.5，是怀疑屈光异常的标准。\n	散瞳验光\n其学术名称为睫状肌麻痹验光，这是国际公认的诊断近视的金标准。对于12岁以下，尤其是初次验光，或有远视、斜视、弱视和较大散光的儿童建议必须进行睫状肌麻痹验光。\n	眼底检查\n眼底检查通常也在散瞳之后进行，包括彩色眼底照相、直接检眼镜检查、间接检眼镜检查等，可以直观看到和分析眼底病变，对于中、高度近视或有眼底病变症状的患者尤其有必要。\n	裂隙灯检查\n这项检查在暗室中进行，可以了解眼内部多个结构的功能。\n	其他检查\n随着技术发展，眼科专业精密的检查越来越完善，可以通过不同方达对眼部发育、视功能进行检查，包括功能角膜曲率、限轴长度、调节与聚散功能、眼压与视野、A/B超、光学相干断层扫描检查（OCT）、眼底荧光素血管造影检查（FFA）等，这些检查需根据患者不同情况进行安排。\n（二）鉴别诊断\n通常说的假性近视是因眼睛调节不佳导致的功能性近视，通过放松、休息、散瞳干预后可视力恢复正常，不需要佩戴眼镜，需要和真性近视进行鉴别。\n近视的检查与诊断<br/>眼部检查包括裸眼视力、矫正视力、眼压测定、眼底检查等，并用电脑验光、散瞳检影。还采用角膜地图仪、角膜测厚仪、裂隙灯等检查角膜、屈光间质、眼底、角膜厚度和曲率半径等。通过散瞳、验光可明确诊断近视。<br/>对于高度近视或病理性近视者，一旦发生视物遮挡、视物变形、光学异常的时候，应该警惕视网膜或眼底病变，尽快就医，做进一步检查。<br/>（一）相关检查<br/>视力检查<br/>视力检查是发现近视的第一步，通过规范的视力检查，可以简便迅速地可近视与正常人区别开。<br/>学龄前儿童视力检查界值必须考虑年龄因素，中华医学会眼科学分会斜视弱视视学组提出，将不同年龄组儿童的正常视力参考值下限定为：3~5岁0.5，6岁以上0.7。6岁以上的学龄期儿童，裸眼视力如果低于小数视力0.5，是怀疑屈光异常的标准。<br/>散瞳验光<br/>其学术名称为睫状肌麻痹验光，这是国际公认的诊断近视的金标准。对于12岁以下，尤其是初次验光，或有远视、斜视、弱视和较大散光的儿童建议必须进行睫状肌麻痹验光。<br/>眼底检查<br/>眼底检查通常也在散瞳之后进行，包括彩色眼底照相、直接检眼镜检查、间接检眼镜检查等，可以直观看到和分析眼底病变，对于中、高度近视或有眼底病变症状的患者尤其有必要。<br/>裂隙灯检查<br/>这项检查在暗室中进行，可以了解眼内部多个结构的功能。<br/>其他检查<br/>随着技术发展，眼科专业精密的检查越来越完善，可以通过不同方达对眼部发育、视功能进行检查，包括功能角膜曲率、限轴长度、调节与聚散功能、眼压与视野、A/B超、光学相干断层扫描检查（OCT）、眼底荧光素血管造影检查（FFA）等，这些检查需根据患者不同情况进行安排。<br/>（二）鉴别诊断<br/>通常说的假性近视是因眼睛调节不佳导致的功能性近视，通过放松、休息、散瞳干预后可视力恢复正常，不需要佩戴眼镜，需要和真性近视进行鉴别。<br/> <br/>', 'http://www.aymvision.com/static/index/img/news/近视的检查与诊断.png', 'web', NULL, NULL);
INSERT INTO `news` VALUES (20, 'http://www.aymvision.com/static/index/img/news/ABUIABAEGAAgvKiz3wUoyvCtzQEw3wE4wQE!160x160.png', '近视的治疗', NULL, '近视矫正方法目前主要是佩戴框架眼镜、角膜接触镜和屈光手术，不管何种方式，均是通过镜片或者改变眼屈光面的折射力，达到清晰成像在视网膜上的目的。\n（一）配戴眼镜\n　　在近视眼的眼前放置一适当凹透镜，平行光束通过后被分散入眼，焦点因此后移，正落在视网膜上，可获得清晰的远视力。矫正近视凹透镜片度数的选择原则是，在获得正常视力（1.0～1.2）或最满意的视力（即矫正不到1.0时的最佳视力）的几个凹透镜片中选其中度数最小的作为该眼的矫正度数。\n正确适当度数的凹透镜除提高视力外，可恢复调节与集合的平衡，缓解视疲劳，预防或矫正斜视或弱视，减低屈光参差，有利建立与发展双眼同视功能，近视散光者戴镜矫正有可能阻止屈光度加深。\n（二）角膜接触镜\n角膜接触镜俗称隐形眼镜，其矫正原理和框架眼镜基本相同，不同的是这类眼镜与角膜直接接触，减少了框架眼镜距离眼睛较远所致的放大率改变，接触镜的度数一般比框架眼镜减少50-100度。\n（三）角膜塑形镜（OK镜）\n这是一种特殊设计的透气性硬镜，通过配戴使角膜中央区域的弧度在一定范围内变平，从而暂时性降低一定量的近视度数，但是这种效果有限，一般适用于 600 度以下的人群，且效果是可逆的，一旦停戴，近视度数会恢复原有水平，不能真正治愈近视。\n研究表明，长期配戴角膜塑形镜可延缓青少年眼轴长度进展，减缓近视度数增长，需由临床经验丰富的医师酌情考虑验配，未成年儿童需要有家长监护配合治疗。\n（四）手术治疗\n近视眼的手术治疗近年来已在国内外普遍应用。手术种类较多，可分为：\n	角膜手术包括准分子激光原位角膜磨削术（LASIK）、准分子激光角膜切削术（PRK）、放射性角膜切开术以及较少用的自动板层成形术、角膜环放置术、表面角膜移植术、角膜镜片术等。此类手术一般用于近视眼已停止发展者。手术能通过改变角膜的曲度，矫正近视性屈光不正，但对病理性近视眼的眼底变化及各种并发症并无作用。\n	晶状体及人工晶状体手术对高度近视眼作透明晶状体摘出术以矫正屈光不正已有较久历史，但需注意术后发生视网膜脱离、黄斑囊样水肿等并发症的可能。近年应用超声乳化术合并人工晶状体植入术，效果较好。也有人对透明晶状体的高度近视眼者在晶状体前放置前房型或后房型的人工晶状体，以矫正屈光不正，也取得了一定的矫正效果。本法矫正屈光不正的能力较强，对于1200度以上的高度近视，角膜较薄，估计用角膜屈光手术不易矫正者可能更为适用。\n	巩膜后部加固术对进行性的病理性近视眼用阔筋膜、异体巩膜条带、硬脑膜或硅胶海绵等绕过眼球后极作巩膜后部加固，希望能防止近视眼进行及减少眼底并发症的发生。\n（五）药物治疗\n　　曾用于治疗近视眼的药物种类繁多，包括阿托品、新斯的明、托品卡胺等。\n（六）其他治疗\n　　其他凡无害于眼而有一定理论依据的治疗方法，如雾视法、双眼合像法及合像增视仪、远眺法、睫状肌锻炼法等均可试用。\n近视的治疗<br/>近视矫正方法目前主要是佩戴框架眼镜、角膜接触镜和屈光手术，不管何种方式，均是通过镜片或者改变眼屈光面的折射力，达到清晰成像在视网膜上的目的。<br/>（一）配戴眼镜<br/>　　在近视眼的眼前放置一适当凹透镜，平行光束通过后被分散入眼，焦点因此后移，正落在视网膜上，可获得清晰的远视力。矫正近视凹透镜片度数的选择原则是，在获得正常视力（1.0～1.2）或最满意的视力（即矫正不到1.0时的最佳视力）的几个凹透镜片中选其中度数最小的作为该眼的矫正度数。<br/>正确适当度数的凹透镜除提高视力外，可恢复调节与集合的平衡，缓解视疲劳，预防或矫正斜视或弱视，减低屈光参差，有利建立与发展双眼同视功能，近视散光者戴镜矫正有可能阻止屈光度加深。<br/>（二）角膜接触镜<br/>角膜接触镜俗称隐形眼镜，其矫正原理和框架眼镜基本相同，不同的是这类眼镜与角膜直接接触，减少了框架眼镜距离眼睛较远所致的放大率改变，接触镜的度数一般比框架眼镜减少50-100度。<br/>（三）角膜塑形镜（OK镜）<br/>这是一种特殊设计的透气性硬镜，通过配戴使角膜中央区域的弧度在一定范围内变平，从而暂时性降低一定量的近视度数，但是这种效果有限，一般适用于 600 度以下的人群，且效果是可逆的，一旦停戴，近视度数会恢复原有水平，不能真正治愈近视。<br/>研究表明，长期配戴角膜塑形镜可延缓青少年眼轴长度进展，减缓近视度数增长，需由临床经验丰富的医师酌情考虑验配，未成年儿童需要有家长监护配合治疗。<br/>（四）手术治疗<br/>近视眼的手术治疗近年来已在国内外普遍应用。手术种类较多，可分为：<br/>角膜手术包括准分子激光原位角膜磨削术（LASIK）、准分子激光角膜切削术（PRK）、放射性角膜切开术以及较少用的自动板层成形术、角膜环放置术、表面角膜移植术、角膜镜片术等。此类手术一般用于近视眼已停止发展者。手术能通过改变角膜的曲度，矫正近视性屈光不正，但对病理性近视眼的眼底变化及各种并发症并无作用。<br/>晶状体及人工晶状体手术对高度近视眼作透明晶状体摘出术以矫正屈光不正已有较久历史，但需注意术后发生视网膜脱离、黄斑囊样水肿等并发症的可能。近年应用超声乳化术合并人工晶状体植入术，效果较好。也有人对透明晶状体的高度近视眼者在晶状体前放置前房型或后房型的人工晶状体，以矫正屈光不正，也取得了一定的矫正效果。本法矫正屈光不正的能力较强，对于1200度以上的高度近视，角膜较薄，估计用角膜屈光手术不易矫正者可能更为适用。<br/>巩膜后部加固术对进行性的病理性近视眼用阔筋膜、异体巩膜条带、硬脑膜或硅胶海绵等绕过眼球后极作巩膜后部加固，希望能防止近视眼进行及减少眼底并发症的发生。<br/>（五）药物治疗<br/>　　曾用于治疗近视眼的药物种类繁多，包括阿托品、新斯的明、托品卡胺等。<br/>（六）其他治疗<br/>　　其他凡无害于眼而有一定理论依据的治疗方法，如雾视法、双眼合像法及合像增视仪、远眺法、睫状肌锻炼法等均可试用。<br/>', NULL, 'web', NULL, NULL);
INSERT INTO `news` VALUES (21, 'http://www.aymvision.com/static/index/img/news/ABUIABAEGAAgvKiz3wUoyvCtzQEw3wE4wQE!160x160.png', '近视吃什么好', NULL, '近视吃什么好？<br/><br/><br/>维生素类：<br/>适当多应用维生素 A、B1、B2、D、C 及 E 治疗，因为这类维生素能改善眼内视网膜、视神经等组织的营养与代谢，对增强巩膜坚韧性与睫状肌的肌力也有一定作用。<br/>维生素不能在体内合成，必须依靠食物供应，动物肝脏、乳类、蛋类、鱼肝油等维生素的含量较高，新鲜水果含有大量维生素 C，豆类、花生等也有一定含量。<br/><br/>蛋白质与钙质：<br/>这对增强发育，预防近视有作用 。<br/>食物中如牛骨、猪骨等动物骨所含的钙质丰富，最被人体吸收和利用。其他如乳类、豆类产品、蛤蜊、螃蟹、虾米、鸡蛋、荠菜、油菜、花生米、大枣等的钙含量亦较高。<br/><br/>锌与铬：<br/>锌与铬也是人体必须的微量元素，特别是锌对眼内组织具有较多作用 。近视眼患者普遍缺锌铬。<br/>适宜食物如黄豆、燕麦粉、杏仁、紫菜、海带、羊肉、牛排、黄鱼、海蜒、牡蛎、奶粉、可可粉、茶叶等含锌量较多；酵母、牛肉、谷类、肉类、肝类与干酪等含铬量较多。<br/>', NULL, 'web', NULL, NULL);
INSERT INTO `news` VALUES (22, 'http://www.aymvision.com/static/index/img/news/ABUIABAEGAAgvKiz3wUoyvCtzQEw3wE4wQE!160x160.png', '近视的日常预防', NULL, '近视的日常预防<br/><br/>日常生活管理：<br/>1.选择正规验光配镜机构咨询，及时科学配镜，矫正视力，防止恶化。<br/>2.定期进行眼料检查，包括视力、眼压、视野，眼轴等的变化情况，18岁以下的青少年应该至少每半年进行一次眼科检查。<br/>3.保持眼部卫生，不随意揉眼，即使是成年也要注意避免用眼过度疲劳。<br/>4.戒烟、少量饮酒的健康生活方式利于视网膜及眼底的保护。<br/>5.如果患有糖尿病、高血压等慢性病，一定要定期进行眼部检查，避免眼部并发症。<br/>6.多吃新鲜水果、蔬菜及富含w-3脂肪酸的金枪鱼、三文鱼等。<br/>7.当突然出现视物模糊、视力丧失、眼前黑影、视野缺损、视力(尤以近视力)进行性或突发性下降，须及时就医排查视网膜脱离、青光眼、脑血管病等。<br/><br/>日常预防：<br/>1.控制用眼距离，避免用眼距离<33 cm，避免近距离用眼时间超过 45 min。工作或阅读时，坚持“一尺一拳一寸(阅读距离 33 cm;身体距桌8cm;手距笔尖 3.33 cm)”护眼原则，保持良好坐姿。长时间用眼后注意眺望一下远方，休息下眼睛。<br/>2.增加户外活动，每天必须有2小时以上，或每周10小时以上户外活动时间。<br/>3.培养正确做眼保健操的习惯,<br/>4.改善照明环境，避免在较暗光线下学习工作。<br/>5.保障充足睡眠时间，让眼睛得以充分休息。小学生每天睡眠10小时、初中生每天睡眠9小时、高中阶段学生每天睡眠8小时，成年人每天应睡眠7~8小时(每天不宜少于6小时)，<br/>6.培养良好的阅读习惯，不躺着看书、玩手机，不在公交上看书、玩手机。<br/>7.控制手机、电脑等电子产品的使用，非学习目的的电子产品使用单次不宜超过15分钟，每天累计不宜超过1小时，使用电子产品学习30~40分钟后，应休息远眺放松10分钟。年龄越小，连续使用电子产品的时间应越短，可考虑使用有红光滤讨功能的电子产品。<br/><br/>', NULL, 'web', NULL, NULL);
INSERT INTO `news` VALUES (23, 'http://www.aymvision.com/static/index/img/news/ABUIABAEGAAgvKiz3wUoyvCtzQEw3wE4wQE!160x160.png', '近视防控引导', NULL, '近视的危害\n1、引起并发症\n尤其是高度近视，会引发青光眼、白内障、视网膜脱落等眼部疾病。\n2、影响职业规划\n很多职业学科对视力有要求，例如：当兵、飞行员等等。视力不好，在进行职业规划选择上会受到很大限制。\n3、影响身心健康\n戴眼镜活动不方便，有时候不能参加剧烈运动，会被周围的同龄人嘲笑，影响孩子的身心发展，而且近视的孩子免疫力低下。\n4、影响学习成绩\n眼睛是心灵的窗户，80%的信息都是通过眼睛传递，眼睛近视了，看书看黑板看不清，学习吃力，成绩自然就受牵连。\n5、导致眼睛变形\n高度近视会引起眼球突出，导致外貌受损，会出现眼轴增长，眼球变形，眼窝下陷等等。\n6、近视会遗传给下一代\n近视有一定的遗传倾向，如果不加以干预和控制，将会影响下一代，且先天性近视注定是高度近视。\n近视防护\n1、正确用眼\n端正用眼姿势，环境灯光不要过暗或过强，保持合理用眼时间，连续用眼不超过40分钟。\n2、定期检查\n凡视力不正常者应到合格眼镜公司的视光师或眼科医师处做进一步的眼睛检查。\n3、保持良好的用眼习惯\n日常注意用眼卫生，不要用手乱擦眼睛，如眼睛发生炎症或眼疾，应积极治疗。多做户外运动。\n4、镜片损坏及时更换\n近视防控引导<br/>近视的危害<br/>1、引起并发症<br/>尤其是高度近视，会引发青光眼、白内障、视网膜脱落等眼部疾病。<br/>2、影响职业规划<br/>很多职业学科对视力有要求，例如：当兵、飞行员等等。视力不好，在进行职业规划选择上会受到很大限制。<br/>3、影响身心健康<br/>戴眼镜活动不方便，有时候不能参加剧烈运动，会被周围的同龄人嘲笑，影响孩子的身心发展，而且近视的孩子免疫力低下。<br/>4、影响学习成绩<br/>眼睛是心灵的窗户，80%的信息都是通过眼睛传递，眼睛近视了，看书看黑板看不清，学习吃力，成绩自然就受牵连。<br/>5、导致眼睛变形<br/>高度近视会引起眼球突出，导致外貌受损，会出现眼轴增长，眼球变形，眼窝下陷等等。<br/>6、近视会遗传给下一代<br/>近视有一定的遗传倾向，如果不加以干预和控制，将会影响下一代，且先天性近视注定是高度近视。<br/>近视防护<br/>1、正确用眼<br/>端正用眼姿势，环境灯光不要过暗或过强，保持合理用眼时间，连续用眼不超过40分钟。<br/>2、定期检查<br/>凡视力不正常者应到合格眼镜公司的视光师或眼科医师处做进一步的眼睛检查。<br/>3、保持良好的用眼习惯<br/>日常注意用眼卫生，不要用手乱擦眼睛，如眼睛发生炎症或眼疾，应积极治疗。多做户外运动。<br/>4、镜片损坏及时更换<br/><br/><br/>', NULL, 'web', NULL, NULL);
INSERT INTO `news` VALUES (24, 'http://www.aymvision.com/static/index/img/news/ABUIABAEGAAgvKiz3wUoyvCtzQEw3wE4wQE!160x160.png', '九步打造个性化镜片', NULL, '九步打造个性化镜片<br/>1.准备工作<br/>如今，镜片的生产流程在很大程度上是自动化的。一旦验光师将患者的镜片订单发送给澳伊美，第一个生产步骤便开始：对个性化镜片进行计算并提供制造镜片所需的数据。每个生产订单都配有一个条形码，以便可以在每个处理站上实时识别处理镜片所需的数据，然后将其加载到特定的处理站。<br/>根据处方，将在仓库中自动选择半成品镜片。用于左右眼的半成品镜片已在前表面配有光学度数。为了创建佩戴者的处方，只有后表面采用澳伊美自由曲面技术进行加工。自动将半成品镜片（因形状也称为“冰球”）从仓库中取出并置于托盘中。生产流程现在开始：输送带将托盘从一站运输到下一站，直到最终生产出两个镜片。<br/> <br/>2.模块化<br/>下一步是模块化。在镜片表面涂上一层保护镀膜。然后将半成品镜片附着在所谓的“模块”上。这一步是必要的，因为这样可在机器上正确夹紧和加工镜片。<br/> <br/>3.生成<br/>模块化完成后，镜片就会形成理想的形状与处方度数。采用澳伊美自由曲面技术时，半成品镜片的前表面在从仓库取走时已具有矫正光学度数。只有后表面仍需依据特定佩戴者情况而进行加工和塑形。为此，使用5轴CNC方法，可在约90秒内为佩戴者创建合适的形状和处方度数。基本上，在一分半内可完成三个不同的步骤：打磨镜片，定形，然后使用天然金刚石限定数万个加工点。该方法使制造商能够自由定制光学表面，例如：自由曲面。<br/> <br/>4.抛光与蚀刻<br/>在抛光期间，每个镜片的表面都会被抛光，而光学性能则保持不变。完美的表面对于不与镜片分离的现代镜片镀膜的应用非常重要。每只澳伊美镜片上都有自己的特殊标志：镜片上有用激光蚀刻的几乎看不见的“Z”字。这种带有准确位置的标记对于质量保证和贴标是很重要的，其有助于之后的镜片打磨和对中。<br/> <br/>5.去模块和清洗<br/>现在镜片可以去模块了，例如：小心将镜片从模块中移除。由于连接镜片和模块的金属合金在低于50°C时会熔化，因此只需将其浸入热水中即可。然后像洗车那样清洗镜片：使用刷子、不同的清洁剂和超纯（即特别处理过的）水来清除镜片上的任何痕迹并准备进行镀膜。之后将镜片吹干。当然，在所有生产设施中都要注意环境保护问题：对金属合金等材料进行处理和再利用，并且以环保方式对生产所需的水进行回收。<br/> <br/>6.染色<br/>如有需要，可在该阶段对镜片进行染色。将树脂镜片放在浸染批次中，而玻璃镜片染色使用金属氧化物层。<br/>将不会对人体健康或环境造成危害的纺织颜色用于树脂镜片中。这个过程需要极大的灵活性：因为每个镜片都是单独制造的，澳伊美可以提供任何颜色的染色，所以需要很多经验才能实现“合适”的染色。<br/> <br/>7.镀膜<br/>现在是生产流程中的最后一步，也是对技术要求最高的一步：镜片镀膜的应用。镀膜可使镜片耐刮擦且耐用，有助于确保在刮风或恶劣天气下获得清晰视觉，还能防污，减少刺激性反射，并提供许多功能性优点，例如：当人在驾驶或在电脑前工作时。与玻璃镜片不同的是，树脂镜片自身没有足够的耐刮性。因此，对于澳伊美树脂镜片来说，一个合适的硬镀膜可以防止刮痕的出现。在浸渍过程中，于镜片上应用漆层，并进行硬化处理。使用何种特殊定制的漆层取决于镜片的材质和厚度。在超声波清洗后，通过在真空沉积过程中应用抗反射层来添加下一个镀膜，这里我们指的的确是层，因为现代镜片可以具有多达9层的镀膜。最后一层镀膜使镜片表面变得极度平滑，使其具有防污和防水特性。您可在此了解更多关于镜片镀膜的信息。  <br/> <br/>8.质量保证<br/>镜片制造基本要完成了。但是它们符合澳伊美严格的质量保证要求吗？为了确保该点，每个镜片在交货前皆经过彻底检查。进行目视检查以检查是否有灰尘或损坏，并进行机械检查以确保每个镜片符合必要的规格。屈光度、轴位、柱位、厚度、设计和直径是否正确？如果镜片完美无瑕，那么在最后一步就可“贴标”了。该位置标记用于镜片对准并帮助验光师准确地将镜片插入镜架中。在将最后一副眼镜分配给佩戴者之前将其去除。<br/>只有在所有质量保证步骤顺利完成且镜片真正符合澳伊美品质的情况下，代表澳伊美的Y标志才会被蚀刻上。Y是我们的标志—我们的质量承诺刻入到每个单独的镜片中。\n任何想要在镜片上拥有独特标志的人可以将自己名字的首字母蚀刻在镜片上！ <br/>有趣之事：您知道吗？澳伊美染色部门里只有女性雇员。原因：女性往往比男性具有更好的色彩视觉，因此她们非常善于识别与标准略有不同的偏差。  <br/> <br/>9.镜片装配<br/>通常由验光师装配镜片，也就是将镜片装入镜架中。但是，澳伊美也会根据要求进行装配。这个过程需要微米级的精度，因为只有最佳装配的镜片才能提供完美的视力矫正。<br/> <br/><br/>\n', 'http://www.aymvision.com/static/index/img/news/九步打造个性化镜片.png', 'web', NULL, NULL);
INSERT INTO `news` VALUES (25, 'http://www.aymvision.com/static/index/img/news/ABUIABAEGAAgvKiz3wUoyvCtzQEw3wE4wQE!160x160.png', '了解配镜', NULL, '了解配镜<br/>验光配镜是一个复杂的医疗过程，眼镜是矫正屈光疾病的一种医疗工具，决非通用商品，准确、持久、舒适、美观是评价配镜质量的标准。它的内容包括验光的度数、眼位、调节力、双眼单视功能，辐辏集合功能，双眼调节平衡，主视眼的辨别，最后综合上述各种情况出具科学的验光处方，达到戴镜清晰、舒适、美观和保健的目的，同时使非手术矫正屈光不正、矫正斜视等医疗技术达到了较高水平。<br/> <br/>认知需求<br/>不同阶段的度数对镜片的选择有着不同的体验效果，折射率的不同，镜片的厚薄程度也不同。每个人都有着各自的视觉需求。因此我们澳伊美有着不同设计的镜片，以满足各种不同配镜需求为目的。<br/>配镜原则<br/>(1)近视：一般以最低度数而达最好的视力处方配镜。高度近视患者常不能接受全部矫正，必要时可按检查所得减去1/3，使其适宜于读书写字。<br/>(2)远视：学龄前儿童存有生理远视，如没有视力降低和斜视，不需加以矫正。远视患者如有显著的视疲劳症状，即或是轻度的远视，也应加以矫正。超过3个屈光度的远视，应经常戴用眼镜，低于此程度者，可有时戴镜帮助阅读，配镜处方应较检查所得结果低1/3度矫正为好。<br/>(3)散光：轻度散光而无症状，视力也有障碍者，可不配镜。对高度散光应全部矫正，如患者不能接受，可适当低度矫正。<br/>(4)屈光参差：对12岁以下的小儿屈光参差，应试戴全部矫正的镜片。单眼弱视的儿童配镜后，用遮盖法加以训练;双眼弱视者，如矫正视力与原视力相等或略高于原视力，均应考虑配镜。但有个别儿童矫正视力略低于裸眼视力，这也不要担心，是由于患儿初期不适应的结果。一但屈光矫正后，视力就会逐渐提高。对屈光参差太大的患者，应考虑试戴角膜接触镜。<br/> <br/>配镜流程<br/>初始阶段<br/>通过检影验光或电脑验光，角膜曲率计算以及检测原先配戴的眼镜度数收集有关病人眼部屈光状况的基本资料。有人觉得单靠电脑验光就足够了，这是错误的。电脑验光是机械物体，不能灵活处理每一位病人的具体情况（如高度近视、调节力过强的人）其验光处方必须经医生的精确验光、终结验光后才能确定。<br/>精确阶段<br/>以初始阶段获得的资料作为基础，让病人对验光的每一微小变化作出反应。医师随之作出相应的调整。这个阶段包括放松调节、近视或远视度数测定，红绿实验，散光轴及度数的测定，双眼平衡等许多步骤。由于这一步非常强调病人的主观反应，又称“主觉验光”，这一步必须通过综合验光仪才能完成。<br/>终结阶段<br/>这个阶段是经验和科学判断的有机结合，通过试镜架的测试，根据病人的反应，医师作出相应的调整，得出最适合您的处方，如有内隐斜和外隐斜患者，验光医师将酌情对配镜处方进行调整。这个处方不仅使您配戴舒适、看得清晰，还能进行持久的阅读和工作。得到一个准确验光处方后，如果眼镜配得不准，那么就前功尽弃了。要配一副准确的眼镜，不仅需要精密的仪器设备，还需要视光学方面的专业知识和技术。首先要根据度数、瞳距和您的脸型选择一副适合您的镜架和镜片，再把镜片装配到镜架上。<br/>配镜渠道<br/><br/>镜片选择<br/>根据不同的材质，引入全新的镜片理念，提供更为清晰更为防护的高对比度的视觉享受。<br/>1.适用范围<br/>儿童青少年年龄4- 16岁 ，配戴者为真性近视，近视度数不高于600度，散光度数不高于400度，且未患有过或正在患有任何类型的眼疾，未患有斜弱视。<br/>2.镜片材质<br/>比普通树脂镜片更为轻薄，轻盈舒适，视野更为清晰，舒适度高，有一定的抗冲击性功能。<br/>3.镜片膜层<br/>防水、防油、耐污和减反射等性能，清洁更方便，清晰更持久。<br/>镜框镜架选择<br/>对于儿童而言，眼睛发育还未完全，因此尽量选择稳定性好，不会随意晃动变形的镜架，同时使用耳勾托等防滑卡扣来固定镜腿辅助稳定，确保配戴位置准确。<br/>配镜注意事项<br/>1、验光要准确。验光是配镜的主要依据。验光的准确与否，与配制成的眼镜成功率有直接关系。<br/>2、镜架要选准确。镜架的选用不单是美观好看，而且对磨成的眼镜能否正确配戴关系很大。因此配镜选镜架时要特别注意，把瞳孔距离与眼镜片的光学中心要摆在相适应的位置上，并且还应与脸型相匹配，这样配成的眼镜不但美观大方，戴起来会感到舒服。<br/>3、每次配新眼镜，刚戴上的时候总会有些头晕，虽然店家总是说这是正常的，但其实眼镜一定要佩戴舒服才算好，戴上后不能有明显的头晕或视物变形。不能让眼睛适合眼镜，一定要让眼镜来适合我们的眼睛。<br/>4、近视欠矫有可能会诱发近视增长风险，同时还会出现眼睛憋胀、酸困、疲劳和疼痛，所以矫正近视最安全可靠的办法是配戴合适的矫正眼镜。<br/> <br/><br/>近视防控引导<br/>近视的危害<br/>1、引起并发症<br/>尤其是高度近视，会引发青光眼、白内障、视网膜脱落等眼部疾病。<br/>2、影响职业规划<br/>很多职业学科对视力有要求，例如：当兵、飞行员等等。视力不好，在进行职业规划选择上会受到很大限制。<br/>3、影响身心健康<br/>戴眼镜活动不方便，有时候不能参加剧烈运动，会被周围的同龄人嘲笑，影响孩子的身心发展，而且近视的孩子免疫力低下。<br/>4、影响学习成绩<br/>眼睛是心灵的窗户，80%的信息都是通过眼睛传递，眼睛近视了，看书看黑板看不清，学习吃力，成绩自然就受牵连。<br/>5、导致眼睛变形<br/>高度近视会引起眼球突出，导致外貌受损，会出现眼轴增长，眼球变形，眼窝下陷等等。<br/>6、近视会遗传给下一代<br/>近视有一定的遗传倾向，如果不加以干预和控制，将会影响下一代，且先天性近视注定是高度近视。<br/>近视防护<br/>1、日常注意用眼卫生，不要用手乱擦眼睛，如眼睛发生炎症或眼疾，应积极治疗。<br/>2、多做户外运动，经常眺望远外放松眼睛，防止近视，与大自然多接触青山绿树，有益于眼睛的健康。<br/>3、营养摄取应均衡，不要偏食，要特别注意维生素B类的摄取。<br/>4、定期做视力检查，凡视力不正常者应到合格眼镜公司的视光师或眼科医师处做进一步的眼睛检查。<br/>5、不要看蓝色光源或电焊光源，它们的紫外线很强，防止紫外线灼伤。<br/>6、不要在运动的情况下看东西，这样会使眼肌与睫状肌疲劳。<br/>7、镜片损坏及时更换。<br/>', 'http://www.aymvision.com/static/index/img/news/了解配镜.png', 'web', NULL, NULL);
INSERT INTO `news` VALUES (26, 'http://www.aymvision.com/static/index/img/news/ABUIABAEGAAgvKiz3wUoyvCtzQEw3wE4wQE!160x160.png', '了解配镜1', NULL, '认知需求<br/>配镜是用于矫正眼屈光不正和一些视功能异常的透镜和透镜组合，是提高视觉功能的医疗工具之一。<br/>不同阶段的度数对镜片的选择有着不同的体验效果，折射率的不同，镜片的厚薄程度也不同。每个人都有着各自的视觉需求。因此我们澳伊美有着不同设计的镜片，以满足各种不同配镜需求为目的。<br/>配镜原则<br/>近视：一般以最低度数而达最好的视力处方配镜。<br/>远视：学龄前儿童存有生理远视，如没有视力降低和斜视，不需加以矫正。<br/>散光：轻度散光而无症状，视力也有障碍者，可不配镜。对高度散光应全部矫正，如患者不能接受，可适当低度矫正。<br/>屈光参差：对12岁以下的小儿屈光参差，应试戴全部矫正的镜片。<br/>配镜目的<br/>恢复正常的远方和近方的视力或改善视力，消除眼睛疲劳，建立双眼单视，解决复象，防治弱势，矫正斜视。到目前为止，眼的屈光不正仍以配戴眼镜为主要的解决途径。<br/>配镜作用<br/>1、使视网膜象清晰，防治弱势。<br/>2、改变调节范围，增大近视眼的调节范围，缩小远视眼的调节范围。<br/>3、刺激或者放松调节。<br/>', NULL, 'web', NULL, NULL);
INSERT INTO `news` VALUES (27, 'http://www.aymvision.com/static/index/img/news/ABUIABAEGAAgvKiz3wUoyvCtzQEw3wE4wQE!160x160.png', '配镜流程2', NULL, '配镜大致流程<br/>了解配视情况<br/>视力测试<br/>矫正视力<br/>试戴眼镜<br/>最后的配镜处方<br/>镜片选择<br/>根据不同的材质，引入全新的镜片理念，提供更为清晰更为防护的高对比度的视觉享受。<br/>1.适用范围<br/>儿童青少年年龄4- 16岁 ，配戴者为真性近视，近视度数不高于600度，散光度数不高于400度，且未患有过或正在患有任何类型的眼疾，未患有斜弱视。<br/>2.镜片材质<br/>比普通树脂镜片更为轻薄，轻盈舒适，视野更为清晰，舒适度高，有一定的抗冲击性功能。<br/>3.镜片膜层<br/>清悦膜、清锐膜、防蓝光系列、蓝御膜等。<br/>防水、防油、防眩光、耐污和耐磨等性能，清洁更方便，清晰更持久。<br/>镜框镜架选择<br/>对于儿童而言，眼睛发育还未完全，因此尽量选择稳定性好，不会随意晃动变形的镜架，同时使用耳勾托等防滑卡扣来固定镜腿辅助稳定，确保配戴位置准确。<br/>配镜注意事项<br/>1、验光要准确。<br/>2、镜架要选准确。<br/>3、不能让眼睛适合眼镜，一定要让眼镜来适合我们的眼睛。<br/>4、避免近视欠矫。<br/> <br/>', NULL, 'web', NULL, NULL);
INSERT INTO `news` VALUES (28, 'http://www.aymvision.com/static/index/img/news/ABUIABAEGAAgvKiz3wUoyvCtzQEw3wE4wQE!160x160.png', '如何制造库存镜片和半成品镜片', NULL, '配镜大致流程\n	了解配视情况\n	视力测试\n	矫正视力\n	试戴眼镜\n	最后的配镜处方\n镜片选择\n根据不同的材质，引入全新的镜片理念，提供更为清晰更为防护的高对比度的视觉享受。\n1.适用范围\n儿童青少年年龄4- 16岁 ，配戴者为真性近视，近视度数不高于600度，散光度数不高于400度，且未患有过或正在患有任何类型的眼疾，未患有斜弱视。\n2.镜片材质\n比普通树脂镜片更为轻薄，轻盈舒适，视野更为清晰，舒适度高，有一定的抗冲击性功能。\n3.镜片膜层\n清悦膜、清锐膜、防蓝光系列、蓝御膜等。\n防水、防油、防眩光、耐污和耐磨等性能，清洁更方便，清晰更持久。\n镜框镜架选择\n对于儿童而言，眼睛发育还未完全，因此尽量选择稳定性好，不会随意晃动变形的镜架，同时使用耳勾托等防滑卡扣来固定镜腿辅助稳定，确保配戴位置准确。\n配镜注意事项\n1、验光要准确。\n2、镜架要选准确。\n3、不能让眼睛适合眼镜，一定要让眼镜来适合我们的眼睛。\n4、避免近视欠矫。\n \n如何制造库存镜片和半成品镜片？\n库存镜片和半成品树脂镜片是在铸造过程中制造的：将特殊成分（例如用于提高紫外线吸收率）添加到称为单体的液体材料中。将该混合物倒入模具中，硬化，然后加工以减少残余应力。之后便能使用半成品镜片了。如果它将作为库存镜片，则要添加硬镀膜，并且如有需要，可以应用额外的镀膜。 \n对于由玻璃制成的半成品镜片而言，该流程略有不同：首先，将天然材料（例如石英、碳酸钾、苏打和氧化物）在1400℃至1500℃熔化以形成玻璃混合物。然后按压，形成1至3厘米厚的圆形玻璃块，这一过程称之为压制。下一步处理前表面。使用金刚石打磨工具为镜片提供精确的预定形状，同时抛光使其具有必要的透明度。现在我们有了一面已经很平滑的透明半成品镜片\n生产树脂和玻璃双焦镜片\n双焦镜片是一种眼镜镜片，它有一个视野用于近距离观察物体，另一个用于远距离视觉。双焦镜片可以由玻璃或树脂制成。但是，生产过程因材料不同而差异很大。对于玻璃双焦镜片而言，其在半成品镜片上又添加了一个附加镜片，上半部分镜片拥有与主镜片相同的度数，而下半部分的近视区域更强大。首先，对附加镜片的后表面进行研磨和抛光。然后，将弯曲侧放置在主镜片的现有凹痕中。现在，附加镜片与主镜片一起融化并打磨，直到最后只剩下一个镜片。然后通过研磨和抛光前后表面进一步处理双焦半成品镜片。\n制造树脂双焦镜片明显简单许多。与玻璃双焦镜片不同的是，近视距区域的度数无需要求添加附加镜片。相反，相关区域更加弯曲。该曲率是通过将半成品镜片倒入合适的模具中来实现的。\n如何生产变焦镜片\n生产变焦镜片（也称为渐进镜片）时，用途成为了决定性因素：佩戴者是否会对镜片提出特殊要求，例如需要在电脑屏幕上工作？或者是进行标准的日常活动时佩戴镜片？计算镜片设计时会涉及很多因素，这就像是有数百个未知变量的数学公式一样。因此毫无疑问，镜片制造是一个复杂的工作。这里有一台特殊的研磨机器，可为半成品镜片提供计算设计。批量生产开始前，要在多个测试阶段对变焦镜片进行优化。变焦镜片设计需经过反复修改并进行微调，直到生产出第一个镜片原型。测试佩戴者通过对镜片进行测试以确保佩戴者的耐受性。只有在测试佩戴者对特定镜片设计满意后才开始进行批量生产和营销。  \n个性化适配：镜片与您一样独特\n可以肯定的是，“现成”的镜片针对许多不同的活动和视觉缺陷来说已经足够了。然而，一副完美定制的眼镜可以提供更多优势。例如：虽然库存镜片可以调节每只眼睛的视觉点，但无论是镜架还是镜片的实际适配在安装时都没有予以考虑。如果镜片生产时，将眼镜佩戴者通过镜架所生成的视觉效果因素考虑得更多，则制造出的镜片越精确，同时确保佩戴者享受最佳自然视觉。为了达到这个目的，验光师除了需要识别视点之外，还需要识别许多其他重要的面部参数，所有这些参数的精度都达到了十分之一毫米。验光师越了解佩戴者，蔡司镜片设计的优化就越精确。如果验光师使用蔡司测量设备，也无妨，因为这有助于防止“数据传输错误”。\n除非您在镜架、镜片、个人视觉需求和佩戴者脸型之间能够达到完美和谐，否则无法获得轻松自然的视觉，特别是对于患有老花眼或不常见的视觉缺陷的人士。蔡司自由曲面技术为镜片佩戴者提供大量个人数据，并且由于进行了复杂的数学计算，所生产的镜片具有如此精确的制造工艺且适合佩戴者，让佩戴者通过所选镜架拥有最佳视力。这就是您如何在不同的距离以及出色的佩戴者耐受力范围内尽享最大可能视野的清晰视觉。这种情况越复杂和独特，个性化和库存镜片之间的差异就越显著。  \n\n如何制造库存镜片和半成品镜片？<br/>库存镜片和半成品树脂镜片是在铸造过程中制造的：将特殊成分（例如用于提高紫外线吸收率）添加到称为单体的液体材料中。将该混合物倒入模具中，硬化，然后加工以减少残余应力。之后便能使用半成品镜片了。如果它将作为库存镜片，则要添加硬镀膜，并且如有需要，可以应用额外的镀膜。 <br/>对于由玻璃制成的半成品镜片而言，该流程略有不同：首先，将天然材料（例如石英、碳酸钾、苏打和氧化物）在1400℃至1500℃熔化以形成玻璃混合物。然后按压，形成1至3厘米厚的圆形玻璃块，这一过程称之为压制。下一步处理前表面。使用金刚石打磨工具为镜片提供精确的预定形状，同时抛光使其具有必要的透明度。现在我们有了一面已经很平滑的透明半成品镜片<br/>生产树脂和玻璃双焦镜片<br/>双焦镜片是一种眼镜镜片，它有一个视野用于近距离观察物体，另一个用于远距离视觉。双焦镜片可以由玻璃或树脂制成。但是，生产过程因材料不同而差异很大。对于玻璃双焦镜片而言，其在半成品镜片上又添加了一个附加镜片，上半部分镜片拥有与主镜片相同的度数，而下半部分的近视区域更强大。首先，对附加镜片的后表面进行研磨和抛光。然后，将弯曲侧放置在主镜片的现有凹痕中。现在，附加镜片与主镜片一起融化并打磨，直到最后只剩下一个镜片。然后通过研磨和抛光前后表面进一步处理双焦半成品镜片。<br/>制造树脂双焦镜片明显简单许多。与玻璃双焦镜片不同的是，近视距区域的度数无需要求添加附加镜片。相反，相关区域更加弯曲。该曲率是通过将半成品镜片倒入合适的模具中来实现的。<br/>如何生产变焦镜片<br/>生产变焦镜片（也称为渐进镜片）时，用途成为了决定性因素：佩戴者是否会对镜片提出特殊要求，例如需要在电脑屏幕上工作？或者是进行标准的日常活动时佩戴镜片？计算镜片设计时会涉及很多因素，这就像是有数百个未知变量的数学公式一样。因此毫无疑问，镜片制造是一个复杂的工作。这里有一台特殊的研磨机器，可为半成品镜片提供计算设计。批量生产开始前，要在多个测试阶段对变焦镜片进行优化。变焦镜片设计需经过反复修改并进行微调，直到生产出第一个镜片原型。测试佩戴者通过对镜片进行测试以确保佩戴者的耐受性。只有在测试佩戴者对特定镜片设计满意后才开始进行批量生产和营销。  <br/>个性化适配：镜片与您一样独特<br/>可以肯定的是，“现成”的镜片针对许多不同的活动和视觉缺陷来说已经足够了。然而，一副完美定制的眼镜可以提供更多优势。例如：虽然库存镜片可以调节每只眼睛的视觉点，但无论是镜架还是镜片的实际适配在安装时都没有予以考虑。如果镜片生产时，将眼镜佩戴者通过镜架所生成的视觉效果因素考虑得更多，则制造出的镜片越精确，同时确保佩戴者享受最佳自然视觉。为了达到这个目的，验光师除了需要识别视点之外，还需要识别许多其他重要的面部参数，所有这些参数的精度都达到了十分之一毫米。验光师越了解佩戴者，蔡司镜片设计的优化就越精确。如果验光师使用蔡司测量设备，也无妨，因为这有助于防止“数据传输错误”。<br/>除非您在镜架、镜片、个人视觉需求和佩戴者脸型之间能够达到完美和谐，否则无法获得轻松自然的视觉，特别是对于患有老花眼或不常见的视觉缺陷的人士。蔡司自由曲面技术为镜片佩戴者提供大量个人数据，并且由于进行了复杂的数学计算，所生产的镜片具有如此精确的制造工艺且适合佩戴者，让佩戴者通过所选镜架拥有最佳视力。这就是您如何在不同的距离以及出色的佩戴者耐受力范围内尽享最大可能视野的清晰视觉。这种情况越复杂和独特，个性化和库存镜片之间的差异就越显著。  <br/><br/>', NULL, 'web', NULL, NULL);
INSERT INTO `news` VALUES (39, 'http://192.168.101.218/static/wxsource/wxImg/headimg/d0c07fa8d8c73f03eb40aa19ffd2b015.png', '今天星期三', 'gr', '<p>丫丫</p>', NULL, 'web', NULL, '2023-05-18 15:27:08');
INSERT INTO `news` VALUES (37, 'http://192.168.101.218/static/wxsource/wxImg/headimg/1139c5ce37cf948f99b8914fcd045803.jpg', 'fds', NULL, '<p>&nbsp; &nbsp; &nbsp;fds &nbsp;fdsg&nbsp; gdsg&nbsp;</p>\r\n<p>gsdg&nbsp;</p>\r\n<p>gdsg</p>\r\n<p>&nbsp;</p>', NULL, 'web', NULL, '2023-03-22 18:00:49');
INSERT INTO `news` VALUES (38, 'http://192.168.101.218/static/wxsource/wxImg/headimg/7299f62c93440296d8b53d10c00c63b0.jpg', 'a', NULL, '<ul style=\"list-style-type: circle;\">\r\n<li><hr />啊啊啊啊啊</li>\r\n<li>凄凄切切<hr /></li>\r\n</ul>\r\n<ol>\r\n<li>和规范化</li>\r\n<li>12饿</li>\r\n</ol>\r\n<p>&nbsp; &nbsp; &nbsp;发多少&nbsp; &nbsp;发送到</p>', 'http://192.168.101.218/static/wxsource/wxImg/headimg/a01881309d32cb3cd81cb838d628ae30.png', 'product', NULL, '2023-03-23 10:14:27');
INSERT INTO `news` VALUES (41, 'http://192.168.101.218/static/wxsource/wxImg/headimg/30cdd388fd059ee8c5a65a9cf9d07a2e.png', 'fsfdsffdsfsdfsdfdsfsdfdsfdsfds', 'ffffffff', '<ul>\r\n<li>是的发生</li>\r\n<li>32324</li>\r\n<li>4253545</li>\r\n<li>56464</li>\r\n</ul>', 'http://192.168.101.218/static/wxsource/wxImg/headimg/2b06177d5a32e96c4b8ad4b0bd4cf128.png', 'product', NULL, '2023-05-06 18:03:20');
INSERT INTO `news` VALUES (42, 'http://192.168.101.218/static/wxsource/wxImg/headimg/d48db9c7c23c09d8b4b2ee2d27b422fc.png', 'ffffffffffffff', '这是一段简介测试这是一段简介测试这是一段简介测试这是一段简介测试这是一段简介测试这是一段简介测试这是一段简介测试这是一段简介测试这是一段简介测试这是一段简介测试这是一段简介测试这是一段简介测试这是一段简介测试这是一段简介测试这是一段简介测试这是一段简介测试这是一段简介测试这是一段简介测试这是一段简介', '<p>df</p>', NULL, 'product', NULL, '2023-05-06 18:03:05');
INSERT INTO `news` VALUES (43, 'http://192.168.101.218/static/wxsource/wxImg/headimg/437ebdf9224f70de532decf7eada4fb1.png', 'f', 'fasdf', '<p><img src=\"/static/wxsource/wxImg/headimg/06dac763befefb84eb31c9a6b4ce1d27.png\" alt=\"\" width=\"1007\" height=\"1141\" /></p>\r\n<p>&nbsp;</p>\r\n<p>gs</p>\r\n<p>li</p>\r\n<p>&nbsp;</p>', NULL, 'web', NULL, '2023-05-19 16:23:01');
INSERT INTO `news` VALUES (44, 'http://192.168.101.218/static/wxsource/wxImg/headimg/c5e509faa525f117be086c58075a4bdd.png', 'ss', 'dsds', '<p>ds</p>', NULL, 'web', 'glasses', '2023-05-19 18:09:34');
INSERT INTO `news` VALUES (45, 'http://192.168.101.218/static/wxsource/wxImg/headimg/665b7706125e4c928369c616a83e21ae.png', 'fsdf', 'sdfsd', '', NULL, 'web', 'recruit', '2023-05-19 18:59:43');
INSERT INTO `news` VALUES (46, 'http://192.168.101.218/static/wxsource/wxImg/headimg/cb4b1db1f3399d349d0f601db0bc980c.png', 'fsda', 'fsdfsdfsadfsd', '<p>fdsfsadf</p>', NULL, 'web', 'about', '2023-05-19 19:00:04');

-- ----------------------------
-- Table structure for pay_qrcode
-- ----------------------------
CREATE TABLE `pay_qrcode`  (
  `id` int(11) NOT NULL AUTO_INCREMENT,
  `ordernum` varchar(255) CHARACTER SET utf8 COLLATE utf8_general_ci NULL DEFAULT NULL COMMENT '商户订单号',
  `qrcode` varchar(255) CHARACTER SET utf8 COLLATE utf8_general_ci NULL DEFAULT NULL COMMENT '微信支付二维码',
  `time` timestamp NULL DEFAULT NULL COMMENT '生成时间',
  PRIMARY KEY (`id`) USING BTREE
) ENGINE = InnoDB AUTO_INCREMENT = 1 CHARACTER SET = utf8 COLLATE = utf8_general_ci ROW_FORMAT = Dynamic;

-- ----------------------------
-- Records of pay_qrcode
-- ----------------------------

-- ----------------------------
-- Table structure for permission
-- ----------------------------
CREATE TABLE `permission`  (
  `id` int(11) NOT NULL AUTO_INCREMENT,
  `pre_module` varchar(50) CHARACTER SET utf8 COLLATE utf8_general_ci NULL DEFAULT '' COMMENT '前置模块',
  `module` varchar(50) CHARACTER SET utf8 COLLATE utf8_general_ci NULL DEFAULT NULL COMMENT '权限模块',
  `name` varchar(50) CHARACTER SET utf8 COLLATE utf8_general_ci NULL DEFAULT NULL COMMENT '权限名',
  `isLeaf` int(1) UNSIGNED ZEROFILL NOT NULL DEFAULT 0 COMMENT '是否为最后节点',
  PRIMARY KEY (`id`) USING BTREE
) ENGINE = InnoDB AUTO_INCREMENT = 77 CHARACTER SET = utf8 COLLATE = utf8_general_ci ROW_FORMAT = Dynamic;

-- ----------------------------
-- Records of permission
-- ----------------------------
INSERT INTO `permission` VALUES (13, '', 'chat', '在线沟通', 0);
INSERT INTO `permission` VALUES (14, '', 'usermanage', '用户管理', 0);
INSERT INTO `permission` VALUES (15, 'usermanage', 'user', '产品用户', 0);
INSERT INTO `permission` VALUES (16, 'usermanage', 'agent', '代理商', 0);
INSERT INTO `permission` VALUES (17, 'usermanage', 'shop', '门店', 0);
INSERT INTO `permission` VALUES (19, '', 'newsmanage', '新闻管理', 0);
INSERT INTO `permission` VALUES (20, '', 'shopmanage', '客户管理', 0);
INSERT INTO `permission` VALUES (21, 'shopmanage', 'getinfo', '查看客户', 1);
INSERT INTO `permission` VALUES (22, 'shopmanage', 'update', '增删改', 1);
INSERT INTO `permission` VALUES (23, 'user', 'getinfo', '查看用户', 1);
INSERT INTO `permission` VALUES (24, 'user', 'update', '增删改', 1);
INSERT INTO `permission` VALUES (25, 'agent', 'getinfo', '查看代理商', 1);
INSERT INTO `permission` VALUES (26, 'agent', 'update', '增删改', 1);
INSERT INTO `permission` VALUES (27, '', 'order', '订单中心', 0);
INSERT INTO `permission` VALUES (28, '', 'product', '产品中心', 0);
INSERT INTO `permission` VALUES (30, 'newsmanage', 'getinfo', '查看新闻', 1);
INSERT INTO `permission` VALUES (31, 'newsmanage', 'update', '增删改', 1);
INSERT INTO `permission` VALUES (33, 'order', 'getinfo', '查看订单', 1);
INSERT INTO `permission` VALUES (34, 'order', 'update', '更新状态', 1);
INSERT INTO `permission` VALUES (35, 'shop', 'getinfo', '查看门店', 1);
INSERT INTO `permission` VALUES (36, 'shop', 'update', '增删改', 1);
INSERT INTO `permission` VALUES (37, 'product', 'category', '产品类别管理', 1);
INSERT INTO `permission` VALUES (38, 'product', 'list', '查看产品', 1);
INSERT INTO `permission` VALUES (39, 'product', 'update', '增删改', 1);
INSERT INTO `permission` VALUES (40, 'product', 'set', '查看套餐', 1);
INSERT INTO `permission` VALUES (41, 'product', 'set_update', '添加编辑套餐', 1);
INSERT INTO `permission` VALUES (42, '', 'train', '训练中心', 0);
INSERT INTO `permission` VALUES (43, 'train', 'getinfo', '查看训练信息', 1);
INSERT INTO `permission` VALUES (44, '', 'charge', '充值中心', 0);
INSERT INTO `permission` VALUES (45, 'charge', 'chargetype', '充值类别', 0);
INSERT INTO `permission` VALUES (46, 'chargetype', 'getinfo', '查看类别 ', 1);
INSERT INTO `permission` VALUES (47, 'chargetype', 'update', '增删改', 1);
INSERT INTO `permission` VALUES (48, 'chargeorder', 'addcharge', '充值', 1);
INSERT INTO `permission` VALUES (49, 'charge', 'chargeorder', '充值订单', 0);
INSERT INTO `permission` VALUES (50, 'chargeorder', 'getinfo', '查看订单', 1);
INSERT INTO `permission` VALUES (51, 'chargeorder', 'update', '更新状态', 1);
INSERT INTO `permission` VALUES (52, '', 'config', '参数设置', 0);
INSERT INTO `permission` VALUES (53, 'config', 'tag', '标签', 0);
INSERT INTO `permission` VALUES (54, 'tag', 'getinfo', '查看标签', 1);
INSERT INTO `permission` VALUES (55, 'tag', 'update', '增删改', 1);
INSERT INTO `permission` VALUES (56, 'config', 'companyconfig', '门店参数', 0);
INSERT INTO `permission` VALUES (57, 'companyconfig', 'getinfo', '查看参数', 1);
INSERT INTO `permission` VALUES (58, 'companyconfig', 'update', '增删改', 1);
INSERT INTO `permission` VALUES (59, '', 'record', '操作记录', 0);
INSERT INTO `permission` VALUES (60, 'record', 'getinfo', '查看记录', 1);
INSERT INTO `permission` VALUES (61, 'config', 'company', '公司信息', 0);
INSERT INTO `permission` VALUES (62, 'company', 'getinfo', '查看信息', 1);
INSERT INTO `permission` VALUES (63, 'config', 'admin_group', '组别设置', 0);
INSERT INTO `permission` VALUES (64, 'admin_group', 'getinfo', '查看组别', 1);
INSERT INTO `permission` VALUES (65, 'admin_group', 'update', '增删改', 1);
INSERT INTO `permission` VALUES (66, 'config', 'admin', '员工档案', 0);
INSERT INTO `permission` VALUES (67, 'admin', 'getinfo', '查看员工', 1);
INSERT INTO `permission` VALUES (68, 'admin', 'update', '增删改', 1);
INSERT INTO `permission` VALUES (69, 'chat', 'getinfo', '在线沟通', 1);
INSERT INTO `permission` VALUES (70, '', 'billcenter', '账单中心', 0);
INSERT INTO `permission` VALUES (71, 'billcenter', 'getinfo', '查询导出', 1);
INSERT INTO `permission` VALUES (72, 'record', 'clear', '清除记录', 1);
INSERT INTO `permission` VALUES (73, '', 'plan', '训练方案', 0);
INSERT INTO `permission` VALUES (74, 'plan', 'getinfo', '查看方案', 1);
INSERT INTO `permission` VALUES (75, 'plan', 'update', '增删改', 1);
INSERT INTO `permission` VALUES (76, 'company', 'update', '更改信息', 1);

-- ----------------------------
-- Table structure for plan
-- ----------------------------
CREATE TABLE `plan`  (
  `id` int(11) NOT NULL AUTO_INCREMENT,
  `name` varchar(255) CHARACTER SET utf8 COLLATE utf8_general_ci NULL DEFAULT NULL COMMENT '方案名称',
  `intro` longtext CHARACTER SET utf8 COLLATE utf8_general_ci NULL COMMENT '简介',
  `video` longtext CHARACTER SET utf8 COLLATE utf8_general_ci NULL COMMENT '训练视频地址',
  `process` longtext CHARACTER SET utf8 COLLATE utf8_general_ci NULL COMMENT '训练流程',
  `picture` longtext CHARACTER SET utf8 COLLATE utf8_general_ci NULL COMMENT '图片地址',
  `time` datetime NULL DEFAULT NULL COMMENT '新增时间',
  PRIMARY KEY (`id`) USING BTREE
) ENGINE = InnoDB AUTO_INCREMENT = 9 CHARACTER SET = utf8 COLLATE = utf8_general_ci ROW_FORMAT = Dynamic;

-- ----------------------------
-- Records of plan
-- ----------------------------
INSERT INTO `plan` VALUES (7, '首次使用', '', NULL, '1、眼药水润眼\r\n2、佩戴眼镜\r\n3、眺望远方', NULL, '2023-05-23 11:15:21');
INSERT INTO `plan` VALUES (8, '近视训练', '', NULL, '1、眼药水润眼\r\n2、佩戴眼镜\r\n3、眺望远方\r\n4、眼保健操\r\n5、眼药水润眼', NULL, '2023-05-23 11:16:18');

-- ----------------------------
-- Table structure for product
-- ----------------------------
CREATE TABLE `product`  (
  `id` int(11) NOT NULL AUTO_INCREMENT,
  `name` varchar(255) CHARACTER SET utf8 COLLATE utf8_general_ci NULL DEFAULT NULL COMMENT '产品名  /  品种',
  `category` varchar(255) CHARACTER SET utf8 COLLATE utf8_general_ci NULL DEFAULT NULL COMMENT '产品类别（关联product_category表的id，根据不同的类别读出不同的属性',
  `other` longtext CHARACTER SET utf8 COLLATE utf8_general_ci NULL COMMENT '自定义属性的值',
  `video` varchar(255) CHARACTER SET utf8 COLLATE utf8_general_ci NULL DEFAULT NULL COMMENT '产品视频的url',
  `intro` varchar(255) CHARACTER SET utf8 COLLATE utf8_general_ci NULL DEFAULT NULL COMMENT '产品介绍',
  `creator` int(11) NULL DEFAULT NULL COMMENT '添加产品的人的id',
  `time` timestamp NULL DEFAULT NULL ON UPDATE CURRENT_TIMESTAMP COMMENT '添加产品的时间',
  `totaltime` int(11) NOT NULL DEFAULT 10,
  `picture` varchar(255) CHARACTER SET utf8 COLLATE utf8_general_ci NULL DEFAULT NULL COMMENT '产品图片路径',
  `trainplan` longtext CHARACTER SET utf8 COLLATE utf8_general_ci NULL COMMENT '训练方法',
  PRIMARY KEY (`id`) USING BTREE
) ENGINE = InnoDB AUTO_INCREMENT = 19 CHARACTER SET = utf8 COLLATE = utf8_general_ci ROW_FORMAT = Dynamic;

-- ----------------------------
-- Records of product
-- ----------------------------
INSERT INTO `product` VALUES (12, '近视眼镜', '9', '{\"框架颜色\":\"白色\",\"框架材质\":\"钛合金\"}', NULL, '', 1, '2023-05-23 10:45:01', 10, NULL, '');
INSERT INTO `product` VALUES (13, '近视眼镜黑色', '9', '{\"框架颜色\":\"黑色\",\"框架材质\":\"钛合金\"}', NULL, '', 1, '2023-05-23 10:54:55', 10, NULL, '');
INSERT INTO `product` VALUES (14, '眼药水', '10', '{\"名称\":\"博士伦眼药水\",\"价格\":\"10\",\"剂量\":\"10ml\",\"主治\":\"\",\"保质期\":\"\"}', NULL, '', 1, '2023-05-23 10:56:58', 10, NULL, '');
INSERT INTO `product` VALUES (15, '人造泪', '10', '{\"名称\":\"\",\"价格\":\"\",\"剂量\":\"\",\"主治\":\"\",\"保质期\":\"\"}', NULL, '', 1, '2023-05-23 10:58:11', 10, NULL, '');
INSERT INTO `product` VALUES (16, '视力表', '11', '{\"名称\":\"\",\"作用\":\"检测视力\"}', NULL, '', 1, '2023-05-23 10:58:36', 10, NULL, '');
INSERT INTO `product` VALUES (17, '眼底镜', '11', '{\"名称\":\"\",\"作用\":\"检查眼底病变情况\"}', NULL, '', 1, '2023-05-23 10:59:00', 10, NULL, '');
INSERT INTO `product` VALUES (18, '测试纸', '11', '{\"名称\":\"泪腺测试纸\",\"作用\":\"测试泪腺分泌值\"}', NULL, '', 1, '2023-05-23 10:59:32', 10, NULL, '');

-- ----------------------------
-- Table structure for product_category
-- ----------------------------
CREATE TABLE `product_category`  (
  `id` int(11) NOT NULL AUTO_INCREMENT,
  `name` varchar(255) CHARACTER SET utf8 COLLATE utf8_unicode_ci NULL DEFAULT NULL COMMENT '分类名',
  `attrs` varchar(255) CHARACTER SET utf8 COLLATE utf8_unicode_ci NULL DEFAULT NULL COMMENT '当前分类下的属性',
  `combine` int(11) NULL DEFAULT 0 COMMENT '是否是组合类型，1： 是， 0：不是',
  PRIMARY KEY (`id`) USING BTREE
) ENGINE = InnoDB AUTO_INCREMENT = 15 CHARACTER SET = utf8 COLLATE = utf8_general_ci ROW_FORMAT = Dynamic;

-- ----------------------------
-- Records of product_category
-- ----------------------------
INSERT INTO `product_category` VALUES (9, '眼镜', '框架颜色 框架材质', 0);
INSERT INTO `product_category` VALUES (10, '药品', '名称 价格 剂量 主治 保质期', 0);
INSERT INTO `product_category` VALUES (11, '辅助器材', '名称 作用', 0);
INSERT INTO `product_category` VALUES (12, '治疗', '', 1);
INSERT INTO `product_category` VALUES (13, '复健', '', 1);
INSERT INTO `product_category` VALUES (14, '近视', '', 1);

-- ----------------------------
-- Table structure for product_combo
-- ----------------------------
CREATE TABLE `product_combo`  (
  `id` int(11) NOT NULL AUTO_INCREMENT,
  `category_id` int(11) NULL DEFAULT NULL COMMENT '品类id, product_category 的id （组合类）',
  `symptom` varchar(255) CHARACTER SET utf8 COLLATE utf8_general_ci NULL DEFAULT NULL COMMENT '症状',
  `model_code` varchar(255) CHARACTER SET utf8 COLLATE utf8_general_ci NULL DEFAULT NULL COMMENT '型号',
  `type` varchar(255) CHARACTER SET utf8 COLLATE utf8_general_ci NULL DEFAULT NULL COMMENT '所属库存类别 charge_type 的id',
  `picture` varchar(255) CHARACTER SET utf8 COLLATE utf8_general_ci NULL DEFAULT NULL COMMENT '产品图片',
  `intro` longtext CHARACTER SET utf8 COLLATE utf8_general_ci NULL COMMENT '产品介绍',
  `video` varchar(255) CHARACTER SET utf8 COLLATE utf8_general_ci NULL DEFAULT NULL COMMENT '视频',
  `trainplan` longtext CHARACTER SET utf8 COLLATE utf8_general_ci NULL COMMENT '说明',
  `creator` varchar(255) CHARACTER SET utf8 COLLATE utf8_general_ci NULL DEFAULT NULL COMMENT '添加产品的人的id，仅限admin表',
  `time` datetime NULL DEFAULT NULL COMMENT '添加产品的时间',
  `expire` int(11) NULL DEFAULT NULL COMMENT '有效期（天数，默认 3*365）',
  PRIMARY KEY (`id`) USING BTREE
) ENGINE = InnoDB AUTO_INCREMENT = 11 CHARACTER SET = utf8 COLLATE = utf8_general_ci ROW_FORMAT = Dynamic;

-- ----------------------------
-- Records of product_combo
-- ----------------------------
INSERT INTO `product_combo` VALUES (4, 12, '干眼症', 'zl001', '低级', NULL, '', NULL, '', '1', '2023-05-23 11:16:45', 1095);
INSERT INTO `product_combo` VALUES (5, 13, '近视', 'fj001', '低级', NULL, '', NULL, '', '1', '2023-05-23 11:06:43', 1095);
INSERT INTO `product_combo` VALUES (6, 14, '轻度近视', 'js001', '低级', NULL, '', NULL, '', '1', '2023-05-23 11:17:48', 1095);
INSERT INTO `product_combo` VALUES (7, 12, '干眼症', 'zl002', '中级', NULL, '', NULL, '', '1', '2023-05-23 11:17:28', 1095);
INSERT INTO `product_combo` VALUES (8, 12, '干眼症', 'zl003', '高级', NULL, '', NULL, '', '1', '2023-05-23 11:17:04', 1095);
INSERT INTO `product_combo` VALUES (9, 14, '高度近视', 'js002', '高级', NULL, '', NULL, '', '1', '2023-05-23 11:17:39', 1095);
INSERT INTO `product_combo` VALUES (10, 13, '偏光', 'fj002', '高级', NULL, '', NULL, '', '1', '2023-05-23 11:14:19', 1095);

-- ----------------------------
-- Table structure for product_combo_config
-- ----------------------------
CREATE TABLE `product_combo_config`  (
  `id` int(11) NOT NULL AUTO_INCREMENT,
  `combo_id` int(11) NOT NULL COMMENT '组合类产品id (product_combo) ',
  `company_config_id` int(11) NOT NULL COMMENT '公司属性id (company_config)',
  PRIMARY KEY (`id`) USING BTREE,
  INDEX `combo_id`(`combo_id`) USING BTREE,
  INDEX `company_config_id`(`company_config_id`) USING BTREE,
  CONSTRAINT `product_combo_config_ibfk_1` FOREIGN KEY (`combo_id`) REFERENCES `product_combo` (`id`) ON DELETE CASCADE ON UPDATE CASCADE,
  CONSTRAINT `product_combo_config_ibfk_2` FOREIGN KEY (`company_config_id`) REFERENCES `company_config` (`id`) ON DELETE CASCADE ON UPDATE CASCADE
) ENGINE = InnoDB AUTO_INCREMENT = 30 CHARACTER SET = utf8 COLLATE = utf8_general_ci ROW_FORMAT = Dynamic;

-- ----------------------------
-- Records of product_combo_config
-- ----------------------------
INSERT INTO `product_combo_config` VALUES (10, 4, 4);
INSERT INTO `product_combo_config` VALUES (11, 4, 5);
INSERT INTO `product_combo_config` VALUES (12, 4, 6);
INSERT INTO `product_combo_config` VALUES (13, 4, 7);
INSERT INTO `product_combo_config` VALUES (14, 5, 5);
INSERT INTO `product_combo_config` VALUES (15, 5, 6);
INSERT INTO `product_combo_config` VALUES (16, 6, 4);
INSERT INTO `product_combo_config` VALUES (17, 6, 5);
INSERT INTO `product_combo_config` VALUES (18, 6, 6);
INSERT INTO `product_combo_config` VALUES (19, 6, 7);
INSERT INTO `product_combo_config` VALUES (20, 7, 5);
INSERT INTO `product_combo_config` VALUES (21, 7, 6);
INSERT INTO `product_combo_config` VALUES (22, 8, 5);
INSERT INTO `product_combo_config` VALUES (23, 8, 6);
INSERT INTO `product_combo_config` VALUES (24, 9, 4);
INSERT INTO `product_combo_config` VALUES (25, 9, 5);
INSERT INTO `product_combo_config` VALUES (26, 9, 6);
INSERT INTO `product_combo_config` VALUES (27, 9, 7);
INSERT INTO `product_combo_config` VALUES (28, 10, 5);
INSERT INTO `product_combo_config` VALUES (29, 10, 6);

-- ----------------------------
-- Table structure for product_combo_plan
-- ----------------------------
CREATE TABLE `product_combo_plan`  (
  `id` int(11) NOT NULL AUTO_INCREMENT,
  `combo_id` int(11) NOT NULL COMMENT '组合类产品id (product_combo)',
  `plan_id` int(11) NOT NULL COMMENT '训练方案id (plan)',
  PRIMARY KEY (`id`) USING BTREE,
  INDEX `combo_id`(`combo_id`) USING BTREE,
  INDEX `plan_id`(`plan_id`) USING BTREE,
  CONSTRAINT `product_combo_plan_ibfk_1` FOREIGN KEY (`combo_id`) REFERENCES `product_combo` (`id`) ON DELETE CASCADE ON UPDATE CASCADE,
  CONSTRAINT `product_combo_plan_ibfk_2` FOREIGN KEY (`plan_id`) REFERENCES `plan` (`id`) ON DELETE CASCADE ON UPDATE CASCADE
) ENGINE = InnoDB AUTO_INCREMENT = 18 CHARACTER SET = utf8 COLLATE = utf8_general_ci ROW_FORMAT = Dynamic;

-- ----------------------------
-- Records of product_combo_plan
-- ----------------------------
INSERT INTO `product_combo_plan` VALUES (10, 4, 7);
INSERT INTO `product_combo_plan` VALUES (11, 4, 8);
INSERT INTO `product_combo_plan` VALUES (12, 8, 7);
INSERT INTO `product_combo_plan` VALUES (13, 8, 8);
INSERT INTO `product_combo_plan` VALUES (14, 7, 7);
INSERT INTO `product_combo_plan` VALUES (15, 7, 8);
INSERT INTO `product_combo_plan` VALUES (16, 9, 8);
INSERT INTO `product_combo_plan` VALUES (17, 6, 8);

-- ----------------------------
-- Table structure for product_combo_product
-- ----------------------------
CREATE TABLE `product_combo_product`  (
  `id` int(11) NOT NULL AUTO_INCREMENT,
  `combo_id` int(11) NOT NULL COMMENT '组合类产品id (product_combo)',
  `product_id` int(11) NOT NULL COMMENT '非组合类产品id (product)',
  PRIMARY KEY (`id`) USING BTREE,
  INDEX `combo_id`(`combo_id`) USING BTREE,
  INDEX `product_id`(`product_id`) USING BTREE,
  CONSTRAINT `product_combo_product_ibfk_1` FOREIGN KEY (`combo_id`) REFERENCES `product_combo` (`id`) ON DELETE CASCADE ON UPDATE CASCADE,
  CONSTRAINT `product_combo_product_ibfk_2` FOREIGN KEY (`product_id`) REFERENCES `product` (`id`) ON DELETE CASCADE ON UPDATE CASCADE
) ENGINE = InnoDB AUTO_INCREMENT = 45 CHARACTER SET = utf8 COLLATE = utf8_general_ci ROW_FORMAT = Dynamic;

-- ----------------------------
-- Records of product_combo_product
-- ----------------------------
INSERT INTO `product_combo_product` VALUES (16, 4, 15);
INSERT INTO `product_combo_product` VALUES (17, 4, 18);
INSERT INTO `product_combo_product` VALUES (18, 5, 12);
INSERT INTO `product_combo_product` VALUES (19, 5, 13);
INSERT INTO `product_combo_product` VALUES (20, 5, 14);
INSERT INTO `product_combo_product` VALUES (21, 5, 16);
INSERT INTO `product_combo_product` VALUES (22, 6, 12);
INSERT INTO `product_combo_product` VALUES (23, 6, 13);
INSERT INTO `product_combo_product` VALUES (24, 6, 14);
INSERT INTO `product_combo_product` VALUES (25, 6, 16);
INSERT INTO `product_combo_product` VALUES (26, 7, 14);
INSERT INTO `product_combo_product` VALUES (27, 7, 15);
INSERT INTO `product_combo_product` VALUES (28, 7, 18);
INSERT INTO `product_combo_product` VALUES (29, 8, 14);
INSERT INTO `product_combo_product` VALUES (30, 8, 15);
INSERT INTO `product_combo_product` VALUES (31, 8, 16);
INSERT INTO `product_combo_product` VALUES (32, 8, 17);
INSERT INTO `product_combo_product` VALUES (33, 8, 18);
INSERT INTO `product_combo_product` VALUES (34, 9, 12);
INSERT INTO `product_combo_product` VALUES (35, 9, 13);
INSERT INTO `product_combo_product` VALUES (36, 9, 14);
INSERT INTO `product_combo_product` VALUES (37, 9, 15);
INSERT INTO `product_combo_product` VALUES (38, 9, 16);
INSERT INTO `product_combo_product` VALUES (39, 9, 17);
INSERT INTO `product_combo_product` VALUES (40, 10, 12);
INSERT INTO `product_combo_product` VALUES (41, 10, 13);
INSERT INTO `product_combo_product` VALUES (42, 10, 14);
INSERT INTO `product_combo_product` VALUES (43, 10, 16);
INSERT INTO `product_combo_product` VALUES (44, 10, 17);

-- ----------------------------
-- Table structure for product_training
-- ----------------------------
CREATE TABLE `product_training`  (
  `id` int(11) NOT NULL AUTO_INCREMENT,
  `trainingproduct` varchar(255) CHARACTER SET utf8 COLLATE utf8_unicode_ci NULL DEFAULT NULL,
  `trainingvideo` varchar(255) CHARACTER SET utf8 COLLATE utf8_unicode_ci NULL DEFAULT NULL,
  `trainingscheme` longtext CHARACTER SET utf8 COLLATE utf8_unicode_ci NULL,
  `totaltime` varchar(255) CHARACTER SET utf8 COLLATE utf8_unicode_ci NULL DEFAULT NULL COMMENT '产品训练时长',
  PRIMARY KEY (`id`) USING BTREE
) ENGINE = MyISAM AUTO_INCREMENT = 19 CHARACTER SET = utf8 COLLATE = utf8_unicode_ci ROW_FORMAT = DYNAMIC;

-- ----------------------------
-- Records of product_training
-- ----------------------------
INSERT INTO `product_training` VALUES (1, '集合卡', 'http://aymvision.com/static/user/media/聚散球.mp4', '训练方法：\r\n1、根据训练产品（集合卡）使用指南，将集合卡放置在训练者鼻尖（小图形在鼻尖，大图形在   前，进行训练；\r\n2、从大到小（远到近）将三个图标分别进行融合，每个图标融合后保持5秒，交替训练5~10分   钟。\r\n\r\n注意事项：\r\n1、若感觉集合困难，可根据训练产品（集合卡）使用指南中训练提示进行难度降低；\r\n2、训练者若融合不稳定，则需加强训练，使其获得稳定视觉。\r\n', '10');
INSERT INTO `product_training` VALUES (2, '双面镜1.50/双面镜2.00', 'http://aymvision.com/static/user/media/双面镜.mp4', '训练方法：\r\n1、先遮住左眼，使右眼进行训练，时间控制在5分钟以内；\r\n2、遮住右眼，使左眼进行训练，时间控制在5分钟以内；\r\n3、使用双眼进行训练，时间控制在5分钟以内，全程时长控制在10~15分钟。\r\n\r\n注意事项：\r\n1、训练时先使用正（+）镜开始；\r\n2、使用正镜（+）看清一个视标后，负镜（-）再看清一个视标为一个周期；\r\n3、训练时可对稍差的眼睛进行稍多的训练；\r\n4、保证左右眼差别小于2个周期（两眼调节功能一致）；\r\n5、详情请参考训练产品翻转拍（双面镜）使用说明。', '20');
INSERT INTO `product_training` VALUES (3, '通用视力卡', 'http://aymvision.com/static/user/media/聚散球.mp4', '训练方法：\r\n1、先遮住左眼，使右眼进行训练，时间控制在5分钟以内；\r\n2、遮住右眼，使左眼进行训练，时间控制在5分钟以内；\r\n3、使用双眼进行训练，时间控制在5分钟以内，全程时长控制在10~15分钟。\r\n\r\n注意事项：\r\n1、训练时先使用正（+）镜开始；\r\n2、使用正镜（+）看清一个视标后，负镜（-）再看清一个视标为一个周期；\r\n3、训练时可对稍差的眼睛进行稍多的训练；\r\n4、保证左右眼差别小于2个周期（两眼调节功能一致）；\r\n5、详情请参考训练产品翻转拍（双面镜）使用说明。\r\n', '10');
INSERT INTO `product_training` VALUES (4, '训扫视字母表', 'http://aymvision.com/static/user/media/聚散球.mp4', '训练方法：\r\n1、根据训练产品（扫视字母表）使用方法，将字母表张贴在墙上（与训练者视线平行）；\r\n2、根据顺序阅读每张字母表第一个字母，然后阅读每张字母表第二个字母，以此往复并读完。\r\n3、具体参照训练产品扫视字母表使用方法。\r\n注意事项：\r\n1、训练者距离字母表3~5M；\r\n2、注意阅读顺序；\r\n3、先单眼，后双眼，训练者出现串行、丢字等情况，可用引导棒进行引导；\r\n4、着重训练质量（阅读准确），其次阅读速度；\r\n训练方法：\r\n1、根据训练产品（扫视字母表）使用方法，将字母表张贴在墙上（与训练者视线平行）；\r\n2、根据顺序阅读每张字母表第一个字母，然后阅读每张字母表第二个字母，以此往复并读完。\r\n3、具体参照训练产品扫视字母表使用方法。\r\n注意事项：\r\n1、训练者距离字母表3~5M；\r\n2、注意阅读顺序；\r\n3、先单眼，后双眼，训练者出现串行、丢字等情况，可用引导棒进行引导；\r\n4、着重训练质量（阅读准确），其次阅读速度；\r\n', '10');
INSERT INTO `product_training` VALUES (13, '聚散球', 'http://aymvision.com/static/user/media/聚散球.mp4', '训练方法：\r\n1、将聚散球绳索一端固定在与训练者鼻尖水平位置（保证训练时不脱落）；\r\n2、训练者鼻尖（间隔30CM）红球（间隔30CM）黄球（间隔30CM）绿球的顺序与距离开始训   练；\r\n3、先盯住红球，使红球看清（其余球变成两个，绳子变成两条，画面呈现V形），保持5秒；\r\n4、然后盯住黄球，使黄球看清（其余球变成两个，绳子变成两条，画面呈现X形），保持5秒；\r\n5、盯住绿球，使绿球看清（其余球变成两个，绳子变成两条，画面呈现倒V形），保持5秒；\r\n6、训练顺序为：红-黄-绿-黄-红，完成一次为一个周期，一个周期后将红球往鼻尖处移动\r\n2-3CM，重复以上顺序开始新周期训练，直到完成红球距离鼻尖2-3CM时的周期训练结束。\r\n\r\n\r\n注意事项：\r\n1、儿童必须在成人监护下进行训练，避免误吞；\r\n2、训练时需观察训练者眼睛变化，眼睛无法聚焦、跳动、跑开时需提醒训练者；\r\n3、训练者可通过眨眼进行聚焦，辅助者可以使用引导棒帮助训练者聚焦；\r\n4、若训练者集合能力太差，可减缓训练进度，注重训练质量；\r\n5、训练时长时间10分钟左右；\r\n6、详情请参考训练产品（聚散球）使用指南。\r\n', '15');
INSERT INTO `product_training` VALUES (5, '偏心环卡', 'http://aymvision.com/static/user/media/聚散球.mp4', '训练方法：\r\n1、训练者双眼注视两张卡片，并暗示自己感觉视标在接近，或者感觉在“对眼”；\r\n2、双眼融合时可看到三个圆，将注意力放在中间圆上。此时，中间的圆圈有凹凸感；\r\n3、达到融合后，保持5秒，然后移开片刻，再重新注视，尽快获得融合；\r\n4、重复10次，然后将两张卡片分开1厘米，继续上述步骤，直到卡片分开达到12厘米。\r\n5、详情请参考训练产品偏心环卡使用说明。\r\n注意事项：\r\n1、训练中有困难，可以用引导棒引导\r\n', '12');
INSERT INTO `product_training` VALUES (6, '救生圈卡', 'http://aymvision.com/static/user/media/聚散球.mp4', '训练方法：\r\n1、手持一张救生圈卡，放置于眼前40CM处，进行训练；\r\n2、用对眼的方式将卡片上的两园进行融合，保持10秒以上；\r\n3、由易到难进行训练。\r\n4、详情请参考训练产品（救生圈卡）使用方法。\r\n\r\n注意事项：\r\n1、儿童需在成人监护下进行训练，如使用引导棒，禁止引导棒触碰面部及身体；\r\n', '12');

-- ----------------------------
-- Table structure for record
-- ----------------------------
CREATE TABLE `record`  (
  `id` int(11) NOT NULL AUTO_INCREMENT,
  `userId` int(11) NULL DEFAULT NULL COMMENT '操作者id',
  `name` varchar(255) CHARACTER SET utf8 COLLATE utf8_general_ci NULL DEFAULT NULL,
  `role` varchar(50) CHARACTER SET utf8 COLLATE utf8_general_ci NULL DEFAULT NULL,
  `content` varchar(255) CHARACTER SET utf8 COLLATE utf8_general_ci NULL DEFAULT NULL,
  `time` timestamp NULL DEFAULT NULL ON UPDATE CURRENT_TIMESTAMP,
  PRIMARY KEY (`id`) USING BTREE
) ENGINE = InnoDB AUTO_INCREMENT = 563 CHARACTER SET = utf8 COLLATE = utf8_general_ci ROW_FORMAT = Dynamic;

-- ----------------------------
-- Records of record
-- ----------------------------
INSERT INTO `record` VALUES (515, 1, 'admin', 'admin', '添加充值类别: [编号: code001, 类别名: 高级]', '2023-05-23 10:39:39');
INSERT INTO `record` VALUES (516, 1, 'admin', 'admin', '添加充值类别: [编号: code002, 类别名: 中级]', '2023-05-23 10:39:59');
INSERT INTO `record` VALUES (517, 1, 'admin', 'admin', '添加充值类别: [编号: code003, 类别名: 低级]', '2023-05-23 10:40:22');
INSERT INTO `record` VALUES (518, 1, 'admin', 'admin', '新增产品类别: 眼镜', '2023-05-23 10:41:09');
INSERT INTO `record` VALUES (519, 1, 'admin', 'admin', '新增产品类别: 药品', '2023-05-23 10:41:54');
INSERT INTO `record` VALUES (520, 1, 'admin', 'admin', '新增产品类别: 辅助器材', '2023-05-23 10:43:09');
INSERT INTO `record` VALUES (521, 1, 'admin', 'admin', '新增产品类别: 治疗', '2023-05-23 10:43:34');
INSERT INTO `record` VALUES (522, 1, 'admin', 'admin', '新增产品类别: 复健', '2023-05-23 10:43:45');
INSERT INTO `record` VALUES (523, 1, 'admin', 'admin', '新增产品类别: 近视', '2023-05-23 10:43:55');
INSERT INTO `record` VALUES (524, 1, 'admin', 'admin', '添加产品： 近视眼镜', '2023-05-23 10:45:01');
INSERT INTO `record` VALUES (525, 1, 'admin', 'admin', '添加产品： 近视眼镜黑色', '2023-05-23 10:54:55');
INSERT INTO `record` VALUES (526, 1, 'admin', 'admin', '添加产品： 眼药水', '2023-05-23 10:56:58');
INSERT INTO `record` VALUES (527, 1, 'admin', 'admin', '添加产品： 人造泪', '2023-05-23 10:58:11');
INSERT INTO `record` VALUES (528, 1, 'admin', 'admin', '添加产品： 视力表', '2023-05-23 10:58:36');
INSERT INTO `record` VALUES (529, 1, 'admin', 'admin', '添加产品： 眼底镜', '2023-05-23 10:59:00');
INSERT INTO `record` VALUES (530, 1, 'admin', 'admin', '添加产品： 测试纸', '2023-05-23 10:59:32');
INSERT INTO `record` VALUES (531, 1, 'admin', 'admin', '编辑套餐：干眼症', '2023-05-23 11:04:43');
INSERT INTO `record` VALUES (532, 1, 'admin', 'admin', '添加套餐：近视', '2023-05-23 11:06:43');
INSERT INTO `record` VALUES (533, 1, 'admin', 'admin', '添加套餐：轻度近视', '2023-05-23 11:07:18');
INSERT INTO `record` VALUES (534, 1, 'admin', 'admin', '编辑组别 [管理员]', '2023-05-23 11:08:55');
INSERT INTO `record` VALUES (535, 1, 'admin', 'admin', '添加套餐：干眼症', '2023-05-23 11:12:26');
INSERT INTO `record` VALUES (536, 1, 'admin', 'admin', '添加套餐：干眼症', '2023-05-23 11:12:52');
INSERT INTO `record` VALUES (537, 1, 'admin', 'admin', '添加套餐：高度近视', '2023-05-23 11:13:28');
INSERT INTO `record` VALUES (538, 1, 'admin', 'admin', '添加套餐：偏光', '2023-05-23 11:14:19');
INSERT INTO `record` VALUES (539, 1, 'admin', 'admin', '添加训练方案： 首次使用', '2023-05-23 11:15:21');
INSERT INTO `record` VALUES (540, 1, 'admin', 'admin', '添加训练方案： 近视训练', '2023-05-23 11:16:18');
INSERT INTO `record` VALUES (541, 1, 'admin', 'admin', '编辑套餐：干眼症', '2023-05-23 11:16:45');
INSERT INTO `record` VALUES (542, 1, 'admin', 'admin', '编辑套餐：干眼症', '2023-05-23 11:17:04');
INSERT INTO `record` VALUES (543, 1, 'admin', 'admin', '编辑套餐：干眼症', '2023-05-23 11:17:28');
INSERT INTO `record` VALUES (544, 1, 'admin', 'admin', '编辑套餐：高度近视', '2023-05-23 11:17:39');
INSERT INTO `record` VALUES (545, 1, 'admin', 'admin', '编辑套餐：轻度近视', '2023-05-23 11:17:48');
INSERT INTO `record` VALUES (546, 1, 'admin', 'admin', '澳伊美1 新增库存：[低级] 10套', '2023-05-23 11:18:32');
INSERT INTO `record` VALUES (547, 1, 'admin', 'admin', '澳伊美1 新增库存：[中级] 10套', '2023-05-23 11:18:32');
INSERT INTO `record` VALUES (548, 1, 'admin', 'admin', '澳伊美1 新增库存：[高级] 10套', '2023-05-23 11:18:32');
INSERT INTO `record` VALUES (549, 1, 'admin', 'admin', '创建充值订单：202305231118343', '2023-05-23 11:18:32');
INSERT INTO `record` VALUES (550, 1, 'admin', 'admin', '测试代理商 新增库存：[高级] 10套', '2023-05-23 11:19:01');
INSERT INTO `record` VALUES (551, 1, 'admin', 'admin', '测试代理商 新增库存：[中级] 10套', '2023-05-23 11:19:01');
INSERT INTO `record` VALUES (552, 1, 'admin', 'admin', '测试代理商 新增库存：[低级] 10套', '2023-05-23 11:19:01');
INSERT INTO `record` VALUES (553, 1, 'admin', 'admin', '创建充值订单：202305231118836', '2023-05-23 11:19:01');
INSERT INTO `record` VALUES (554, 1, 'admin', 'admin', '测试医院 新增库存：[高级] 10套', '2023-05-23 11:19:27');
INSERT INTO `record` VALUES (555, 1, 'admin', 'admin', '测试医院 新增库存：[低级] 10套', '2023-05-23 11:19:27');
INSERT INTO `record` VALUES (556, 1, 'admin', 'admin', '测试医院 新增库存：[中级] 10套', '2023-05-23 11:19:27');
INSERT INTO `record` VALUES (557, 1, 'admin', 'admin', '创建充值订单：202305231119509', '2023-05-23 11:19:27');
INSERT INTO `record` VALUES (558, 1, 'admin', 'admin', '澳伊美1 新增库存：[高级] 20套', '2023-05-23 11:20:36');
INSERT INTO `record` VALUES (559, 1, 'admin', 'admin', '澳伊美1 新增库存：[中级] 20套', '2023-05-23 11:20:36');
INSERT INTO `record` VALUES (560, 1, 'admin', 'admin', '澳伊美1 新增库存：[低级] 30套', '2023-05-23 11:20:36');
INSERT INTO `record` VALUES (561, 1, 'admin', 'admin', '创建充值订单：202305231120878', '2023-05-23 11:20:36');
INSERT INTO `record` VALUES (562, 134, '阿萨', 'shop', '创建充值订单：202305231122207', '2023-05-23 11:22:29');

-- ----------------------------
-- Table structure for shop_archives
-- ----------------------------
CREATE TABLE `shop_archives`  (
  `id` int(11) NOT NULL AUTO_INCREMENT,
  `time` datetime NOT NULL COMMENT '填写时间',
  `username` varchar(255) CHARACTER SET utf8 COLLATE utf8_unicode_ci NULL DEFAULT NULL,
  `unionid` varchar(255) CHARACTER SET utf8 COLLATE utf8_unicode_ci NOT NULL,
  `name` varchar(255) CHARACTER SET utf8 COLLATE utf8_unicode_ci NOT NULL,
  `phone` varchar(255) CHARACTER SET utf8 COLLATE utf8_unicode_ci NOT NULL,
  `sex` varchar(255) CHARACTER SET utf8 COLLATE utf8_unicode_ci NOT NULL,
  `age` int(11) NOT NULL,
  `relation` varchar(255) CHARACTER SET utf8 COLLATE utf8_unicode_ci NOT NULL,
  `date` date NOT NULL COMMENT '配镜时间',
  `shopname` varchar(255) CHARACTER SET utf8 COLLATE utf8_unicode_ci NOT NULL,
  `sphericRight` varchar(255) CHARACTER SET utf8 COLLATE utf8_unicode_ci NOT NULL,
  `sphericLeft` varchar(255) CHARACTER SET utf8 COLLATE utf8_unicode_ci NOT NULL,
  `cylindricalRight` varchar(255) CHARACTER SET utf8 COLLATE utf8_unicode_ci NOT NULL,
  `cylindricalLeft` varchar(255) CHARACTER SET utf8 COLLATE utf8_unicode_ci NOT NULL,
  `axialPositionRight` varchar(255) CHARACTER SET utf8 COLLATE utf8_unicode_ci NOT NULL,
  `axialPositionLeft` varchar(255) CHARACTER SET utf8 COLLATE utf8_unicode_ci NOT NULL,
  `rightOcularAxis` varchar(255) CHARACTER SET utf8 COLLATE utf8_unicode_ci NULL DEFAULT NULL,
  `leftOcularAxis` varchar(255) CHARACTER SET utf8 COLLATE utf8_unicode_ci NULL DEFAULT NULL,
  `rightPupillaryDistance` varchar(255) CHARACTER SET utf8 COLLATE utf8_unicode_ci NULL DEFAULT NULL,
  `leftPupillaryDistance` varchar(255) CHARACTER SET utf8 COLLATE utf8_unicode_ci NULL DEFAULT NULL,
  `rightPupillaryHight` varchar(255) CHARACTER SET utf8 COLLATE utf8_unicode_ci NULL DEFAULT NULL,
  `leftPupillaryHight` varchar(255) CHARACTER SET utf8 COLLATE utf8_unicode_ci NULL DEFAULT NULL,
  `worth4Dot` varchar(255) CHARACTER SET utf8 COLLATE utf8_unicode_ci NULL DEFAULT NULL,
  `farStereopsis` varchar(255) CHARACTER SET utf8 COLLATE utf8_unicode_ci NULL DEFAULT NULL,
  `nearStereopsis` varchar(255) CHARACTER SET utf8 COLLATE utf8_unicode_ci NULL DEFAULT NULL,
  `farHypertropia` varchar(255) CHARACTER SET utf8 COLLATE utf8_unicode_ci NULL DEFAULT NULL,
  `insideFarFusion` varchar(255) CHARACTER SET utf8 COLLATE utf8_unicode_ci NULL DEFAULT NULL,
  `outsideFarFusion` varchar(255) CHARACTER SET utf8 COLLATE utf8_unicode_ci NULL DEFAULT NULL,
  `nearHypertropia` varchar(255) CHARACTER SET utf8 COLLATE utf8_unicode_ci NULL DEFAULT NULL,
  `insideNearFusion` varchar(255) CHARACTER SET utf8 COLLATE utf8_unicode_ci NULL DEFAULT NULL,
  `outsideNearFusion` varchar(255) CHARACTER SET utf8 COLLATE utf8_unicode_ci NULL DEFAULT NULL,
  `ac_a` varchar(255) CHARACTER SET utf8 COLLATE utf8_unicode_ci NULL DEFAULT NULL,
  `pra` varchar(255) CHARACTER SET utf8 COLLATE utf8_unicode_ci NULL DEFAULT NULL,
  `bcc_fcc` varchar(255) CHARACTER SET utf8 COLLATE utf8_unicode_ci NULL DEFAULT NULL,
  `nra` varchar(255) CHARACTER SET utf8 COLLATE utf8_unicode_ci NULL DEFAULT NULL,
  `amp` varchar(255) CHARACTER SET utf8 COLLATE utf8_unicode_ci NULL DEFAULT NULL,
  `npc` varchar(255) CHARACTER SET utf8 COLLATE utf8_unicode_ci NULL DEFAULT NULL,
  `singleAf` varchar(255) CHARACTER SET utf8 COLLATE utf8_unicode_ci NULL DEFAULT NULL,
  `doubleAf` varchar(255) CHARACTER SET utf8 COLLATE utf8_unicode_ci NULL DEFAULT NULL,
  `code` varchar(255) CHARACTER SET utf8 COLLATE utf8_unicode_ci NULL DEFAULT NULL COMMENT '档案编码，修改不变',
  PRIMARY KEY (`id`) USING BTREE
) ENGINE = MyISAM AUTO_INCREMENT = 67 CHARACTER SET = utf8 COLLATE = utf8_unicode_ci ROW_FORMAT = DYNAMIC;

-- ----------------------------
-- Records of shop_archives
-- ----------------------------
INSERT INTO `shop_archives` VALUES (32, '2023-03-05 23:21:44', '精视力眼镜-太升店', 'omeTL5yR', '贾诩', '123', 'man', 12, '本人', '2023-03-05', '精视力眼镜-太升店', '-0.25', '-0.50', '-0.00', '-0.50', '1', '2', '', '', '56', '70', '56', '57', '', '', '', '', '', '', '', '', '', '', '', '', '', '', '', '', '', '4');
INSERT INTO `shop_archives` VALUES (33, '2023-03-05 23:40:42', '精视力眼镜-太升店', '', '贾诩', '123', 'man', 12, '本人', '2023-03-05', '精视力眼镜-太升店', '-0.25', '-0.50', '-0.00', '-0.50', '1', '2', '', '', '56', '70', '56', '57', '', '', '', '', '', '', '', '', '', '', '', '', '', '', '', '', '', '5');
INSERT INTO `shop_archives` VALUES (34, '2023-03-07 20:16:47', '精视力眼镜-太升店', '', '1', '123', 'man', 12, '本人', '2023-03-05', '精视力眼镜-太升店', '-0.25', '-0.50', '-0.00', '-0.50', '1', '2', '', '', '56', '70', '56', '57', '', '', '', '', '', '', '', '', '', '', '', '', '', '', '', '', '', '5');
INSERT INTO `shop_archives` VALUES (35, '2023-03-07 20:50:10', '精视力眼镜-太升店', 'omeTL5yRq737h8EjJx5LrTsHsr2E', '23', '123', 'man', 12, '本人', '2023-03-05', '精视力眼镜-太升店', '-0.25', '-0.50', '-0.00', '-0.50', '1', '2', '', '', '56', '70', '56', '57', '', '', '', '', '', '', '', '', '', '', '', '', '', '', '', '', '', '4');
INSERT INTO `shop_archives` VALUES (36, '2023-03-07 20:50:10', '精视力眼镜-太升店', 'omeTL5yRq737h8EjJx5LrTsHsr2E', '3', '123', 'man', 12, '本人', '2023-03-05', '精视力眼镜-太升店', '-0.25', '-0.50', '-0.00', '-0.50', '1', '2', '', '', '56', '70', '56', '57', '', '', '', '', '', '', '', '', '', '', '', '', '', '', '', '', '', '4');
INSERT INTO `shop_archives` VALUES (37, '2023-03-07 20:50:10', '精视力眼镜-太升店', 'omeTL5yRq737h8EjJx5LrTsHsr2E', '4', '123', 'man', 12, '本人', '2023-03-05', '精视力眼镜-太升店', '-0.25', '-0.50', '-0.00', '-0.50', '1', '2', '', '', '56', '70', '56', '57', '', '', '', '', '', '', '', '', '', '', '', '', '', '', '', '', '', '4');
INSERT INTO `shop_archives` VALUES (38, '2023-03-07 20:50:10', '精视力眼镜-太升店', 'omeTL5yRq737h8EjJx5LrTsHsr2E', '5', '123', 'man', 12, '本人', '2023-03-05', '精视力眼镜-太升店', '-0.25', '-0.50', '-0.00', '-0.50', '1', '2', '', '', '56', '70', '56', '57', '', '', '', '', '', '', '', '', '', '', '', '', '', '', '', '', '', '4');
INSERT INTO `shop_archives` VALUES (39, '2023-03-07 20:50:10', '精视力眼镜-太升店', 'omeTL5yRq737h8EjJx5LrTsHsr2E', '6', '123', 'man', 12, '本人', '2023-03-05', '精视力眼镜-太升店', '-0.25', '-0.50', '-0.00', '-0.50', '1', '2', '', '', '56', '70', '56', '57', '', '', '', '', '', '', '', '', '', '', '', '', '', '', '', '', '', '4');
INSERT INTO `shop_archives` VALUES (40, '2023-03-07 20:50:10', '精视力眼镜-太升店', 'omeTL5yRq737h8EjJx5LrTsHsr2E', '7', '123', 'man', 12, '本人', '2023-03-05', '精视力眼镜-太升店', '-0.25', '-0.50', '-0.00', '-0.50', '1', '2', '', '', '56', '70', '56', '57', '', '', '', '', '', '', '', '', '', '', '', '', '', '', '', '', '', '4');
INSERT INTO `shop_archives` VALUES (41, '2023-03-07 20:50:10', '精视力眼镜-太升店', 'omeTL5yRq737h8EjJx5LrTsHsr2E', '8', '123', 'man', 12, '本人', '2023-03-05', '精视力眼镜-太升店', '-0.25', '-0.50', '-0.00', '-0.50', '1', '2', '', '', '56', '70', '56', '57', '', '', '', '', '', '', '', '', '', '', '', '', '', '', '', '', '', '4');
INSERT INTO `shop_archives` VALUES (42, '2023-03-07 20:50:10', '精视力眼镜-太升店', 'omeTL5yRq737h8EjJx5LrTsHsr2E', '9', '123', 'man', 12, '本人', '2023-03-05', '精视力眼镜-太升店', '-0.25', '-0.50', '-0.00', '-0.50', '1', '2', '', '', '56', '70', '56', '57', '', '', '', '', '', '', '', '', '', '', '', '', '', '', '', '', '', '4');
INSERT INTO `shop_archives` VALUES (43, '2023-03-07 20:50:10', '精视力眼镜-太升店', 'omeTL5yRq737h8EjJx5LrTsHsr2E', '10', '123', 'man', 12, '本人', '2023-03-05', '精视力眼镜-太升店', '-0.25', '-0.50', '-0.00', '-0.50', '1', '2', '3', '', '56', '70', '56', '57', 'q', '', '', '', '', '', '', '', '', '', '', '', '', '', '', '', '', '4');
INSERT INTO `shop_archives` VALUES (44, '2023-03-07 20:50:10', '精视力眼镜-太升店', 'omeTL5yRq737h8EjJx5LrTsHsr2E', '11', '123', 'man', 12, '本人', '2023-03-05', '精视力眼镜-太升店', '-0.25', '-0.50', '-0.00', '-0.50', '1', '2', '', '', '56', '70', '56', '57', '', '', '', '', '', '', '', '', '', '', '', '', '', '', '', '', '', '4');
INSERT INTO `shop_archives` VALUES (45, '2023-03-07 20:50:10', '精视力眼镜-太升店', 'omeTL5yRq737h8EjJx5LrTsHsr2E', '12', '123', 'man', 12, '本人', '2023-03-05', '精视力眼镜-太升店', '-0.25', '-0.50', '-0.00', '-0.50', '1', '2', '', '', '56', '70', '56', '57', '', '', '', '', '', '', '', '', '', '', '', '', '', '', '', '', '', '4');
INSERT INTO `shop_archives` VALUES (46, '2023-03-07 20:50:10', '精视力眼镜-太升店', 'omeTL5yRq737h8EjJx5LrTsHsr2E', '13', '123', 'man', 12, '本人', '2023-03-05', '精视力眼镜-太升店', '-0.25', '-0.50', '-0.00', '-0.50', '1', '2', '', '', '56', '70', '56', '57', '', '', '', '', '', '', '', '', '', '', '', '', '', '', '', '', '', '4');
INSERT INTO `shop_archives` VALUES (47, '2023-03-07 20:50:10', '精视力眼镜-太升店', 'omeTL5yRq737h8EjJx5LrTsHsr2E', '14', '123', 'man', 12, '本人', '2023-03-05', '精视力眼镜-太升店', '-0.25', '-0.50', '-0.00', '-0.50', '1', '2', '', '', '56', '70', '56', '57', '', '', '', '', '', '', '', '', '', '', '', '', '', '', '', '', '', '4');
INSERT INTO `shop_archives` VALUES (48, '2023-03-07 20:50:10', '精视力眼镜-太升店', 'omeTL5yRq737h8EjJx5LrTsHsr2E', '15', '123', 'man', 12, '本人', '2023-03-05', '精视力眼镜-太升店', '-0.25', '-0.50', '-0.00', '-0.50', '1', '2', '', '', '56', '70', '56', '57', '', '', '', '', '', '', '', '', '', '', '', '', '', '', '', '', '', '4');
INSERT INTO `shop_archives` VALUES (49, '2023-03-07 20:50:10', '精视力眼镜-太升店', 'omeTL5yRq737h8EjJx5LrTsHsr2E', '16', '123', 'man', 12, '本人', '2023-03-05', '精视力眼镜-太升店', '-0.25', '-0.50', '-0.00', '-0.50', '1', '2', '', '', '56', '70', '56', '57', '', '', '', '', '', '', '', '', '', '', '', '', '', '', '', '', '', '4');
INSERT INTO `shop_archives` VALUES (50, '2023-03-07 20:50:10', '精视力眼镜-太升店', 'omeTL5yRq737h8EjJx5LrTsHsr2E', '17', '123', 'man', 12, '本人', '2023-03-05', '精视力眼镜-太升店', '-0.25', '-0.50', '-0.00', '-0.50', '1', '2', '', '', '56', '70', '56', '57', '', '', '', '', '', '', '', '', '', '', '', '', '', '', '', '', '', '4');
INSERT INTO `shop_archives` VALUES (51, '2023-03-07 20:50:10', '精视力眼镜-太升店', 'omeTL5yRq737h8EjJx5LrTsHsr2E', '18', '123', 'man', 12, '本人', '2023-03-05', '精视力眼镜-太升店', '-0.25', '-0.50', '-0.00', '-0.50', '1', '2', '', '', '56', '70', '56', '57', '', '', '', '', '', '', '', '', '', '', '', '', '', '', '', '', '', '4');
INSERT INTO `shop_archives` VALUES (52, '2023-03-07 20:50:10', '精视力眼镜-太升店', 'omeTL5yRq737h8EjJx5LrTsHsr2E', '19', '123', 'man', 12, '本人', '2023-03-05', '精视力眼镜-太升店', '-0.25', '-0.50', '-0.00', '-0.50', '1', '2', '', '', '56', '70', '56', '57', '', '', '', '', '', '', '', '', '', '', '', '', '', '', '', '', '', '4');
INSERT INTO `shop_archives` VALUES (53, '2023-03-07 20:50:10', '精视力眼镜-太升店', 'omeTL5yRq737h8EjJx5LrTsHsr2E', '20', '123', 'man', 12, '本人', '2023-03-05', '精视力眼镜-太升店', '-0.25', '-0.50', '-0.00', '-0.50', '1', '2', '', '', '56', '70', '56', '57', '', '', '', '', '', '', '', '', '', '', '', '', '', '', '', '', '', '4');
INSERT INTO `shop_archives` VALUES (56, '2023-03-10 21:05:34', '精视力眼镜-东城根南街店', '', '214', '123', 'man', 35, '本人', '2023-03-05', '精视力眼镜-东城根南街店', '-0.25', '-0.50', '0.00', '', '2', '', '', '', '56', '70', '56', '57', '', '', '', '', '', '', '', '', '', '', '', '', '', '', '', '', '', '4');
INSERT INTO `shop_archives` VALUES (55, '2023-03-10 20:36:49', '精视力眼镜-太升店', '', '214', '123', 'man', 12, '本人', '2023-03-05', '精视力眼镜-太升店', '-0.25', '-0.50', '', '', '1', '2', '', '', '56', '70', '56', '57', '', '', '', '', '', '', '', '', '', '', '', '', '', '', '', '', '', '4');
INSERT INTO `shop_archives` VALUES (54, '2023-03-10 18:10:42', '精视力眼镜-太升店', '', '21', '123', 'man', 12, '本人', '2023-03-05', '精视力眼镜-太升店', '-0.25', '-0.50', '', '', '1', '2', '', '', '56', '70', '56', '57', '', '', '', '', '', '', '', '', '', '', '', '', '', '', '', '', '', '4');
INSERT INTO `shop_archives` VALUES (57, '2023-03-13 16:54:16', '精视力眼镜-太升店', '', '214', '123', 'man', 12, '本人', '2023-03-05', '精视力眼镜-太升店', '-0.25', '-0.50', '0.00', '', '2', '', '', '', '56', '70', '56', '57', '', '', '', '', '', '', '', '', '', '', '', '', '', '', '', '', '1', '4');
INSERT INTO `shop_archives` VALUES (58, '2023-03-10 21:05:34', '精视力眼镜-东城根南街店', '', '123456', '123', 'woman', 34, '伴侣', '2023-03-05', '精视力眼镜总店', '-0.25', '-0.50', '0.00', '', '2', '', '', '', '56', '70', '56', '57', '', '', '', '', '', '', '', '', '', '', '', '', '', '', '', '', '', '4');
INSERT INTO `shop_archives` VALUES (62, '2023-04-20 15:23:16', '323', '', 'sss', 'ds', 'woman', 32, '本人', '2023-04-20', '323', '0.00', '0.00', '', '', '', '', '', '', '66', '66', '', '', '', '', '', '', '', '', '', '', '', '', '', '', '', '', '', '', '', '1681975316772');
INSERT INTO `shop_archives` VALUES (59, '2023-03-26 21:05:34', '爱尔眼科-一环路西一段', '', 'test', '13600010003', 'man', 22, '本人', '2023-03-26', '爱尔眼科-一环路西一段', '-0.25', '-0.50', '0.00', '', '2', '', '', '', '56', '70', '56', '57', '', '', '', '', '', '', '', '', '', '', '', '', '', '', '', '', '', '4');
INSERT INTO `shop_archives` VALUES (60, '2023-03-30 21:05:34', '测试总店01', '', 'test', '17700010001', 'man', 22, '本人', '2023-03-30', '测试总店01', '-0.25', '-0.50', '0.00', '', '2', '', '', '', '56', '70', '56', '57', '', '', '', '', '', '', '', '', '', '', '', '', '', '', '', '', '', '4');
INSERT INTO `shop_archives` VALUES (61, '2023-03-30 21:05:34', '测试分店001', '', 'test123', '18200010001', 'man', 22, '本人', '2023-03-30', '测试分店001', '-0.25', '-0.50', '0.00', '', '2', '', '', '', '56', '70', '56', '57', '', '', '', '', '', '', '', '', '', '', '', '', '', '', '', '', '', '4');
INSERT INTO `shop_archives` VALUES (63, '2023-04-20 15:36:38', '精视力眼镜-太升店', '', '贾诩', '123', 'man', 13, '本人', '2023-03-05', '精视力眼镜-太升店', '-0.25', '-0.50', '-0.00', '-0.50', '1', '2', '', '', '56', '70', '56', '57', '', '', '', '', '', '', '', '', '', '', '', '', '', '', '', '', '', '5');
INSERT INTO `shop_archives` VALUES (64, '2023-04-20 15:37:29', '精视力眼镜-太升店', '', '1', '123', 'man', 130, '本人', '2023-03-05', '精视力眼镜-太升店', '-0.25', '-0.50', '-0.00', '-0.50', '1', '2', '', '', '56', '70', '56', '57', '', '', '', '', '', '', '', '', '', '', '', '', '', '', '', '', '', '5');
INSERT INTO `shop_archives` VALUES (65, '2023-04-20 15:39:07', '澳伊美1', '', 'aaa', '111111', 'man', 12, '孙女', '2023-04-20', '澳伊美1', '0.00', '0.00', '', '', '', '', '', '', '53', '53', '', '', '', '', '', '', '', '', '', '', '', '', '', '', '', '', '', '', '', '1681976305604');
INSERT INTO `shop_archives` VALUES (66, '2023-04-26 10:16:55', '精视力眼镜-太升店', '', 'aaa0406', '999999', 'woman', 12, '本人', '2023-04-26', '精视力眼镜-太升店', '-0.50', '-0.25', '', '', '', '', '', '', '60', '56', '60', '60', '', '', '', '', '', '', '', '', '', '', '', '', '', '', '', '', '', '1682475311651');

-- ----------------------------
-- Table structure for shop_training
-- ----------------------------
CREATE TABLE `shop_training`  (
  `id` int(11) NOT NULL AUTO_INCREMENT,
  `customerinfo` varchar(255) CHARACTER SET utf8 COLLATE utf8_unicode_ci NULL DEFAULT NULL,
  `name` varchar(255) CHARACTER SET utf8 COLLATE utf8_unicode_ci NULL DEFAULT NULL COMMENT '训练产品名称',
  `practice_time` time NULL DEFAULT NULL,
  `time` datetime NULL DEFAULT NULL,
  PRIMARY KEY (`id`) USING BTREE
) ENGINE = MyISAM AUTO_INCREMENT = 51 CHARACTER SET = utf8 COLLATE = utf8_unicode_ci ROW_FORMAT = DYNAMIC;

-- ----------------------------
-- Records of shop_training
-- ----------------------------
INSERT INTO `shop_training` VALUES (12, '32', '集合卡', '00:01:02', '2023-01-08 16:12:12');
INSERT INTO `shop_training` VALUES (11, '32', '集合卡', '00:00:19', '2023-03-08 16:11:14');
INSERT INTO `shop_training` VALUES (10, '32', '通用视力卡', '00:00:01', '2023-03-08 16:10:52');
INSERT INTO `shop_training` VALUES (9, '32', '双面镜1.50/双面镜2.00', '00:00:02', '2023-03-08 16:10:48');
INSERT INTO `shop_training` VALUES (8, '32', '双面镜1.50/双面镜2.00', '00:00:03', '2023-03-08 16:10:41');
INSERT INTO `shop_training` VALUES (7, '32', '双面镜1.50/双面镜2.00', '00:00:01', '2023-03-08 15:57:50');
INSERT INTO `shop_training` VALUES (13, '56', '集合卡', '00:02:09', '2023-03-29 10:33:13');
INSERT INTO `shop_training` VALUES (14, '56', '双面镜1.50/双面镜2.00', '00:02:11', '2023-03-29 10:36:18');
INSERT INTO `shop_training` VALUES (15, '56', '训扫视字母表', '00:02:14', '2023-03-29 10:56:36');
INSERT INTO `shop_training` VALUES (16, '56', '集合卡', '00:00:04', '2023-03-29 11:33:52');
INSERT INTO `shop_training` VALUES (17, '56', '集合卡', '00:00:22', '2023-03-29 11:34:10');
INSERT INTO `shop_training` VALUES (18, '56', '集合卡', '00:02:59', '2023-03-29 11:36:47');
INSERT INTO `shop_training` VALUES (19, '56', '集合卡', '02:07:51', '2023-03-29 13:41:39');
INSERT INTO `shop_training` VALUES (20, '56', '集合卡', '02:08:08', '2023-03-29 13:41:56');
INSERT INTO `shop_training` VALUES (21, '56', '集合卡', '02:09:20', '2023-03-29 13:43:08');
INSERT INTO `shop_training` VALUES (22, '32', '双面镜1.50/双面镜2.00', '00:02:49', '2023-03-29 14:17:23');
INSERT INTO `shop_training` VALUES (23, '32', '双面镜1.50/双面镜2.00', '00:02:08', '2023-03-29 16:04:14');
INSERT INTO `shop_training` VALUES (24, '32', '集合卡', '00:02:08', '2023-03-29 16:06:41');
INSERT INTO `shop_training` VALUES (25, '56', '双面镜1.50/双面镜2.00', '00:02:04', '2023-03-29 16:23:22');
INSERT INTO `shop_training` VALUES (26, '60', '集合卡', '00:02:22', '2023-03-30 17:05:50');
INSERT INTO `shop_training` VALUES (27, '60', '双面镜1.50/双面镜2.00', '00:02:16', '2023-03-30 17:15:26');
INSERT INTO `shop_training` VALUES (28, '60', '聚散球', '00:02:43', '2023-03-30 17:18:35');
INSERT INTO `shop_training` VALUES (29, '56', '聚散球', '00:02:17', '2023-04-03 17:31:41');
INSERT INTO `shop_training` VALUES (30, '56', '集合卡', '00:08:04', '2023-04-04 09:58:36');
INSERT INTO `shop_training` VALUES (31, '56', '集合卡', '00:02:06', '2023-04-04 10:01:06');
INSERT INTO `shop_training` VALUES (32, '61', 're', '00:00:31', '2023-04-15 11:06:18');
INSERT INTO `shop_training` VALUES (33, '61', 're', '00:00:06', '2023-04-15 12:13:29');
INSERT INTO `shop_training` VALUES (34, '58', 're', '00:02:00', '2023-04-27 15:55:35');
INSERT INTO `shop_training` VALUES (35, '58', '222222', '00:00:09', '2023-04-27 17:11:39');
INSERT INTO `shop_training` VALUES (36, '61', 're', '00:02:03', '2023-04-28 10:47:34');
INSERT INTO `shop_training` VALUES (37, '35', 're', '00:02:11', '2023-04-28 16:31:05');
INSERT INTO `shop_training` VALUES (38, '35', 're', '00:00:02', '2023-04-28 16:31:29');
INSERT INTO `shop_training` VALUES (39, '35', '222222', '00:00:02', '2023-04-28 17:44:53');
INSERT INTO `shop_training` VALUES (40, '35', '222222', '00:00:01', '2023-04-28 17:45:26');
INSERT INTO `shop_training` VALUES (41, '35', '222222', '00:00:01', '2023-04-28 17:46:50');
INSERT INTO `shop_training` VALUES (42, '35', '222222', '00:00:01', '2023-04-28 17:47:38');
INSERT INTO `shop_training` VALUES (43, '35', '222222', '00:00:27', '2023-04-28 17:48:24');
INSERT INTO `shop_training` VALUES (44, '35', '222222', '00:00:02', '2023-04-28 17:48:34');
INSERT INTO `shop_training` VALUES (45, '35', '222222', '00:00:02', '2023-04-28 17:50:48');
INSERT INTO `shop_training` VALUES (46, '58', '222222', '00:00:05', '2023-04-28 18:10:03');
INSERT INTO `shop_training` VALUES (47, '35', '222222', '00:01:34', '2023-04-28 18:26:35');
INSERT INTO `shop_training` VALUES (48, '35', 're', '01:57:46', '2023-04-28 18:29:29');
INSERT INTO `shop_training` VALUES (49, '35', 're', '00:00:05', '2023-04-28 18:30:51');
INSERT INTO `shop_training` VALUES (50, '35', '222222', '00:00:48', '2023-04-28 18:32:04');

-- ----------------------------
-- Table structure for shop_type
-- ----------------------------
CREATE TABLE `shop_type`  (
  `id` int(11) NOT NULL AUTO_INCREMENT,
  `image` varchar(255) CHARACTER SET utf8 COLLATE utf8_unicode_ci NULL DEFAULT NULL,
  `name` varchar(255) CHARACTER SET utf8 COLLATE utf8_unicode_ci NULL DEFAULT NULL,
  `isOnHome` int(11) NULL DEFAULT NULL,
  PRIMARY KEY (`id`) USING BTREE
) ENGINE = MyISAM AUTO_INCREMENT = 5 CHARACTER SET = utf8 COLLATE = utf8_unicode_ci ROW_FORMAT = DYNAMIC;

-- ----------------------------
-- Records of shop_type
-- ----------------------------
INSERT INTO `shop_type` VALUES (1, 'http://162.14.119.43/static/wxsource/wximg/type/Broadcast.png', '眼镜1', 1);
INSERT INTO `shop_type` VALUES (2, 'http://162.14.119.43/static/wxsource/wximg/type/Broadcast.png', '眼镜2', 1);
INSERT INTO `shop_type` VALUES (3, 'http://162.14.119.43/static/wxsource/wximg/type/Broadcast.png', '眼镜3', 1);
INSERT INTO `shop_type` VALUES (4, 'http://162.14.119.43/static/wxsource/wximg/type/Broadcast.png', '眼镜4', 0);

-- ----------------------------
-- Table structure for tag
-- ----------------------------
CREATE TABLE `tag`  (
  `id` int(11) NOT NULL AUTO_INCREMENT,
  `category` varchar(50) CHARACTER SET utf8 COLLATE utf8_general_ci NULL DEFAULT NULL COMMENT '标签分类',
  `name` varchar(255) CHARACTER SET utf8 COLLATE utf8_general_ci NULL DEFAULT NULL COMMENT '标签名',
  `info` varchar(255) CHARACTER SET utf8 COLLATE utf8_general_ci NULL DEFAULT NULL COMMENT '说明',
  `company` varchar(255) CHARACTER SET utf8 COLLATE utf8_general_ci NULL DEFAULT NULL COMMENT '标签门店',
  PRIMARY KEY (`id`) USING BTREE
) ENGINE = InnoDB AUTO_INCREMENT = 6 CHARACTER SET = utf8 COLLATE = utf8_general_ci ROW_FORMAT = Dynamic;

-- ----------------------------
-- Records of tag
-- ----------------------------
INSERT INTO `tag` VALUES (1, '门店活动', '无忧换新', NULL, NULL);
INSERT INTO `tag` VALUES (2, '门店认证', '视觉健康管理', NULL, NULL);
INSERT INTO `tag` VALUES (3, '门店认证', '初级验光师', NULL, NULL);
INSERT INTO `tag` VALUES (4, '门店认证', '终极验光师', NULL, NULL);
INSERT INTO `tag` VALUES (5, '门店认证', '高级验光师', NULL, NULL);

-- ----------------------------
-- Triggers structure for table agent
-- ----------------------------
DROP TRIGGER IF EXISTS `modifyName`;
delimiter ;;
CREATE TRIGGER `modifyName` AFTER UPDATE ON `agent` FOR EACH ROW BEGIN
	update company set superior = NEW.name where superior = OLD.name;
END
;;
delimiter ;

-- ----------------------------
-- Triggers structure for table company
-- ----------------------------
DROP TRIGGER IF EXISTS `modifyCompanyName`;
delimiter ;;
	update shop_archives set username = NEW.name where username = OLD.name;
END
;;
delimiter ;

-- ----------------------------
-- Triggers structure for table company
-- ----------------------------
DROP TRIGGER IF EXISTS `modifySuperior`;
delimiter ;;
END
;;
delimiter ;

-- ----------------------------
-- Triggers structure for table user
-- ----------------------------
DROP TRIGGER IF EXISTS `modifyMobile`;
delimiter ;;
	update advice_week set username = NEW.mobile where username = OLD.mobile;
	update employee set phone = NEW.mobile where phone = OLD.mobile;
END
;;
delimiter ;

-- ----------------------------
-- Triggers structure for table user
-- ----------------------------
DROP TRIGGER IF EXISTS `modifyUsername`;
delimiter ;;
END
;;
delimiter ;

-- ----------------------------
-- Triggers structure for table user
-- ----------------------------
DROP TRIGGER IF EXISTS `deleteMobile`;
delimiter ;;
	delete from advice_week where username = OLD.mobile;
END
;;
delimiter ;

